{"id":23,"date":"2011-05-18T18:47:43","date_gmt":"2011-05-18T18:47:43","guid":{"rendered":"http:\/\/localhost\/unidades\/bonfim\/?page_id=23"},"modified":"2016-12-07T20:32:30","modified_gmt":"2016-12-07T20:32:30","slug":"historico","status":"publish","type":"page","link":"https:\/\/www.ifbaiano.edu.br\/unidades\/guanambi\/historico\/","title":{"rendered":"Hist\u00f3rico"},"content":{"rendered":"<p style=\"text-align: justify\">O que hoje \u00e9 conhecido como\u00a0campus\u00a0Guanambi, localizado na regi\u00e3o sudoeste do estado, j\u00e1 existia desde 31 de julho de 1993, funcionando como a Escola Agrot\u00e9cnica Ant\u00f4nio Jos\u00e9 Teixeira. Suas atividades iniciaram com o curso T\u00e9cnico em Agropecu\u00e1ria, em 1995. Atualmente, encontra-se vinculada \u00e0 \u00a0Secretaria de Educa\u00e7\u00e3o Profissional e Tecnol\u00f3gica (SETEC) e comp\u00f5e o Sistema Nacional de Educa\u00e7\u00e3o Tecnol\u00f3gica.<\/p>\n<p style=\"text-align: justify\">Inicialmente, a Escola visava apenas \u00e0 forma\u00e7\u00e3o de n\u00ed\u00advel m\u00e9dio. Com a expans\u00e3o das Redes Federais de Ensino Profissional e Tecnol\u00f3gico e a transforma\u00e7\u00e3o das Escolas Agrot\u00e9cnicas em Instituto, foi poss\u00edvel oferecer cursos de n\u00ed\u00advel superior. De\u00a0n\u00edvel\u00a0m\u00e9dio, s\u00e3o oferecidos os cursos T\u00e9cnicos em Agricultura, em Zootecnia, em Agropecu\u00e1ria, em Agroind\u00fastria e em Inform\u00e1tica. De\u00a0n\u00edvel\u00a0superior, os cursos s\u00e3o Licenciatura em Qu\u00ed\u00admica, Tecnologia em Agroind\u00fastria e Bacharelado em Agronomia.<\/p>\n<p style=\"text-align: justify\">O\u00a0campus\u00a0atua na habilita\u00e7\u00e3o de t\u00e9cnicos para ingresso no mercado de trabalho, assessoria t\u00e9cnica aos produtores da regi\u00e3o, qualifica\u00e7\u00e3o e requalifica\u00e7\u00e3o de pequenos e m\u00e9dios produtores rurais e contribui ainda para a melhoria de produtos da regi\u00e3o, com a realiza\u00e7\u00e3o de pesquisas e atividades de extens\u00e3o.<\/p>\n<p style=\"text-align: justify\">A\u00a0Legisla\u00e7\u00e3o<\/p>\n<ul style=\"text-align: justify\">\n<li>A\u00a0Lei de Cria\u00e7\u00e3o: Lei n\u00ba 8.670\/93, publicada no D.O.U em dia 01 de julho de 1993.<\/li>\n<li>Lei de Autoriza\u00e7\u00e3o: Lei n\u00ba 8.731\/93, publicada o D.O.U no dia 17 de novembro de 1993.<\/li>\n<li>Portaria de Autoriza\u00e7\u00e3o do curso T\u00e9cnico em Agropecu\u00e1ria: Portaria n\u00ba 205\/95 do Minist\u00e9rio da Educa\u00e7\u00e3o, publicada no D.O.U no dia 20 de outubro de 1995.<\/li>\n<\/ul>\n<p style=\"text-align: justify\">Miss\u00e3o<\/p>\n<p style=\"text-align: justify\">&#8220;Promover a forma\u00e7\u00e3o cidad\u00e3 por meio de ensino, pesquisa e extens\u00e3o, priorizando a inclus\u00e3o social, a\u00a0profissionaliza\u00e7\u00e3o\u00a0tecnol\u00f3gica e sustent\u00e1vel, mantendo uma pol\u00ed\u00adtica de valoriza\u00e7\u00e3o humana, na busca de solu\u00e7\u00f5es vi\u00e1veis para os processos produtivos&#8221;\u009d (EAFAJT, 2007,p.3)<\/p>\n<p style=\"text-align: justify\">\n<p style=\"text-align: justify\">Instituto Federal Baiano &#8211; campus Guanambi. Zona Rural &#8211; Distrito de Cera\u00ed\u00adma. Guanambi &#8211; BA. CEP: 46430-000. Telefone: (77) 3493 &#8211; 2100<\/p>\n","protected":false},"excerpt":{"rendered":"<p>O que hoje \u00e9 conhecido como\u00a0campus\u00a0Guanambi, localizado na regi\u00e3o sudoeste do estado, j\u00e1 existia desde 31 de julho de 1993, funcionando como a Escola Agrot\u00e9cnica Ant\u00f4nio Jos\u00e9 Teixeira. Suas atividades iniciaram com o curso T\u00e9cnico em Agropecu\u00e1ria, em 1995. Atualmente, encontra-se vinculada \u00e0 \u00a0Secretaria de Educa\u00e7\u00e3o Profissional e Tecnol\u00f3gica (SETEC) e comp\u00f5e o Sistema Nacional [&hellip;]<\/p>\n","protected":false},"author":1,"featured_media":0,"parent":0,"menu_order":0,"comment_status":"closed","ping_status":"closed","template":"","meta":[],"_links":{"self":[{"href":"https:\/\/www.ifbaiano.edu.br\/unidades\/guanambi\/wp-json\/wp\/v2\/pages\/23"}],"collection":[{"href":"https:\/\/www.ifbaiano.edu.br\/unidades\/guanambi\/wp-json\/wp\/v2\/pages"}],"about":[{"href":"https:\/\/www.ifbaiano.edu.br\/unidades\/guanambi\/wp-json\/wp\/v2\/types\/page"}],"author":[{"embeddable":true,"href":"https:\/\/www.ifbaiano.edu.br\/unidades\/guanambi\/wp-json\/wp\/v2\/users\/1"}],"replies":[{"embeddable":true,"href":"https:\/\/www.ifbaiano.edu.br\/unidades\/guanambi\/wp-json\/wp\/v2\/comments?post=23"}],"version-history":[{"count":3,"href":"https:\/\/www.ifbaiano.edu.br\/unidades\/guanambi\/wp-json\/wp\/v2\/pages\/23\/revisions"}],"predecessor-version":[{"id":5523,"href":"https:\/\/www.ifbaiano.edu.br\/unidades\/guanambi\/wp-json\/wp\/v2\/pages\/23\/revisions\/5523"}],"wp:attachment":[{"href":"https:\/\/www.ifbaiano.edu.br\/unidades\/guanambi\/wp-json\/wp\/v2\/media?parent=23"}],"curies":[{"name":"wp","href":"https:\/\/api.w.org\/{rel}","templated":true}]}}