{"id":2517,"date":"2014-06-05T10:47:22","date_gmt":"2014-06-05T10:47:22","guid":{"rendered":"http:\/\/www.ifbaiano.edu.br\/unidades\/guanambi\/?page_id=2517"},"modified":"2016-12-20T12:41:36","modified_gmt":"2016-12-20T12:41:36","slug":"ensino-medio","status":"publish","type":"page","link":"https:\/\/www.ifbaiano.edu.br\/unidades\/guanambi\/ensino-medio\/","title":{"rendered":"INTEGRADO"},"content":{"rendered":"<p><a title=\"T\u00e9cnico em Agroind\u00fastria\" href=\"http:\/\/www.ifbaiano.edu.br\/unidades\/guanambi\/agroindustria\/\">T\u00e9cnico em Agroind\u00fastria<\/a><\/p>\n<p style=\"text-align: justify\">O curso T\u00e9cnico em Agroind\u00fastria Integrado ao Ensino M\u00e9dio visa atender jovens que conclu\u00edram a 8\u00b0 s\u00e9rie do Ensino Fundamental e que procuram forma\u00e7\u00e3o t\u00e9cnica associada a forma\u00e7\u00e3o de n\u00edvel m\u00e9dio. O curso possui dura\u00e7\u00e3o de 3 (tr\u00eas) anos, realizando-se no per\u00edodo diurno, sendo um dos per\u00edodos destinado \u00e0s disciplinas do Ensino M\u00e9dio e o outro turno destinado \u00e0s disciplinas da Ensino T\u00e9cnico. A carga hor\u00e1ria total de 3.560 h completa-se com Est\u00e1gio supervisionado de 200 h.(&#8230;)<\/p>\n<hr \/>\n<p><a title=\"T\u00e9cnico em Agropecu\u00e1ria\" href=\"http:\/\/www.ifbaiano.edu.br\/unidades\/guanambi\/agropecuaria\/\">T\u00e9cnico em Agropecu\u00e1ria<\/a><\/p>\n<p style=\"text-align: justify\">O Curso T\u00e9cnico em Agropecu\u00e1ria integrado ao Ensino M\u00e9dio foi implantado para atender alunos egressos do Ensino Fundamental. O curso \u00e9 constitu\u00eddo de regime seriado, sem terminalidade, com matr\u00edcula \u00fanica para o Ensino M\u00e9dio e a Educa\u00e7\u00e3o Profissional. Possui uma s\u00f3 Matriz curricular e confere o Diploma de T\u00e9cnico em Agropecu\u00e1ria aos seus concluintes.(&#8230;)<\/p>\n<hr \/>\n<p><a href=\"http:\/\/www.ifbaiano.edu.br\/unidades\/guanambi\/tecnico-em-informatica-para-internet\/\">T\u00e9cnico em Inform\u00e1tica para Internet<\/a><\/p>\n<p style=\"text-align: justify\">O curso T\u00e9cnico em Inform\u00e1tica para Internet, Integrado ao Ensino M\u00e9dio, destina-se a pessoas que conclu\u00edram ao 9\u00ba ano do Ensino Fundamental e que procuram forma\u00e7\u00e3o t\u00e9cnica associada \u00e0 forma\u00e7\u00e3o de n\u00edvel m\u00e9dio. Com uma dura\u00e7\u00e3o m\u00ednima de 3 (tr\u00eas) anos, cursada em per\u00edodo integral diurno, com carga hor\u00e1ria total de\u00a03520 horas.<\/p>\n<hr \/>\n<p><a title=\"T\u00e9cnico em Inform\u00e1tica \u2013 Proeja\" href=\"http:\/\/www.ifbaiano.edu.br\/unidades\/guanambi\/proej\/\">T\u00e9cnico em Inform\u00e1tica<\/a> &#8211; PROEJA<\/p>\n<p style=\"text-align: justify\">Curso T\u00c9CNICO EM INFORM\u00c1TICA na modalidade PROEJA \u00e9 um curso que faz parte do Programa de Integra\u00e7\u00e3o da Educa\u00e7\u00e3o Profissional ao Ensino M\u00e9dio para jovens e adultos (maiores de 18 anos). Este curso oferece o ENSINO M\u00c9DIO integrado ao curso profissionalizante T\u00c9CNICO EM INFORM\u00c1TICA.(&#8230;)<\/p>\n","protected":false},"excerpt":{"rendered":"<p>T\u00e9cnico em Agroind\u00fastria O curso T\u00e9cnico em Agroind\u00fastria Integrado ao Ensino M\u00e9dio visa atender jovens que conclu\u00edram a 8\u00b0 s\u00e9rie do Ensino Fundamental e que procuram forma\u00e7\u00e3o t\u00e9cnica associada a forma\u00e7\u00e3o de n\u00edvel m\u00e9dio. O curso possui dura\u00e7\u00e3o de 3 (tr\u00eas) anos, realizando-se no per\u00edodo diurno, sendo um dos per\u00edodos destinado \u00e0s disciplinas do Ensino [&hellip;]<\/p>\n","protected":false},"author":14,"featured_media":0,"parent":0,"menu_order":0,"comment_status":"open","ping_status":"open","template":"","meta":[],"_links":{"self":[{"href":"https:\/\/www.ifbaiano.edu.br\/unidades\/guanambi\/wp-json\/wp\/v2\/pages\/2517"}],"collection":[{"href":"https:\/\/www.ifbaiano.edu.br\/unidades\/guanambi\/wp-json\/wp\/v2\/pages"}],"about":[{"href":"https:\/\/www.ifbaiano.edu.br\/unidades\/guanambi\/wp-json\/wp\/v2\/types\/page"}],"author":[{"embeddable":true,"href":"https:\/\/www.ifbaiano.edu.br\/unidades\/guanambi\/wp-json\/wp\/v2\/users\/14"}],"replies":[{"embeddable":true,"href":"https:\/\/www.ifbaiano.edu.br\/unidades\/guanambi\/wp-json\/wp\/v2\/comments?post=2517"}],"version-history":[{"count":10,"href":"https:\/\/www.ifbaiano.edu.br\/unidades\/guanambi\/wp-json\/wp\/v2\/pages\/2517\/revisions"}],"predecessor-version":[{"id":5760,"href":"https:\/\/www.ifbaiano.edu.br\/unidades\/guanambi\/wp-json\/wp\/v2\/pages\/2517\/revisions\/5760"}],"wp:attachment":[{"href":"https:\/\/www.ifbaiano.edu.br\/unidades\/guanambi\/wp-json\/wp\/v2\/media?parent=2517"}],"curies":[{"name":"wp","href":"https:\/\/api.w.org\/{rel}","templated":true}]}}

<p><a title="Técnico em Agroindústria" href="http://www.ifbaiano.edu.br/unidades/guanambi/agroindustria/">Técnico em Agroindústria</a></p>
<p style="text-align: justify">O curso Técnico em Agroindústria Integrado ao Ensino Médio visa atender jovens que concluíram a 8° série do Ensino Fundamental e que procuram formação técnica associada a formação de nível médio. O curso possui duração de 3 (três) anos, realizando-se no período diurno, sendo um dos períodos destinado às disciplinas do Ensino Médio e o outro turno destinado às disciplinas da Ensino Técnico. A carga horária total de 3.560 h completa-se com Estágio supervisionado de 200 h.(&#8230;)</p>
<hr />
<p><a title="Técnico em Agropecuária" href="http://www.ifbaiano.edu.br/unidades/guanambi/agropecuaria/">Técnico em Agropecuária</a></p>
<p style="text-align: justify">O Curso Técnico em Agropecuária integrado ao Ensino Médio foi implantado para atender alunos egressos do Ensino Fundamental. O curso é constituído de regime seriado, sem terminalidade, com matrícula única para o Ensino Médio e a Educação Profissional. Possui uma só Matriz curricular e confere o Diploma de Técnico em Agropecuária aos seus concluintes.(&#8230;)</p>
<hr />
<p><a href="http://www.ifbaiano.edu.br/unidades/guanambi/tecnico-em-informatica-para-internet/">Técnico em Informática para Internet</a></p>
<p style="text-align: justify">O curso Técnico em Informática para Internet, Integrado ao Ensino Médio, destina-se a pessoas que concluíram ao 9º ano do Ensino Fundamental e que procuram formação técnica associada à formação de nível médio. Com uma duração mínima de 3 (três) anos, cursada em período integral diurno, com carga horária total de 3520 horas.</p>
<hr />
<p><a title="Técnico em Informática – Proeja" href="http://www.ifbaiano.edu.br/unidades/guanambi/proej/">Técnico em Informática</a> &#8211; PROEJA</p>
<p style="text-align: justify">Curso TÉCNICO EM INFORMÁTICA na modalidade PROEJA é um curso que faz parte do Programa de Integração da Educação Profissional ao Ensino Médio para jovens e adultos (maiores de 18 anos). Este curso oferece o ENSINO MÉDIO integrado ao curso profissionalizante TÉCNICO EM INFORMÁTICA.(&#8230;)</p>

<p>Técnico em Agroindústria O curso Técnico em Agroindústria Integrado ao Ensino Médio visa atender jovens que concluíram a 8° série do Ensino Fundamental e que procuram formação técnica associada a formação de nível médio. O curso possui duração de 3 (três) anos, realizando-se no período diurno, sendo um dos períodos destinado às disciplinas do Ensino [&hellip;]</p>
