{"id":2522,"date":"2014-06-05T10:56:09","date_gmt":"2014-06-05T10:56:09","guid":{"rendered":"http:\/\/www.ifbaiano.edu.br\/unidades\/guanambi\/?page_id=2522"},"modified":"2016-11-23T02:22:29","modified_gmt":"2016-11-23T02:22:29","slug":"pos-medio","status":"publish","type":"page","link":"https:\/\/www.ifbaiano.edu.br\/unidades\/guanambi\/pos-medio\/","title":{"rendered":"SUBSEQUENTE"},"content":{"rendered":"<p><a title=\"T\u00e9cnico em Zootecnia\" href=\"http:\/\/www.ifbaiano.edu.br\/unidades\/guanambi\/zootecnia\/\">T\u00e9cnico em Zootecnia<\/a><\/p>\n<p>A estrutura do Curso P\u00f3s M\u00e9dio em Zoot\u00e9cnia \u00e9 semelhante ao P\u00f3s M\u00e9dio em Agricultura, sendo por isto, tamb\u00e9m composta de tr\u00eas m\u00f3dulos, com o primeiro b\u00e1sico, com disciplinas como Planejamento e Projeto, Gest\u00e3o, Inform\u00e1tica, Constru\u00e7\u00f5es Rurais, dentre outras. O segundo e terceiro m\u00f3dulos, s\u00e3o voltados para a forma\u00e7\u00e3o t\u00e9cnica do aluno, com disciplinas como: Avicultura, Apicultura, Bovinocultura, Suinocultura, Piscicultura, Cunicultura, Caprino-ovinocultura, Equideocultura e Beneficiamento da produ\u00e7\u00e3o.(&#8230;)<\/p>\n<p><a title=\"T\u00e9cnico em Agricultura\" href=\"http:\/\/www.ifbaiano.edu.br\/unidades\/guanambi\/agricultura\/\">T\u00e9cnico em Agricultura<\/a><\/p>\n<p>O curso P\u00f3s m\u00e9dio em Agricultura, implantado em fevereiro de 2000, \u00e9 voltado para jovens e adultos que conclu\u00edram o ensino m\u00e9dio e que buscam forma\u00e7\u00e3o t\u00e9cnica na \u00e1rea de Agricultura ou que procuram oportunidades de qualifica\u00e7\u00e3o e requalifica\u00e7\u00e3o em menor tempo, (1) um ano. O curso est\u00e1 organizado em tr\u00eas m\u00f3dulos: O primeiro \u00e9 b\u00e1sico sendo ministradas disciplinas como Planejamento e Projeto, Gest\u00e3o, Inform\u00e1tica, Constru\u00e7\u00f5es Rurais, dentre outras. No segundo e terceiro m\u00f3dulos, o aluno cursar\u00e1 disciplinas como: Olericultura, Culturas anuais, Fruticultura, Mecaniza\u00e7\u00e3o Agr\u00edcola, Beneficiamento vegetal, Irriga\u00e7\u00e3o e Topografia.(&#8230;)<\/p>\n","protected":false},"excerpt":{"rendered":"<p>T\u00e9cnico em Zootecnia A estrutura do Curso P\u00f3s M\u00e9dio em Zoot\u00e9cnia \u00e9 semelhante ao P\u00f3s M\u00e9dio em Agricultura, sendo por isto, tamb\u00e9m composta de tr\u00eas m\u00f3dulos, com o primeiro b\u00e1sico, com disciplinas como Planejamento e Projeto, Gest\u00e3o, Inform\u00e1tica, Constru\u00e7\u00f5es Rurais, dentre outras. O segundo e terceiro m\u00f3dulos, s\u00e3o voltados para a forma\u00e7\u00e3o t\u00e9cnica do aluno, [&hellip;]<\/p>\n","protected":false},"author":14,"featured_media":0,"parent":0,"menu_order":0,"comment_status":"open","ping_status":"open","template":"","meta":[],"_links":{"self":[{"href":"https:\/\/www.ifbaiano.edu.br\/unidades\/guanambi\/wp-json\/wp\/v2\/pages\/2522"}],"collection":[{"href":"https:\/\/www.ifbaiano.edu.br\/unidades\/guanambi\/wp-json\/wp\/v2\/pages"}],"about":[{"href":"https:\/\/www.ifbaiano.edu.br\/unidades\/guanambi\/wp-json\/wp\/v2\/types\/page"}],"author":[{"embeddable":true,"href":"https:\/\/www.ifbaiano.edu.br\/unidades\/guanambi\/wp-json\/wp\/v2\/users\/14"}],"replies":[{"embeddable":true,"href":"https:\/\/www.ifbaiano.edu.br\/unidades\/guanambi\/wp-json\/wp\/v2\/comments?post=2522"}],"version-history":[{"count":6,"href":"https:\/\/www.ifbaiano.edu.br\/unidades\/guanambi\/wp-json\/wp\/v2\/pages\/2522\/revisions"}],"predecessor-version":[{"id":5474,"href":"https:\/\/www.ifbaiano.edu.br\/unidades\/guanambi\/wp-json\/wp\/v2\/pages\/2522\/revisions\/5474"}],"wp:attachment":[{"href":"https:\/\/www.ifbaiano.edu.br\/unidades\/guanambi\/wp-json\/wp\/v2\/media?parent=2522"}],"curies":[{"name":"wp","href":"https:\/\/api.w.org\/{rel}","templated":true}]}}