{"id":3159,"date":"2014-11-10T21:26:43","date_gmt":"2014-11-10T21:26:43","guid":{"rendered":"http:\/\/www.ifbaiano.edu.br\/unidades\/guanambi\/?page_id=3159"},"modified":"2015-04-01T18:54:34","modified_gmt":"2015-04-01T18:54:34","slug":"selecao-paise-2014-2","status":"publish","type":"page","link":"https:\/\/www.ifbaiano.edu.br\/unidades\/guanambi\/alunos-assistencia-estudantil\/selecao-paise-2014-2\/","title":{"rendered":"Sele\u00e7\u00e3o Paise 2014.2"},"content":{"rendered":"<p>O Diretor do Campus Guanambi publica EDITAL 08\/2014 que estabelece normas e crit\u00e9rios para a sele\u00e7\u00e3o de estudantes da Educa\u00e7\u00e3o Profissional e T\u00e9cnica de N\u00edvel M\u00e9dio, Gradua\u00e7\u00e3o, Educa\u00e7\u00e3o a Dist\u00e2ncia (EaD) e PROEJA, com a finalidade da participa\u00e7\u00e3o na\u00a0 pol\u00edtica de Assist\u00eancia Estudantil deste Instituto, atrav\u00e9s do Programa de Assist\u00eancia e Inclus\u00e3o Social do Estudante &#8211; PAISE 2014.2<\/p>\n<p>&nbsp;<\/p>\n<p><a href=\"http:\/\/www.ifbaiano.edu.br\/unidades\/guanambi\/files\/2014\/07\/Resultado_Final_do_PAISE_2014_2.pdf\">Resultado_Final_do_PAISE_2014_2<\/a><\/p>\n<p><a href=\"http:\/\/www.ifbaiano.edu.br\/unidades\/guanambi\/files\/2014\/07\/Resultado_dos_recursos_interpostos_ao_resultado_preliminar_PAISE_2014_2.pdf\">Resultado_dos_recursos_interpostos_ao_resultado_preliminar_PAISE_2014_2<\/a><\/p>\n<p><a href=\"http:\/\/www.ifbaiano.edu.br\/unidades\/guanambi\/files\/2014\/07\/Retificacao_N1_do_edital_N08_de_31102014.pdf\">Retificacao_N1_do_edital_N08_de_31102014<\/a><\/p>\n<p><a href=\"http:\/\/www.ifbaiano.edu.br\/unidades\/guanambi\/files\/2014\/10\/Retificacao_-N2_do_Edital_08_e_20141031_PAISE_2014_2.pdf\">Retifica\u00e7\u00e3o n\u00ba2 do Edital n\u00ba8<\/a>\u00a0(19\/11\/2014)\u00a0<strong>[NOVO]<\/strong><\/p>\n<p><a href=\"http:\/\/www.ifbaiano.edu.br\/unidades\/guanambi\/files\/2014\/10\/20141120_ResultadoFinalDoAuxilioEventual.pdf\">Resultado Final do Aux\u00edlio Eventual<\/a><span style=\"color: #ff0000\"> (20\/11\/2014)<\/span><\/p>\n<p><a href=\"http:\/\/www.ifbaiano.edu.br\/unidades\/guanambi\/files\/2014\/10\/Retificacao_-N2_do_Edital_08_e_20141031_PAISE_2014_2.pdf\">Retifica\u00e7\u00e3o n\u00ba2 do Edital n\u00ba8<\/a> (19\/11\/2014)<\/p>\n<p><a href=\"http:\/\/www.ifbaiano.edu.br\/unidades\/guanambi\/files\/2014\/07\/Retificacao_N1_do_edital_N08_de_31102014.pdf\">Retifica\u00e7\u00e3o n\u00ba. 1 do edital n\u00ba. 8 de 31\/10\/2014<\/a> <strong><\/strong><\/p>\n<p><a href=\"http:\/\/www.ifbaiano.edu.br\/unidades\/guanambi\/files\/2014\/07\/Resultado_Final_do_PAISE_2014_2.pdf\">Resultado Final do PAISE 2014.2<\/a> <span style=\"color: #ff0000\"><strong>[NOVO]<\/strong><\/span><\/p>\n<p><a href=\"http:\/\/www.ifbaiano.edu.br\/unidades\/guanambi\/files\/2014\/07\/Resultado_dos_recursos_interpostos_ao_resultado_preliminar_PAISE_2014_2.pdf\">Resultado dos recursos interpostos ao resultado preliminar PAISE 2014.2<\/a> <span style=\"color: #ff0000\"><strong>[NOVO]<\/strong><\/span><\/p>\n<p><a href=\"http:\/\/www.ifbaiano.edu.br\/unidades\/guanambi\/files\/2014\/11\/Resultado-Preliminar-do-PAISE-2014.2.pdf\">Resultado Preliminar <\/a>\u00a0 <span style=\"color: #ff0000\">(10\/11\/2014)<\/span><\/p>\n<p><a href=\"http:\/\/www.ifbaiano.edu.br\/unidades\/guanambi\/files\/2014\/11\/Formulario-de-recurso-do-PAISE-2014.21.pdf\">Formulario de recurso <\/a><\/p>\n<p><a href=\"http:\/\/www.ifbaiano.edu.br\/unidades\/guanambi\/files\/2014\/10\/Edital_08_2014_PAISE.pdf\">Edital 08\/2014 &#8211; PAISE 2014.2<\/a><\/p>\n<p><a href=\"http:\/\/www.ifbaiano.edu.br\/unidades\/guanambi\/files\/2014\/10\/DECLARACAO_DE_desemprego.pdf\">Declara\u00e7\u00e3o de desemprego<\/a><\/p>\n<p><a href=\"http:\/\/www.ifbaiano.edu.br\/unidades\/guanambi\/files\/2014\/10\/DECLARACAO_DE_RENDA_DE_AUTONOMO1.pdf\">Declara\u00e7\u00e3o de Renda Aut\u00f4nomo<\/a><\/p>\n<p><a href=\"http:\/\/www.ifbaiano.edu.br\/unidades\/guanambi\/files\/2014\/10\/Requerimento_de_inscricao_edital_08.pdf\">Requerimento de inscricao &#8211; Edital 08<\/a><\/p>\n<p><a href=\"http:\/\/www.ifbaiano.edu.br\/unidades\/guanambi\/files\/2014\/10\/Questionario_Socioeconomico.pdf\">Question\u00e1rio_S\u00f3cioecon\u00f4mico<\/a><\/p>\n","protected":false},"excerpt":{"rendered":"<p>O Diretor do Campus Guanambi publica EDITAL 08\/2014 que estabelece normas e crit\u00e9rios para a sele\u00e7\u00e3o de estudantes da Educa\u00e7\u00e3o Profissional e T\u00e9cnica de N\u00edvel M\u00e9dio, Gradua\u00e7\u00e3o, Educa\u00e7\u00e3o a Dist\u00e2ncia (EaD) e PROEJA, com a finalidade da participa\u00e7\u00e3o na\u00a0 pol\u00edtica de Assist\u00eancia Estudantil deste Instituto, atrav\u00e9s do Programa de Assist\u00eancia e Inclus\u00e3o Social do Estudante [&hellip;]<\/p>\n","protected":false},"author":14,"featured_media":0,"parent":125,"menu_order":0,"comment_status":"open","ping_status":"open","template":"","meta":[],"_links":{"self":[{"href":"https:\/\/www.ifbaiano.edu.br\/unidades\/guanambi\/wp-json\/wp\/v2\/pages\/3159"}],"collection":[{"href":"https:\/\/www.ifbaiano.edu.br\/unidades\/guanambi\/wp-json\/wp\/v2\/pages"}],"about":[{"href":"https:\/\/www.ifbaiano.edu.br\/unidades\/guanambi\/wp-json\/wp\/v2\/types\/page"}],"author":[{"embeddable":true,"href":"https:\/\/www.ifbaiano.edu.br\/unidades\/guanambi\/wp-json\/wp\/v2\/users\/14"}],"replies":[{"embeddable":true,"href":"https:\/\/www.ifbaiano.edu.br\/unidades\/guanambi\/wp-json\/wp\/v2\/comments?post=3159"}],"version-history":[{"count":14,"href":"https:\/\/www.ifbaiano.edu.br\/unidades\/guanambi\/wp-json\/wp\/v2\/pages\/3159\/revisions"}],"predecessor-version":[{"id":3195,"href":"https:\/\/www.ifbaiano.edu.br\/unidades\/guanambi\/wp-json\/wp\/v2\/pages\/3159\/revisions\/3195"}],"up":[{"embeddable":true,"href":"https:\/\/www.ifbaiano.edu.br\/unidades\/guanambi\/wp-json\/wp\/v2\/pages\/125"}],"wp:attachment":[{"href":"https:\/\/www.ifbaiano.edu.br\/unidades\/guanambi\/wp-json\/wp\/v2\/media?parent=3159"}],"curies":[{"name":"wp","href":"https:\/\/api.w.org\/{rel}","templated":true}]}}