{"id":5515,"date":"2016-12-05T13:51:09","date_gmt":"2016-12-05T13:51:09","guid":{"rendered":"http:\/\/www.ifbaiano.edu.br\/unidades\/guanambi\/?page_id=5515"},"modified":"2024-03-08T09:58:48","modified_gmt":"2024-03-08T12:58:48","slug":"pos-graduacao","status":"publish","type":"page","link":"https:\/\/www.ifbaiano.edu.br\/unidades\/guanambi\/pos-graduacao\/","title":{"rendered":"P\u00d3S-GRADUA\u00c7\u00c3O"},"content":{"rendered":"<hr \/>\n<h3><strong>Mestrado Profissional \u00a0S<em>tricto sensu\u00a0<\/em>em Produ\u00e7\u00e3o Vegetal no Semi\u00e1rido (MPPVS)<\/strong><\/h3>\n<p style=\"text-align: justify\">Regulamentado pela Portaria Normativa n\u00ba 17, de 28 de dezembro de 2009, o Mestrado Profissional (MP) \u00e9 uma modalidade de P\u00f3s-Gradua\u00e7\u00e3o <em>Stricto sensu<\/em> voltada para a capacita\u00e7\u00e3o de profissionais, nas diversas \u00e1reas do conhecimento, mediante o estudo de t\u00e9cnicas, processos, ou tem\u00e1ticas que atendam a alguma demanda do mercado de trabalho. O Mestrado Profissional tem a mesma validade que o Mestrado Acad\u00eamico.<\/p>\n<p><a href=\"https:\/\/ifbaiano.edu.br\/portal\/mestrado-producao-vegetal-guanambi\/\">VEJA MAIS<\/a><\/p>\n<hr \/>\n<h3>Especializa\u00e7\u00e3o em Ensino de Ci\u00eancias Naturais e Matem\u00e1tica<\/h3>\n<p style=\"text-align: justify\">Curso de P\u00f3s-Gradua\u00e7\u00e3o <em>lato sensu<\/em> em Ensino de Ci\u00eancias Naturais e Matem\u00e1tica destina-se a professores do ensino b\u00e1sico, portadores de diploma de curso superior, que ministram aulas de Ci\u00eancias e\/ou Matem\u00e1tica, al\u00e9m de profissionais graduados em F\u00edsica, Qu\u00edmica, Biologia, Matem\u00e1tica ou Pedagogia.<\/p>\n<p><a href=\"http:\/\/www.ifbaiano.edu.br\/unidades\/guanambi\/especializacao-em-ensino-de-ciencias-naturais-e-matematica\/\" target=\"_blank\" rel=\"noopener\">VEJA MAIS<\/a><\/p>\n<hr \/>\n<h3>Especializa\u00e7\u00e3o em Processamento de Produtos Vegetais<\/h3>\n<p><a href=\"https:\/\/ifbaiano.edu.br\/portal\/pos-vegetais-derivador-guanambi\/\">VEJA MAIS<\/a><\/p>\n","protected":false},"excerpt":{"rendered":"<p>Mestrado Profissional \u00a0Stricto sensu\u00a0em Produ\u00e7\u00e3o Vegetal no Semi\u00e1rido (MPPVS) Regulamentado pela Portaria Normativa n\u00ba 17, de 28 de dezembro de 2009, o Mestrado Profissional (MP) \u00e9 uma modalidade de P\u00f3s-Gradua\u00e7\u00e3o Stricto sensu voltada para a capacita\u00e7\u00e3o de profissionais, nas diversas \u00e1reas do conhecimento, mediante o estudo de t\u00e9cnicas, processos, ou tem\u00e1ticas que atendam a alguma [&hellip;]<\/p>\n","protected":false},"author":75,"featured_media":0,"parent":0,"menu_order":0,"comment_status":"closed","ping_status":"closed","template":"","meta":[],"_links":{"self":[{"href":"https:\/\/www.ifbaiano.edu.br\/unidades\/guanambi\/wp-json\/wp\/v2\/pages\/5515"}],"collection":[{"href":"https:\/\/www.ifbaiano.edu.br\/unidades\/guanambi\/wp-json\/wp\/v2\/pages"}],"about":[{"href":"https:\/\/www.ifbaiano.edu.br\/unidades\/guanambi\/wp-json\/wp\/v2\/types\/page"}],"author":[{"embeddable":true,"href":"https:\/\/www.ifbaiano.edu.br\/unidades\/guanambi\/wp-json\/wp\/v2\/users\/75"}],"replies":[{"embeddable":true,"href":"https:\/\/www.ifbaiano.edu.br\/unidades\/guanambi\/wp-json\/wp\/v2\/comments?post=5515"}],"version-history":[{"count":6,"href":"https:\/\/www.ifbaiano.edu.br\/unidades\/guanambi\/wp-json\/wp\/v2\/pages\/5515\/revisions"}],"predecessor-version":[{"id":12938,"href":"https:\/\/www.ifbaiano.edu.br\/unidades\/guanambi\/wp-json\/wp\/v2\/pages\/5515\/revisions\/12938"}],"wp:attachment":[{"href":"https:\/\/www.ifbaiano.edu.br\/unidades\/guanambi\/wp-json\/wp\/v2\/media?parent=5515"}],"curies":[{"name":"wp","href":"https:\/\/api.w.org\/{rel}","templated":true}]}}