{"id":5531,"date":"2016-12-07T20:51:34","date_gmt":"2016-12-07T20:51:34","guid":{"rendered":"http:\/\/www.ifbaiano.edu.br\/unidades\/guanambi\/?page_id=5531"},"modified":"2024-04-05T12:42:42","modified_gmt":"2024-04-05T15:42:42","slug":"documentos-institucionais","status":"publish","type":"page","link":"https:\/\/www.ifbaiano.edu.br\/unidades\/guanambi\/campus\/documentos-institucionais\/","title":{"rendered":"Documentos Institucionais"},"content":{"rendered":"<p class=\"western\" align=\"JUSTIFY\"><strong>DOCUMENTOS INSTITUCIONAIS<\/strong><\/p>\n<p align=\"JUSTIFY\"><strong>Plano Anual de Contrata\u00e7\u00f5es:\u00a0<\/strong><a href=\"http:\/\/www.ifbaiano.edu.br\/unidades\/guanambi\/files\/2020\/01\/Relat\u00f3rio-PAC.pdf\" target=\"_blank\" rel=\"noopener noreferrer\">2020<\/a> |\u00a0<a href=\"https:\/\/www.ifbaiano.edu.br\/unidades\/guanambi\/files\/2021\/02\/Plano-Anual-de-Contratacoes-2021.pdf\" target=\"_blank\" rel=\"noopener noreferrer\">2021<\/a> | <a href=\"https:\/\/www.ifbaiano.edu.br\/unidades\/guanambi\/files\/2022\/02\/Relatorio-PAC-2022.pdf\" target=\"_blank\" rel=\"noopener\">2022<\/a><\/p>\n<p class=\"western\" align=\"JUSTIFY\"><strong><a href=\"http:\/\/ifbaiano.edu.br\/portal\/wp-content\/uploads\/2016\/04\/PAA-2016-Guanambi.pdf\">PAA \u2013 Guanambi (2016)<\/a><\/strong><\/p>\n<p class=\"western\" align=\"JUSTIFY\"><strong><a href=\"http:\/\/www.ifbaiano.edu.br\/reitoria\/wp-content\/uploads\/2015\/06\/pdi-diagramado.pdf\">PDI 2015 \u2013 2019<\/a><\/strong><\/p>\n<p><strong><a href=\"http:\/\/www.ifbaiano.edu.br\/unidades\/guanambi\/files\/2015\/12\/Regimento-Geral.pdf\">Regimento Geral<\/a><\/strong><\/p>\n<p><strong><a href=\"http:\/\/eventos.ifbaiano.edu.br\/portal\/testesitereitoria\/files\/2015\/12\/estatuto-if-baiano_2014.pdf\">Estatuto do IF Baiano (2014)<\/a><\/strong><\/p>\n<p><strong><a href=\"http:\/\/www.planalto.gov.br\/ccivil_03\/_ato2007-2010\/2008\/lei\/l11892.htm\">Lei 11.892\/2008 (Cria\u00e7\u00e3o dos Institutos Federais)<\/a><\/strong><\/p>\n<p><strong>DOCUMENTOS ACAD\u00caMICOS<\/strong><\/p>\n<p><a href=\"http:\/\/www.ifbaiano.edu.br\/unidades\/guanambi\/files\/2020\/02\/IFGuanambi_Normatizacao_Visitas-documento-final-1.pdf\" target=\"_blank\" rel=\"noopener noreferrer\">Normatiza\u00e7\u00e3o de Visitas T\u00e9cnicas<\/a><\/p>\n<p><a href=\"http:\/\/www.ifbaiano.edu.br\/unidades\/guanambi\/files\/2016\/12\/PROJETO-POL\u00cdTICO-PEDAG\u00d3GICO-CAMPUS-GUANAMBI-2016.pdf\" target=\"_blank\" rel=\"noopener noreferrer\">Projeto Politico Pedagogico &#8211; Campus Guanambi &#8211; 2016<\/a><\/p>\n<p><a href=\"http:\/\/www.ifbaiano.edu.br\/unidades\/guanambi\/files\/2016\/12\/Resolucao_19_2015_INSTRUCAO_NORMATIVA_ATRIBUICOES_DAS_COORDENACOES_CURSOS_EDUCACAO_PROFISSIONAL_NIVEL_MEDIO-1.pdf\" target=\"_blank\" rel=\"noopener noreferrer\">Resol\u00e7\u00e3o N\u00ba 19\/2015 &#8211; Instru\u00e7\u00e3o Normativa: Atribui\u00e7\u00f5es das Coordena\u00e7\u00f5es de Curso da Educa\u00e7\u00e3o Profissional de N\u00edvel M\u00e9dio<\/a><\/p>\n<p><a href=\"http:\/\/www.ifbaiano.edu.br\/unidades\/guanambi\/files\/2016\/12\/REGULAMENTO_TUTORIA_ACADEMICA.pdf\" target=\"_blank\" rel=\"noopener noreferrer\">Regulamento da Tutoria Acad\u00eamica<\/a><\/p>\n<p><a href=\"http:\/\/www.ifbaiano.edu.br\/unidades\/guanambi\/files\/2016\/12\/REGULAMENTO_DISCIPLINAR_DISCENTE.pdf\" target=\"_blank\" rel=\"noopener noreferrer\">Regulamento_Disciplinar Discente<\/a><\/p>\n<p><a href=\"http:\/\/www.ifbaiano.edu.br\/unidades\/guanambi\/files\/2016\/12\/REGULAMENTO_DE_MONITORIA_DE_ENSINO.pdf\">Regulamento_de_Monitoria_de_Ensino<\/a><\/p>\n<p><a href=\"http:\/\/www.ifbaiano.edu.br\/unidades\/guanambi\/files\/2016\/12\/REGULAMENTO_DE_ESTAGIO_CURRICULAR_DA_EPTNM.pdf\">Regulamento_de_Estagio_Curricular_da_EPTNM<\/a><\/p>\n<p><a href=\"http:\/\/www.ifbaiano.edu.br\/unidades\/guanambi\/files\/2016\/12\/REGIMENTO_NEABI.pdf\">Regimento do_Neabi<\/a><\/p>\n<p><a href=\"https:\/\/www.ifbaiano.edu.br\/unidades\/guanambi\/files\/2024\/04\/Regulamento-das-Atribuicoes-dos-Nucleos-de-Asssoria-Tecnico-Pedagogicas.pdf\">Regulamento das Atribui\u00e7\u00f5es dos N\u00facleos de Asssoria T\u00e9cnico Pedag\u00f3gicas<\/a><\/p>\n<p><a href=\"http:\/\/www.ifbaiano.edu.br\/unidades\/guanambi\/files\/2016\/12\/NORMATIZACAO_DA_ATIVIDADE_DOCENTE.pdf\">Normatizacao_da_Atividade_Docente<\/a><\/p>\n<p><a href=\"http:\/\/www.ifbaiano.edu.br\/unidades\/guanambi\/files\/2016\/05\/Novo-Regulamento-das-Residencias.pdf\" target=\"_blank\" rel=\"noopener noreferrer\">Regulamento Geral das Resid\u00eancias Estudantis<\/a><\/p>\n<p><a href=\"http:\/\/www.ifbaiano.edu.br\/unidades\/guanambi\/files\/2016\/05\/Novo-Regulamento-Disciplinar-Discente-IF-Baiano.pdf\" target=\"_blank\" rel=\"noopener noreferrer\">Regulamento Disciplinar Discente\u00a0<\/a><\/p>\n<p><strong>Documento do NAGP<\/strong><\/p>\n<p><a href=\"http:\/\/www.ifbaiano.edu.br\/unidades\/guanambi\/files\/2016\/10\/Boletim-semanal-para-atividade-realizada-fora-da-sede1.pdf\">Boletim semanal para atividade realizada fora da sede<\/a><\/p>\n<p><strong>Di\u00e1rias<\/strong><\/p>\n<p><a href=\"http:\/\/www.ifbaiano.edu.br\/unidades\/guanambi\/files\/2016\/12\/FORMUL\u00c1RIO-CONCESS\u00c3O-DE-DI\u00c1RIAS-1.odt\" target=\"_blank\" rel=\"noopener noreferrer\">Formul\u00e1rio di\u00e1rias<\/a><\/p>\n<p><a href=\"http:\/\/www.ifbaiano.edu.br\/unidades\/guanambi\/files\/2016\/12\/Formulario-ressarcimento-de-passagem-MODELO.odt\" target=\"_blank\" rel=\"noopener noreferrer\">Formul\u00e1rio ressarcimento de passagem<\/a><\/p>\n<p><a href=\"http:\/\/www.ifbaiano.edu.br\/unidades\/guanambi\/files\/2016\/12\/PRESTACAO-DE-CONTAS-1-1.odt\" target=\"_blank\" rel=\"noopener noreferrer\">Relat\u00f3rio de Viagem<\/a><\/p>\n<p><a href=\"http:\/\/www.ifbaiano.edu.br\/unidades\/guanambi\/files\/2016\/12\/MANUAL-SOBRE-CONCESS\u00c3O-DE-DI\u00c1RIAS-E-PASSAGENS-1.pdf\" target=\"_blank\" rel=\"noopener noreferrer\">Manual sobre concess\u00e3o de di\u00e1rias e passagens<\/a><\/p>\n<p><strong>Documentos do NAPNE<\/strong><\/p>\n<p><a href=\"http:\/\/www.ifbaiano.edu.br\/unidades\/guanambi\/files\/2016\/12\/Regimento-N\u00facleo-de-Atendimento-a-Pessoas-com-Necessidades-Espec\u00edficas-do-IF-Baiano.pdf\" target=\"_blank\" rel=\"noopener noreferrer\">Regimento do N\u00facleo de Atendimento a Pessoas com Necessidades Espec\u00edficas do IF Baiano<\/a><\/p>\n<p><a href=\"http:\/\/www.ifbaiano.edu.br\/unidades\/guanambi\/files\/2016\/12\/POLITICA-DIV.-INCLUSAO.pdf\" target=\"_blank\" rel=\"noopener noreferrer\">Pol\u00edtica da Diversidade e Inclus\u00e3o do IF Baiano<\/a><\/p>\n<p><a href=\"http:\/\/www.ifbaiano.edu.br\/unidades\/guanambi\/files\/2016\/12\/portaria-071-presidente-de-comiss\u00e3o-local-de-diversidade-e-inclus\u00e3o.pdf\" target=\"_blank\" rel=\"noopener noreferrer\">Portaria n\u00ba071 &#8211; Designa representantes da Comiss\u00e3o Local de Diversidade e Inclus\u00e3o<\/a><\/p>\n<p><a href=\"https:\/\/www.ifbaiano.edu.br\/unidades\/guanambi\/files\/2022\/01\/Regulamento-tutoria-de-pares-Napne-Gbi.pdf\" target=\"_blank\" rel=\"noopener\">Regulamento da Tutoria de Pares<\/a><\/p>\n\n\n\n\n\n\n\n\n<div class=\"wp-block-media-text alignwide is-stacked-on-mobile\"><figure class=\"wp-block-media-text__media\"><\/figure><div class=\"wp-block-media-text__content\">\n<p><\/p>\n<\/div><\/div>\n\n\n\n\n","protected":false},"excerpt":{"rendered":"<p>DOCUMENTOS INSTITUCIONAIS Plano Anual de Contrata\u00e7\u00f5es:\u00a02020 |\u00a02021 | 2022 PAA \u2013 Guanambi (2016) PDI 2015 \u2013 2019 Regimento Geral Estatuto do IF Baiano (2014) Lei 11.892\/2008 (Cria\u00e7\u00e3o dos Institutos Federais) DOCUMENTOS ACAD\u00caMICOS Normatiza\u00e7\u00e3o de Visitas T\u00e9cnicas Projeto Politico Pedagogico &#8211; Campus Guanambi &#8211; 2016 Resol\u00e7\u00e3o N\u00ba 19\/2015 &#8211; Instru\u00e7\u00e3o Normativa: Atribui\u00e7\u00f5es das Coordena\u00e7\u00f5es de Curso [&hellip;]<\/p>\n","protected":false},"author":75,"featured_media":0,"parent":133,"menu_order":0,"comment_status":"closed","ping_status":"closed","template":"","meta":[],"_links":{"self":[{"href":"https:\/\/www.ifbaiano.edu.br\/unidades\/guanambi\/wp-json\/wp\/v2\/pages\/5531"}],"collection":[{"href":"https:\/\/www.ifbaiano.edu.br\/unidades\/guanambi\/wp-json\/wp\/v2\/pages"}],"about":[{"href":"https:\/\/www.ifbaiano.edu.br\/unidades\/guanambi\/wp-json\/wp\/v2\/types\/page"}],"author":[{"embeddable":true,"href":"https:\/\/www.ifbaiano.edu.br\/unidades\/guanambi\/wp-json\/wp\/v2\/users\/75"}],"replies":[{"embeddable":true,"href":"https:\/\/www.ifbaiano.edu.br\/unidades\/guanambi\/wp-json\/wp\/v2\/comments?post=5531"}],"version-history":[{"count":21,"href":"https:\/\/www.ifbaiano.edu.br\/unidades\/guanambi\/wp-json\/wp\/v2\/pages\/5531\/revisions"}],"predecessor-version":[{"id":12983,"href":"https:\/\/www.ifbaiano.edu.br\/unidades\/guanambi\/wp-json\/wp\/v2\/pages\/5531\/revisions\/12983"}],"up":[{"embeddable":true,"href":"https:\/\/www.ifbaiano.edu.br\/unidades\/guanambi\/wp-json\/wp\/v2\/pages\/133"}],"wp:attachment":[{"href":"https:\/\/www.ifbaiano.edu.br\/unidades\/guanambi\/wp-json\/wp\/v2\/media?parent=5531"}],"curies":[{"name":"wp","href":"https:\/\/api.w.org\/{rel}","templated":true}]}}