{"id":5576,"date":"2016-12-14T20:10:35","date_gmt":"2016-12-14T20:10:35","guid":{"rendered":"http:\/\/www.ifbaiano.edu.br\/unidades\/guanambi\/?page_id=5576"},"modified":"2017-06-11T13:52:10","modified_gmt":"2017-06-11T16:52:10","slug":"especializacao-em-ensino-de-ciencias-naturais-e-matematica","status":"publish","type":"page","link":"https:\/\/www.ifbaiano.edu.br\/unidades\/guanambi\/especializacao-em-ensino-de-ciencias-naturais-e-matematica\/","title":{"rendered":"Especializa\u00e7\u00e3o em Ensino de Ci\u00eancias Naturais e Matem\u00e1tica"},"content":{"rendered":"<p style=\"text-align: justify\"><a href=\"http:\/\/www.ifbaiano.edu.br\/unidades\/guanambi\/files\/2016\/12\/ESPECIALIZA\u00c7\u00c3O-ENSINO-DE-CIENCAS-NATURAIS-E-MATEMATICA.jpg\"><img decoding=\"async\" loading=\"lazy\" class=\" wp-image-6218 aligncenter\" src=\"http:\/\/www.ifbaiano.edu.br\/unidades\/guanambi\/files\/2016\/12\/ESPECIALIZA\u00c7\u00c3O-ENSINO-DE-CIENCAS-NATURAIS-E-MATEMATICA.jpg\" alt=\"ESPECIALIZA\u00c7\u00c3O ENSINO DE CIENCAS NATURAIS E MATEMATICA\" width=\"806\" height=\"426\" \/><\/a><\/p>\n<p style=\"text-align: justify\">Curso de P\u00f3s-Gradua\u00e7\u00e3o <em>lato sensu<\/em> em Ensino de Ci\u00eancias Naturais e Matem\u00e1tica destina-se a professores do ensino b\u00e1sico, portadores de diploma de curso superior, que ministram aulas de Ci\u00eancias e\/ou Matem\u00e1tica, al\u00e9m de profissionais graduados em F\u00edsica, Qu\u00edmica, Biologia, Matem\u00e1tica ou Pedagogia.<\/p>\n<p style=\"text-align: justify\"><a href=\"http:\/\/concurso.ifbaiano.edu.br\/portal\/ensino-ciencias-naturais-matematica\/\">PROCESSO SELETIVO 2017.1<\/a><\/p>\n<p style=\"text-align: justify\"><a href=\"http:\/\/www.ifbaiano.edu.br\/unidades\/guanambi\/files\/2016\/12\/Disciplinas-do-Curso-de-Especializa\u00e7\u00e3o-em-Ensino-de-Ci\u00eancias-Naturais-e-Inform\u00e1rtica.pdf\">DISCIPLINAS DO CURSO<\/a><\/p>\n<p style=\"text-align: justify\"><a href=\"http:\/\/www.ifbaiano.edu.br\/unidades\/guanambi\/files\/2016\/12\/PPC-ENSINO-DE-CI\u00caNCIAS-NATURAIS-E-MATEM\u00c1TICA-GUANAMBI.pdf\" target=\"_blank\">PPC &#8211; ENSINO DE CI\u00caNCIAS NATURAIS E MATEM\u00c1TICA &#8211; GUANAMBI<\/a><\/p>\n<p style=\"text-align: justify\"><a href=\"http:\/\/www.ifbaiano.edu.br\/unidades\/guanambi\/files\/2016\/12\/11.-Regimento-Especializa\u00e7\u00e3o-em-Ensino-de-Ci\u00eancias-e-Matem\u00e1tica-Campus-Guanambi.pdf\" target=\"_blank\">Regimento Especializa\u00e7\u00e3o em Ensino de Ci\u00eancias e Matem\u00e1tica &#8211; Campus Guanambi<\/a><\/p>\n<p style=\"text-align: justify\"><a href=\"http:\/\/www.ifbaiano.edu.br\/unidades\/guanambi\/files\/2016\/12\/Cronogramas-de-aulas-do-II-sem.-P\u00f3s.pdf\" target=\"_blank\">Cronograma de aulas<\/a><\/p>\n","protected":false},"excerpt":{"rendered":"<p>Curso de P\u00f3s-Gradua\u00e7\u00e3o lato sensu em Ensino de Ci\u00eancias Naturais e Matem\u00e1tica destina-se a professores do ensino b\u00e1sico, portadores de diploma de curso superior, que ministram aulas de Ci\u00eancias e\/ou Matem\u00e1tica, al\u00e9m de profissionais graduados em F\u00edsica, Qu\u00edmica, Biologia, Matem\u00e1tica ou Pedagogia. PROCESSO SELETIVO 2017.1 DISCIPLINAS DO CURSO PPC &#8211; ENSINO DE CI\u00caNCIAS NATURAIS E [&hellip;]<\/p>\n","protected":false},"author":75,"featured_media":0,"parent":0,"menu_order":0,"comment_status":"closed","ping_status":"closed","template":"","meta":[],"_links":{"self":[{"href":"https:\/\/www.ifbaiano.edu.br\/unidades\/guanambi\/wp-json\/wp\/v2\/pages\/5576"}],"collection":[{"href":"https:\/\/www.ifbaiano.edu.br\/unidades\/guanambi\/wp-json\/wp\/v2\/pages"}],"about":[{"href":"https:\/\/www.ifbaiano.edu.br\/unidades\/guanambi\/wp-json\/wp\/v2\/types\/page"}],"author":[{"embeddable":true,"href":"https:\/\/www.ifbaiano.edu.br\/unidades\/guanambi\/wp-json\/wp\/v2\/users\/75"}],"replies":[{"embeddable":true,"href":"https:\/\/www.ifbaiano.edu.br\/unidades\/guanambi\/wp-json\/wp\/v2\/comments?post=5576"}],"version-history":[{"count":6,"href":"https:\/\/www.ifbaiano.edu.br\/unidades\/guanambi\/wp-json\/wp\/v2\/pages\/5576\/revisions"}],"predecessor-version":[{"id":6392,"href":"https:\/\/www.ifbaiano.edu.br\/unidades\/guanambi\/wp-json\/wp\/v2\/pages\/5576\/revisions\/6392"}],"wp:attachment":[{"href":"https:\/\/www.ifbaiano.edu.br\/unidades\/guanambi\/wp-json\/wp\/v2\/media?parent=5576"}],"curies":[{"name":"wp","href":"https:\/\/api.w.org\/{rel}","templated":true}]}}