{"id":56,"date":"2011-05-18T19:23:42","date_gmt":"2011-05-18T19:23:42","guid":{"rendered":"http:\/\/localhost\/unidades\/bonfim\/?page_id=56"},"modified":"2021-07-19T09:45:51","modified_gmt":"2021-07-19T12:45:51","slug":"agropecuaria","status":"publish","type":"page","link":"https:\/\/www.ifbaiano.edu.br\/unidades\/guanambi\/agropecuaria\/","title":{"rendered":"T\u00e9cnico em Agropecu\u00e1ria"},"content":{"rendered":"<p style=\"text-align: justify\">O Curso T\u00e9cnico em Agropecu\u00e1ria integrado ao Ensino M\u00e9dio foi implantado para atender alunos egressos do Ensino Fundamental. O curso \u00e9 constitu\u00eddo de regime seriado, sem terminalidade, com matr\u00edcula \u00fanica para o Ensino M\u00e9dio e a Educa\u00e7\u00e3o Profissional. Possui uma s\u00f3 Matriz curricular e confere o Diploma de T\u00e9cnico em Agropecu\u00e1ria aos seus concluintes.<\/p>\n<p style=\"text-align: justify\">No Ensino m\u00e9dio, \u00e9 oferecido aos alunos oportunidades de desenvolverem as compet\u00eancias e habilidades fundamentais para o posicionamento cr\u00edtico na sociedade e o bom desempenho no mundo do trabalho. Desde o primeiro ano, o aluno tem contato com a parte t\u00e9cnica, por meio de disciplinas como: Agricultura, Zootecnia, Mecaniza\u00e7\u00e3o Agr\u00edcola e Gest\u00e3o do Agroneg\u00f3cio, o que oportuniza o aprendizado, garantindo tamb\u00e9m o car\u00e1ter multidisciplinar do curso. No segundo e terceiro ano, os conhecimentos t\u00e9cnicos s\u00e3o aprofundados com as disciplinas Suinocultura, Bovinocultura, Caprino-ovinocultura, Culturas anuais, Culturas perenes, Forragicultura, Irriga\u00e7\u00e3o e Drenagem, Constru\u00e7\u00f5es e Instala\u00e7\u00f5es Rurais, dentre outras. Para a conclus\u00e3o do curso, \u00e9 necess\u00e1rio que o estudante fa\u00e7a o Est\u00e1gio Supervisionado, que \u00e9 obrigat\u00f3rio, podendo ser realizado, interna ou externamente, concomitante ou ao final do Curso.<\/p>\n<p style=\"text-align: justify\">O curso T\u00e9cnico em Agropecu\u00e1ria habilitar\u00e1 o profissional a: \u2013 analisar as caracter\u00edsticas econ\u00f4micas, sociais e ambientais, identificando as atividades peculiares da \u00e1rea a serem implementadas; planejar, organizar e monitorar: o uso e manejo do solo de acordo com suas caracter\u00edsticas e aptid\u00e3o agr\u00edcola; \u2013 auxiliar em trabalhos de pesquisa; \u2013 obten\u00e7\u00e3o e preparo da produ\u00e7\u00e3o animal; \u2013 aquisi\u00e7\u00e3o, preparo, conserva\u00e7\u00e3o e armazenamento da mat\u00e9ria prima e dos produtos agroindustriais; \u2013 elaborar programas de nutri\u00e7\u00e3o e manejo alimentar em projetos zoot\u00e9cnicos; \u2013 planejar e acompanhar a colheita e a p\u00f3s-colheita; \u2013 conceber e executar projetos paisag\u00edsticos, identificando estilos, modelos, elementos vegetais, materiais e acess\u00f3rios a serem empregados.<\/p>\n<p style=\"text-align: justify\"><a href=\"http:\/\/web02.guanambi.ifbaiano.edu.br\/horarios\/Cursos\/CURSO%20T%c3%89CNICO%20EM%20AGROPECU%c3%81RIA%20INTEGRADO%20AO%20ENSINO%20M%c3%89DIO.pdf\" target=\"_blank\" rel=\"noopener\">Hor\u00e1rios de Aula<\/a><\/p>\n<p style=\"text-align: justify\"><a href=\"https:\/\/www.ifbaiano.edu.br\/unidades\/guanambi\/files\/2021\/07\/PPC-do-Curso-Tecno-em-Agropecuaria-11-08-2020.pdf\" target=\"_blank\" rel=\"noopener\">Projeto Pedag\u00f3gico do Curso T\u00e9cnico em Agropecu\u00e1ria (2020)<\/a><\/p>\n<p style=\"text-align: justify\"><a href=\"http:\/\/www.ifbaiano.edu.br\/unidades\/guanambi\/files\/2011\/05\/Resolu\u00e7\u00e3o-04-2017-Aprovou-ad-referendum-a-Reformula\u00e7\u00e3o-PPC-de-Agropecu\u00e1ria-Integrado.pdf\" target=\"_blank\" rel=\"noopener\">Resolu\u00e7\u00e3o 04\/2017 &#8211; Reformula\u00e7\u00e3o PPC de Agropecu\u00e1ria Integrado<\/a><\/p>\n\n\n<p><\/p>\n","protected":false},"excerpt":{"rendered":"<p>O Curso T\u00e9cnico em Agropecu\u00e1ria integrado ao Ensino M\u00e9dio foi implantado para atender alunos egressos do Ensino Fundamental. O curso \u00e9 constitu\u00eddo de regime seriado, sem terminalidade, com matr\u00edcula \u00fanica para o Ensino M\u00e9dio e a Educa\u00e7\u00e3o Profissional. Possui uma s\u00f3 Matriz curricular e confere o Diploma de T\u00e9cnico em Agropecu\u00e1ria aos seus concluintes. No [&hellip;]<\/p>\n","protected":false},"author":1,"featured_media":0,"parent":0,"menu_order":0,"comment_status":"closed","ping_status":"closed","template":"","meta":[],"_links":{"self":[{"href":"https:\/\/www.ifbaiano.edu.br\/unidades\/guanambi\/wp-json\/wp\/v2\/pages\/56"}],"collection":[{"href":"https:\/\/www.ifbaiano.edu.br\/unidades\/guanambi\/wp-json\/wp\/v2\/pages"}],"about":[{"href":"https:\/\/www.ifbaiano.edu.br\/unidades\/guanambi\/wp-json\/wp\/v2\/types\/page"}],"author":[{"embeddable":true,"href":"https:\/\/www.ifbaiano.edu.br\/unidades\/guanambi\/wp-json\/wp\/v2\/users\/1"}],"replies":[{"embeddable":true,"href":"https:\/\/www.ifbaiano.edu.br\/unidades\/guanambi\/wp-json\/wp\/v2\/comments?post=56"}],"version-history":[{"count":7,"href":"https:\/\/www.ifbaiano.edu.br\/unidades\/guanambi\/wp-json\/wp\/v2\/pages\/56\/revisions"}],"predecessor-version":[{"id":10080,"href":"https:\/\/www.ifbaiano.edu.br\/unidades\/guanambi\/wp-json\/wp\/v2\/pages\/56\/revisions\/10080"}],"wp:attachment":[{"href":"https:\/\/www.ifbaiano.edu.br\/unidades\/guanambi\/wp-json\/wp\/v2\/media?parent=56"}],"curies":[{"name":"wp","href":"https:\/\/api.w.org\/{rel}","templated":true}]}}