{"id":5614,"date":"2016-12-14T21:19:03","date_gmt":"2016-12-14T21:19:03","guid":{"rendered":"http:\/\/www.ifbaiano.edu.br\/unidades\/guanambi\/?page_id=5614"},"modified":"2026-03-24T12:25:03","modified_gmt":"2026-03-24T15:25:03","slug":"diretoria-academica","status":"publish","type":"page","link":"https:\/\/www.ifbaiano.edu.br\/unidades\/guanambi\/diretoria-academica\/","title":{"rendered":"Diretoria Acad\u00eamica"},"content":{"rendered":"\n<div style=\"background-color: #f9f9f9;padding: 15px;border-radius: 5px;border: 1px solid #eee\">\n<p style=\"font-size: 1.1rem;color: #333;font-weight: bold;margin-bottom: 5px\">Diretora Acad\u00eamica: Normane Mirele Chaves da Silva <\/p>\n<p style=\"font-size: 0.95rem;color: #555;margin: 0\">Telefone: 77 3493-2100 &#8211; Ramal: 207<\/p>\n<p style=\"font-size: 0.95rem;color: #555;margin: 0\">Endere\u00e7o eletr\u00f4nico: <a href=\"mailto:da@guanambi.ifbaiano.edu.br\" style=\"color: #0073aa;text-decoration: none\">da@guanambi.ifbaiano.edu.br<\/a><\/p>\n<\/div>\n\n<p style=\"font-weight: bold;font-size: 1.25rem;margin-top: 20px;color: #333\">Apoio Administrativo<\/p>\n\n<p style=\"text-align: justify;line-height: 1.6\">A Diretoria Acad\u00eamica \u00e9 constitu\u00edda pela <a href=\"http:\/\/www.ifbaiano.edu.br\/unidades\/guanambi\/diretoria-academica\/coordenacao-de-ensino\/\" target=\"_blank\" rel=\"noopener\" style=\"color: #0073aa\">Coordena\u00e7\u00e3o de Ensino<\/a>, <a href=\"http:\/\/www.ifbaiano.edu.br\/unidades\/guanambi\/diretoria-academica\/coordenacoes-de-cursos\/\" target=\"_blank\" rel=\"noopener\" style=\"color: #0073aa\">Coordena\u00e7\u00f5es dos Cursos de N\u00edvel M\u00e9dio, Coordena\u00e7\u00e3o dos Cursos Superiores<\/a>, <a href=\"http:\/\/www.ifbaiano.edu.br\/unidades\/guanambi\/diretoria-academica\/coordenacao-de-assuntos-estudantis\/\" target=\"_blank\" rel=\"noopener\" style=\"color: #0073aa\">Coordena\u00e7\u00f5es de Assuntos Estudantis<\/a>, <a href=\"http:\/\/www.ifbaiano.edu.br\/unidades\/guanambi\/diretoria-academica\/coordenacao-de-pesquisa\/\" target=\"_blank\" rel=\"noopener\" style=\"color: #0073aa\">Coordena\u00e7\u00e3o de Pesquisa<\/a>, <a href=\"http:\/\/www.ifbaiano.edu.br\/unidades\/guanambi\/diretoria-academica\/coordenacao-de-unidade-educativas-de-campo\/\" target=\"_blank\" rel=\"noopener\" style=\"color: #0073aa\">Coordena\u00e7\u00e3o de Extens\u00e3o<\/a> e pela <a href=\"http:\/\/www.ifbaiano.edu.br\/unidades\/guanambi\/diretoria-academica\/coordenacao-de-unidade-educativas-de-campo\/\" target=\"_blank\" rel=\"noopener\" style=\"color: #0073aa\">Coordena\u00e7\u00e3o de Unidades Educativas de Campo<\/a>, pelo <a href=\"http:\/\/www.ifbaiano.edu.br\/unidades\/guanambi\/estagio-2\/\" style=\"color: #0073aa\">N\u00facleo de Rela\u00e7\u00f5es Institucionais (NRI)<\/a>, N\u00facleo de Apoio ao Portador de Necessidade Especial (NAPNE) Secretaria de Registros Acad\u00eamicos (SRA) e Biblioteca.<\/p>\n\n<p style=\"text-align: center;margin: 20px 0\">\n  <a href=\"http:\/\/www.ifbaiano.edu.br\/unidades\/guanambi\/campus\/documentos-institucionais\/\" style=\"background-color: #2F4F4F;color: #ffffff;padding: 10px 20px;text-decoration: none;border-radius: 5px;font-weight: bold;font-size: 1.1rem\">\n    <strong>DOCUMENTOS IMPORTANTES DA DIRETORIA ACAD\u00caMICA<\/strong>\n  <\/a>\n<\/p>\n\n<hr style=\"border: 0;border-top: 1px solid #cccccc;margin: 25px 0\">\n\n<h3 style=\"text-align: justify;font-size: 1.5rem;font-weight: 500\">\n  <a href=\"http:\/\/www.ifbaiano.edu.br\/unidades\/guanambi\/diretoria-academica\/coordenacao-de-ensino\/\" style=\"color: #2F4F4F;text-decoration: none\">Coordena\u00e7\u00e3o de Ensino<\/a>\n<\/h3>\n<h3 style=\"text-align: justify;font-size: 1.5rem;font-weight: 500\">\n  <a href=\"http:\/\/www.ifbaiano.edu.br\/unidades\/guanambi\/diretoria-academica\/coordenacoes-de-cursos\/\" style=\"color: #2F4F4F;text-decoration: none\">Coordena\u00e7\u00f5es dos Cursos de N\u00edvel M\u00e9dio<\/a>\n<\/h3>\n<h3 style=\"text-align: justify;font-size: 1.5rem;font-weight: 500\">\n  <a href=\"http:\/\/www.ifbaiano.edu.br\/unidades\/guanambi\/diretoria-academica\/coordenacoes-de-cursos\/\" style=\"color: #2F4F4F;text-decoration: none\">Coordena\u00e7\u00e3o dos Cursos Superiores<\/a>\n<\/h3>\n<h3 style=\"text-align: justify;font-size: 1.5rem;font-weight: 500\">\n  <a href=\"http:\/\/www.ifbaiano.edu.br\/unidades\/guanambi\/diretoria-academica\/coordenacao-de-assuntos-estudantis\/\" style=\"color: #2F4F4F;text-decoration: none\">Coordena\u00e7\u00f5es de Assuntos Estudantis<\/a>\n<\/h3>\n<h3 style=\"text-align: justify;font-size: 1.5rem;font-weight: 500\">\n  <a href=\"http:\/\/www.ifbaiano.edu.br\/unidades\/guanambi\/diretoria-academica\/coordenacao-de-pesquisa\/\" style=\"color: #2F4F4F;text-decoration: none\">Coordena\u00e7\u00e3o de Pesquisa<\/a>\n<\/h3>\n<h3 style=\"text-align: justify;font-size: 1.5rem;font-weight: 500\">\n  <a href=\"http:\/\/www.ifbaiano.edu.br\/unidades\/guanambi\/diretoria-academica\/coordenacao-de-unidade-educativas-de-campo\/\" target=\"_blank\" rel=\"noopener\" style=\"color: #2F4F4F;text-decoration: none\">Coordena\u00e7\u00e3o de Extens\u00e3o<\/a>\n<\/h3>\n<h3 style=\"text-align: justify;font-size: 1.5rem;font-weight: 500\">\n  <a href=\"http:\/\/www.ifbaiano.edu.br\/unidades\/guanambi\/diretoria-academica\/coordenacao-de-unidade-educativas-de-campo\/\" style=\"color: #2F4F4F;text-decoration: none\">Coordena\u00e7\u00e3o de Unidades Educativas de Campo<\/a>\n<\/h3>\n\n<hr style=\"border: 0;border-top: 1px solid #cccccc;margin: 25px 0\">\n\n<p style=\"padding-left: 30px;margin-bottom: 5px\">\n  <a href=\"https:\/\/www.ifbaiano.edu.br\/unidades\/guanambi\/nri\/\" target=\"_blank\" rel=\"noopener\" style=\"color: #444;text-decoration: none;font-size: 1.1rem\">\n    <strong>N\u00facleo de Rela\u00e7\u00f5es Institucionais<\/strong>\n  <\/a>\n<\/p>\n<hr style=\"margin-left: 30px;border: 0;border-top: 1px solid #eee\">\n\n<p style=\"padding-left: 30px;margin-bottom: 5px\">\n  <a href=\"https:\/\/www.ifbaiano.edu.br\/unidades\/guanambi\/organograma\/\" style=\"color: #444;text-decoration: none;font-size: 1.1rem\">\n    <strong>N\u00facleo de Apoio a Pessoas com Necessidades Espec\u00edficas &#8211; Napne<\/strong>\n  <\/a>\n<\/p>\n<hr style=\"margin-left: 30px;border: 0;border-top: 1px solid #eee\">\n\n<p style=\"padding-left: 30px;margin-bottom: 5px\">\n  <a href=\"https:\/\/www.ifbaiano.edu.br\/unidades\/guanambi\/sra\/\" style=\"color: #444;text-decoration: none;font-size: 1.1rem\">\n    <strong>Secretaria de Registro Acad\u00eamicos<\/strong>\n  <\/a>\n<\/p>\n<hr style=\"margin-left: 30px;border: 0;border-top: 1px solid #eee\">\n\n<p style=\"padding-left: 30px;margin-bottom: 5px\">\n  <a href=\"https:\/\/www.ifbaiano.edu.br\/unidades\/guanambi\/apresentacao\/\" data-wplink-edit=\"true\" style=\"color: #444;text-decoration: none;font-size: 1.1rem\">\n    <strong>Biblioteca<\/strong>\n  <\/a>\n<\/p>\n\n\n\n<div class=\"wp-block-file\"><object class=\"wp-block-file__embed\" data=\"https:\/\/www.ifbaiano.edu.br\/unidades\/guanambi\/files\/2025\/11\/TRABALHO_SD_2025_2-dad0d985e82f484fab9337db789c5830-1.pdf\" type=\"application\/pdf\" style=\"width:100%;height:600px\" aria-label=\"Incorporado de TRABALHO_SD_2025_2-dad0d985e82f484fab9337db789c5830-1.\"><\/object><a id=\"wp-block-file--media-4e5f7054-ed1b-41d8-b123-9a73c3ad9c48\" href=\"https:\/\/www.ifbaiano.edu.br\/unidades\/guanambi\/files\/2025\/11\/TRABALHO_SD_2025_2-dad0d985e82f484fab9337db789c5830-1.pdf\">TRABALHO_SD_2025_2-dad0d985e82f484fab9337db789c5830-1<\/a><a href=\"https:\/\/www.ifbaiano.edu.br\/unidades\/guanambi\/files\/2025\/11\/TRABALHO_SD_2025_2-dad0d985e82f484fab9337db789c5830-1.pdf\" class=\"wp-block-file__button wp-element-button\" download aria-describedby=\"wp-block-file--media-4e5f7054-ed1b-41d8-b123-9a73c3ad9c48\">Baixar<\/a><\/div>\n","protected":false},"excerpt":{"rendered":"<p>Diretora Acad\u00eamica: Normane Mirele Chaves da Silva Telefone: 77 3493-2100 &#8211; Ramal: 207 Endere\u00e7o eletr\u00f4nico: da@guanambi.ifbaiano.edu.br Apoio Administrativo A Diretoria Acad\u00eamica \u00e9 constitu\u00edda pela Coordena\u00e7\u00e3o de Ensino, Coordena\u00e7\u00f5es dos Cursos de N\u00edvel M\u00e9dio, Coordena\u00e7\u00e3o dos Cursos Superiores, Coordena\u00e7\u00f5es de Assuntos Estudantis, Coordena\u00e7\u00e3o de Pesquisa, Coordena\u00e7\u00e3o de Extens\u00e3o e pela Coordena\u00e7\u00e3o de Unidades Educativas de Campo, [&hellip;]<\/p>\n","protected":false},"author":75,"featured_media":0,"parent":0,"menu_order":0,"comment_status":"closed","ping_status":"closed","template":"","meta":[],"_links":{"self":[{"href":"https:\/\/www.ifbaiano.edu.br\/unidades\/guanambi\/wp-json\/wp\/v2\/pages\/5614"}],"collection":[{"href":"https:\/\/www.ifbaiano.edu.br\/unidades\/guanambi\/wp-json\/wp\/v2\/pages"}],"about":[{"href":"https:\/\/www.ifbaiano.edu.br\/unidades\/guanambi\/wp-json\/wp\/v2\/types\/page"}],"author":[{"embeddable":true,"href":"https:\/\/www.ifbaiano.edu.br\/unidades\/guanambi\/wp-json\/wp\/v2\/users\/75"}],"replies":[{"embeddable":true,"href":"https:\/\/www.ifbaiano.edu.br\/unidades\/guanambi\/wp-json\/wp\/v2\/comments?post=5614"}],"version-history":[{"count":18,"href":"https:\/\/www.ifbaiano.edu.br\/unidades\/guanambi\/wp-json\/wp\/v2\/pages\/5614\/revisions"}],"predecessor-version":[{"id":17091,"href":"https:\/\/www.ifbaiano.edu.br\/unidades\/guanambi\/wp-json\/wp\/v2\/pages\/5614\/revisions\/17091"}],"wp:attachment":[{"href":"https:\/\/www.ifbaiano.edu.br\/unidades\/guanambi\/wp-json\/wp\/v2\/media?parent=5614"}],"curies":[{"name":"wp","href":"https:\/\/api.w.org\/{rel}","templated":true}]}}

Diretoria Acadêmica

<div style="background-color: #f9f9f9;padding: 15px;border-radius: 5px;border: 1px solid #eee">
<p style="font-size: 1.1rem;color: #333;font-weight: bold;margin-bottom: 5px">Diretora Acadêmica: Normane Mirele Chaves da Silva </p>
<p style="font-size: 0.95rem;color: #555;margin: 0">Telefone: 77 3493-2100 &#8211; Ramal: 207</p>
<p style="font-size: 0.95rem;color: #555;margin: 0">Endereço eletrônico: <a href="mailto:da@guanambi.ifbaiano.edu.br" style="color: #0073aa;text-decoration: none">da@guanambi.ifbaiano.edu.br</a></p>
</div>

<p style="font-weight: bold;font-size: 1.25rem;margin-top: 20px;color: #333">Apoio Administrativo</p>

<p style="text-align: justify;line-height: 1.6">A Diretoria Acadêmica é constituída pela <a href="http://www.ifbaiano.edu.br/unidades/guanambi/diretoria-academica/coordenacao-de-ensino/" target="_blank" rel="noopener" style="color: #0073aa">Coordenação de Ensino</a>, <a href="http://www.ifbaiano.edu.br/unidades/guanambi/diretoria-academica/coordenacoes-de-cursos/" target="_blank" rel="noopener" style="color: #0073aa">Coordenações dos Cursos de Nível Médio, Coordenação dos Cursos Superiores</a>, <a href="http://www.ifbaiano.edu.br/unidades/guanambi/diretoria-academica/coordenacao-de-assuntos-estudantis/" target="_blank" rel="noopener" style="color: #0073aa">Coordenações de Assuntos Estudantis</a>, <a href="http://www.ifbaiano.edu.br/unidades/guanambi/diretoria-academica/coordenacao-de-pesquisa/" target="_blank" rel="noopener" style="color: #0073aa">Coordenação de Pesquisa</a>, <a href="http://www.ifbaiano.edu.br/unidades/guanambi/diretoria-academica/coordenacao-de-unidade-educativas-de-campo/" target="_blank" rel="noopener" style="color: #0073aa">Coordenação de Extensão</a> e pela <a href="http://www.ifbaiano.edu.br/unidades/guanambi/diretoria-academica/coordenacao-de-unidade-educativas-de-campo/" target="_blank" rel="noopener" style="color: #0073aa">Coordenação de Unidades Educativas de Campo</a>, pelo <a href="http://www.ifbaiano.edu.br/unidades/guanambi/estagio-2/" style="color: #0073aa">Núcleo de Relações Institucionais (NRI)</a>, Núcleo de Apoio ao Portador de Necessidade Especial (NAPNE) Secretaria de Registros Acadêmicos (SRA) e Biblioteca.</p>

<p style="text-align: center;margin: 20px 0">
  <a href="http://www.ifbaiano.edu.br/unidades/guanambi/campus/documentos-institucionais/" style="background-color: #2F4F4F;color: #ffffff;padding: 10px 20px;text-decoration: none;border-radius: 5px;font-weight: bold;font-size: 1.1rem">
    <strong>DOCUMENTOS IMPORTANTES DA DIRETORIA ACADÊMICA</strong>
  </a>
</p>

<hr style="border: 0;border-top: 1px solid #cccccc;margin: 25px 0">

<h3 style="text-align: justify;font-size: 1.5rem;font-weight: 500">
  <a href="http://www.ifbaiano.edu.br/unidades/guanambi/diretoria-academica/coordenacao-de-ensino/" style="color: #2F4F4F;text-decoration: none">Coordenação de Ensino</a>
</h3>
<h3 style="text-align: justify;font-size: 1.5rem;font-weight: 500">
  <a href="http://www.ifbaiano.edu.br/unidades/guanambi/diretoria-academica/coordenacoes-de-cursos/" style="color: #2F4F4F;text-decoration: none">Coordenações dos Cursos de Nível Médio</a>
</h3>
<h3 style="text-align: justify;font-size: 1.5rem;font-weight: 500">
  <a href="http://www.ifbaiano.edu.br/unidades/guanambi/diretoria-academica/coordenacoes-de-cursos/" style="color: #2F4F4F;text-decoration: none">Coordenação dos Cursos Superiores</a>
</h3>
<h3 style="text-align: justify;font-size: 1.5rem;font-weight: 500">
  <a href="http://www.ifbaiano.edu.br/unidades/guanambi/diretoria-academica/coordenacao-de-assuntos-estudantis/" style="color: #2F4F4F;text-decoration: none">Coordenações de Assuntos Estudantis</a>
</h3>
<h3 style="text-align: justify;font-size: 1.5rem;font-weight: 500">
  <a href="http://www.ifbaiano.edu.br/unidades/guanambi/diretoria-academica/coordenacao-de-pesquisa/" style="color: #2F4F4F;text-decoration: none">Coordenação de Pesquisa</a>
</h3>
<h3 style="text-align: justify;font-size: 1.5rem;font-weight: 500">
  <a href="http://www.ifbaiano.edu.br/unidades/guanambi/diretoria-academica/coordenacao-de-unidade-educativas-de-campo/" target="_blank" rel="noopener" style="color: #2F4F4F;text-decoration: none">Coordenação de Extensão</a>
</h3>
<h3 style="text-align: justify;font-size: 1.5rem;font-weight: 500">
  <a href="http://www.ifbaiano.edu.br/unidades/guanambi/diretoria-academica/coordenacao-de-unidade-educativas-de-campo/" style="color: #2F4F4F;text-decoration: none">Coordenação de Unidades Educativas de Campo</a>
</h3>

<hr style="border: 0;border-top: 1px solid #cccccc;margin: 25px 0">

<p style="padding-left: 30px;margin-bottom: 5px">
  <a href="https://www.ifbaiano.edu.br/unidades/guanambi/nri/" target="_blank" rel="noopener" style="color: #444;text-decoration: none;font-size: 1.1rem">
    <strong>Núcleo de Relações Institucionais</strong>
  </a>
</p>
<hr style="margin-left: 30px;border: 0;border-top: 1px solid #eee">

<p style="padding-left: 30px;margin-bottom: 5px">
  <a href="https://www.ifbaiano.edu.br/unidades/guanambi/organograma/" style="color: #444;text-decoration: none;font-size: 1.1rem">
    <strong>Núcleo de Apoio a Pessoas com Necessidades Específicas &#8211; Napne</strong>
  </a>
</p>
<hr style="margin-left: 30px;border: 0;border-top: 1px solid #eee">

<p style="padding-left: 30px;margin-bottom: 5px">
  <a href="https://www.ifbaiano.edu.br/unidades/guanambi/sra/" style="color: #444;text-decoration: none;font-size: 1.1rem">
    <strong>Secretaria de Registro Acadêmicos</strong>
  </a>
</p>
<hr style="margin-left: 30px;border: 0;border-top: 1px solid #eee">

<p style="padding-left: 30px;margin-bottom: 5px">
  <a href="https://www.ifbaiano.edu.br/unidades/guanambi/apresentacao/" data-wplink-edit="true" style="color: #444;text-decoration: none;font-size: 1.1rem">
    <strong>Biblioteca</strong>
  </a>
</p>



<div class="wp-block-file"><object class="wp-block-file__embed" data="https://www.ifbaiano.edu.br/unidades/guanambi/files/2025/11/TRABALHO_SD_2025_2-dad0d985e82f484fab9337db789c5830-1.pdf" type="application/pdf" style="width:100%;height:600px" aria-label="Incorporado de TRABALHO_SD_2025_2-dad0d985e82f484fab9337db789c5830-1."></object><a id="wp-block-file--media-4e5f7054-ed1b-41d8-b123-9a73c3ad9c48" href="https://www.ifbaiano.edu.br/unidades/guanambi/files/2025/11/TRABALHO_SD_2025_2-dad0d985e82f484fab9337db789c5830-1.pdf">TRABALHO_SD_2025_2-dad0d985e82f484fab9337db789c5830-1</a><a href="https://www.ifbaiano.edu.br/unidades/guanambi/files/2025/11/TRABALHO_SD_2025_2-dad0d985e82f484fab9337db789c5830-1.pdf" class="wp-block-file__button wp-element-button" download aria-describedby="wp-block-file--media-4e5f7054-ed1b-41d8-b123-9a73c3ad9c48">Baixar</a></div>

<p>Diretora Acadêmica: Normane Mirele Chaves da Silva Telefone: 77 3493-2100 &#8211; Ramal: 207 Endereço eletrônico: da@guanambi.ifbaiano.edu.br Apoio Administrativo A Diretoria Acadêmica é constituída pela Coordenação de Ensino, Coordenações dos Cursos de Nível Médio, Coordenação dos Cursos Superiores, Coordenações de Assuntos Estudantis, Coordenação de Pesquisa, Coordenação de Extensão e pela Coordenação de Unidades Educativas de Campo, [&hellip;]</p>
