{"id":5618,"date":"2016-12-14T21:45:49","date_gmt":"2016-12-14T21:45:49","guid":{"rendered":"http:\/\/www.ifbaiano.edu.br\/unidades\/guanambi\/?page_id=5618"},"modified":"2025-10-30T15:18:59","modified_gmt":"2025-10-30T18:18:59","slug":"coordenacao-de-assuntos-estudantis","status":"publish","type":"page","link":"https:\/\/www.ifbaiano.edu.br\/unidades\/guanambi\/diretoria-academica\/coordenacao-de-assuntos-estudantis\/","title":{"rendered":"Coordena\u00e7\u00e3o de Assuntos Estudantis"},"content":{"rendered":"<div style=\"font-family: sans-serif;color: #333;line-height: 1.6\">\n<div style=\"background-color: #f8f8f8;border: 1px solid #eee;padding: 20px;border-radius: 8px;margin-bottom: 2rem\">\n<p style=\"margin-top: 0;margin-bottom: 1rem;font-size: 1.1rem\"><strong>Coordenador:<\/strong> Bruno Vin\u00edcius Castro Guimar\u00e3es<\/p>\n<p style=\"margin: 0.5rem 0;font-size: 1rem\">Telefone: 77 3493-2100 &#8211; Ramal: 236<\/p>\n<p style=\"margin: 0.5rem 0;font-size: 1rem\">E-mail Coordenador: <a href=\"mailto:bruno.guimaraes@ifbaiano.edu.br\" style=\"color: #0073aa;text-decoration: none\">bruno.guimaraes@ifbaiano.edu.br<\/a><\/p>\n<p style=\"margin-top: 0.5rem;margin-bottom: 0;font-size: 1rem\">E-mail CAE: <a href=\"mailto:cae@guanambi.ifbaiano.edu.br\" style=\"color: #0073aa;text-decoration: none\">cae@guanambi.ifbaiano.edu.br<\/a><\/p>\n<\/div>\n<div style=\"margin-bottom: 2.5rem\">\n<h3 style=\"font-size: 1.5rem;color: #333;margin-top: 0;margin-bottom: 1rem\">Links Importantes<\/h3>\n<p style=\"margin: 0.5rem 0\">\n            <a href=\"https:\/\/www.ifbaiano.edu.br\/unidades\/guanambi\/vurj\" style=\"display: inline-block;background-color: #2F4F4F;color: #ffffff;padding: 10px 15px;text-decoration: none;border-radius: 5px;font-weight: bold;min-width: 150px;text-align: left\">\u25b6 Aux\u00edlio Digital<\/a><\/p>\n<p style=\"margin: 0.5rem 0\">\n            <a href=\"https:\/\/www.ifbaiano.edu.br\/unidades\/guanambi\/paise-3\/\" style=\"display: inline-block;background-color: #2F4F4F;color: #ffffff;padding: 10px 15px;text-decoration: none;border-radius: 5px;font-weight: bold;min-width: 150px;text-align: left\">\u25b6 PAISE<\/a><\/p>\n<p style=\"margin: 0.5rem 0\">\n            <a href=\"http:\/\/www.ifbaiano.edu.br\/unidades\/guanambi\/regimentos-alunos\/\" target=\"_blank\" rel=\"noopener\" style=\"display: inline-block;background-color: #2F4F4F;color: #ffffff;padding: 10px 15px;text-decoration: none;border-radius: 5px;font-weight: bold;min-width: 150px;text-align: left\">\u25b6 REGIMENTOS<\/a><\/p>\n<\/div>\n<hr style=\"border: 0;border-top: 1px solid #eee;margin: 2.5rem 0\">\n<div>\n<h3 style=\"font-size: 1.5rem;color: #2F4F4F;margin-top: 0;margin-bottom: 1.5rem\">\n            Pol\u00edtica de Assist\u00eancia Estudantil<\/h3>\n<p style=\"text-align: justify;margin-bottom: 1.5rem\">A Pol\u00edtica de Assist\u00eancia Estudantil constitui-se de um conjunto de princ\u00edpios e diretrizes norteadoras para o desenvolvimento de programas e linhas de a\u00e7\u00f5es que favore\u00e7am a democratiza\u00e7\u00e3o de acesso, perman\u00eancia e \u00eaxito do discente no seu processo formativo. Compreendida sob uma perspectiva de universaliza\u00e7\u00e3o do direito a educa\u00e7\u00e3o e forma\u00e7\u00e3o integral dos sujeitos, abrange todos os estudantes regularmente matriculados, exceto os aux\u00edlios financeiros que ser\u00e3o destinados apenas aos estudantes dos cursos de n\u00edvel m\u00e9dio e gradua\u00e7\u00e3o de n\u00edvel superior. Os programas que integram esta pol\u00edtica s\u00e3o:<\/p>\n<ol type=\"a\" style=\"padding-left: 20px;margin-bottom: 1.5rem\">\n<li>Programa de Assist\u00eancia e Inclus\u00e3o Social do Estudante (PAISE)<\/li>\n<li>O Programa de Aux\u00edlios Eventuais &#8211; PAE<\/li>\n<li>O Programa de Resid\u00eancia Estudantil<\/li>\n<li>Programa de Alimenta\u00e7\u00e3o Estudantil;<\/li>\n<li>Programa de Incentivo \u00e0 Participa\u00e7\u00e3o Pol\u00edtico Acad\u00eamica &#8211; PROPAC;<\/li>\n<li>Programa de Incentivo \u00e0 Cultura, Esporte e Lazer \u2013 PINCEL;<\/li>\n<li>Programa de Preven\u00e7\u00e3o e Assist\u00eancia \u00e0 Sa\u00fade \u2013 PRO-SA\u00daDE;<\/li>\n<li>Programa de Acompanhamento Psicossocial e Pedag\u00f3gico \u2013 PROAP.<\/li>\n<\/ol>\n<p style=\"text-align: justify\">Estes programas s\u00e3o operacionalizados por meio da concess\u00e3o de aux\u00edlios financeiros parametrados em editais ou por a\u00e7\u00f5es de equipes multiprofissionais e servi\u00e7os. Entende-se que o acesso p\u00fablico e equitativo \u00e0 educa\u00e7\u00e3o profissional e tecnol\u00f3gica \u00e9 objetivo fundamental desta institui\u00e7\u00e3o. Implica, portanto, a implementa\u00e7\u00e3o desta pol\u00edtica para viabilizar a perman\u00eancia e o \u00eaxito do estudante.<\/p>\n<\/div>\n<hr style=\"border: 0;border-top: 1px solid #eee;margin: 2.5rem 0\">\n<div>\n<h3 style=\"font-size: 1.5rem;color: #2F4F4F;margin-top: 0;margin-bottom: 1.5rem\">\n            Equipe CAE<\/h3>\n<div style=\"background-color: #f8f8f8;border: 1px solid #eee;padding: 20px;border-radius: 8px\">\n<ul style=\"padding-left: 10px;margin: 0\">\n<li style=\"padding: 5px 0;border-bottom: 1px dashed #ddd\">Andre Fernandes Laranjeira &#8211; Ramal: 237 &#8211; <a href=\"mailto:andre.laranjeira@ifbaiano.edu.br\" style=\"color: #0073aa;text-decoration: none\">andre.laranjeira@ifbaiano.edu.br<\/a><\/li>\n<li style=\"padding: 5px 0;border-bottom: 1px dashed #ddd\">Georgia Maria Dantas Batista &#8211; Ramal: 237 &#8211; <a href=\"mailto:georgia.batista@ifbaiano.edu.br\" style=\"color: #0073aa;text-decoration: none\">georgia.batista@ifbaiano.edu.br<\/a><\/li>\n<li style=\"padding: 5px 0;border-bottom: 1px dashed #ddd\">Larissa Karla Gomes Lima Guimar\u00e3es &#8211; Ramal: 237 &#8211; <a href=\"mailto:larissa.lima@ifbaiano.edu.br\" style=\"color: #0073aa;text-decoration: none\">larissa.lima@ifbaiano.edu.br<\/a><\/li>\n<li style=\"padding: 5px 0;border-bottom: 1px dashed #ddd\">Marcel Renan Mendes de Carvalho &#8211; Ramal: 237 &#8211; <a href=\"mailto:marcel.carvalho@ifbaiano.edu.br\" style=\"color: #0073aa;text-decoration: none\">marcel.carvalho@ifbaiano.edu.br<\/a><\/li>\n<li style=\"padding: 5px 0;border-bottom: 1px dashed #ddd\">Mayron Charles Pinto Evangelista &#8211; Ramal: 237 &#8211; <a href=\"mailto:charles.pinto@ifbaiano.edu.br\" style=\"color: #0073aa;text-decoration: none\">charles.pinto@ifbaiano.edu.br<\/a><\/li>\n<li style=\"padding: 5px 0\">Silvana Vanessa Martins da Silva Bonfim &#8211; Ramal: 237 &#8211; <a href=\"mailto:silvana.bonfim@ifbaiano.edu.br\" style=\"color: #0073aa;text-decoration: none\">silvana.bonfim@ifbaiano.edu.br<\/a><\/li>\n<\/ul>\n<\/div>\n<\/div>\n<hr style=\"border: 0;border-top: 1px solid #eee;margin: 2.5rem 0\">\n<div>\n<h3 style=\"font-size: 1.5rem;color: #2F4F4F;margin-top: 0;margin-bottom: 1.5rem\">\n            N\u00facleo de Sa\u00fade<\/h3>\n<p style=\"text-align: justify;margin-bottom: 1.5rem\">As atividades ofertadas pela Equipe de Sa\u00fade s\u00e3o destinadas a toda comunidade acad\u00eamica, desde alunos dos cursos m\u00e9dios integrados, subsequentes, superiores e p\u00f3s-gradua\u00e7\u00e3o, bem como aos trabalhadores da educa\u00e7\u00e3o. A equipe multidisciplinar, formada por profissionais de enfermagem, da medicina, da odontologia e da administra\u00e7\u00e3o, mediante pr\u00e9via avalia\u00e7\u00e3o do educando e\/ou trabalhador, procede com a\u00e7\u00f5es e direcionamentos relativos \u00e0 necessidade individual, no que concerne ao apoio psicol\u00f3gico, social e fortalecimento da autoestima, al\u00e9m de orienta\u00e7\u00f5es atinentes \u00e0 preven\u00e7\u00e3o, promo\u00e7\u00e3o, acompanhamento de tratamento cl\u00ednico e \u00e0 educa\u00e7\u00e3o em sa\u00fade. Com essas a\u00e7\u00f5es, constr\u00f3i-se uma plataforma de suporte emocional, acolhimento e resgate motivacional. Ainda, procede-se com a t\u00e9cnica da escuta qualificada no atendimento individualizado, associado \u00e0s visitas familiares, o que, al\u00e9m de favorecer o desenvolvimento singular, promove o cuidado hol\u00edstico.<\/p>\n<p style=\"text-align: justify;margin-bottom: 1.5rem\">Adicionalmente \u00e0s a\u00e7\u00f5es assistenciais, tamb\u00e9m s\u00e3o realizadas atividades de integra\u00e7\u00e3o e promo\u00e7\u00e3o do ensino e extens\u00e3o, com o objetivo de promover aos discentes e trabalhadores da educa\u00e7\u00e3o orienta\u00e7\u00f5es pertinentes \u00e0 preven\u00e7\u00e3o de doen\u00e7as e promo\u00e7\u00e3o da sa\u00fade, por meio da constru\u00e7\u00e3o e fortalecimento da sa\u00fade f\u00edsica e psicol\u00f3gica. Neste contexto, as Pr\u00e1ticas Integrativas e Complementares em Sa\u00fade &#8211; PICS, s\u00e3o ofertadas \u00e0 comunidade acad\u00eamica, resgatando os saberes populares, bem como as pr\u00e1ticas milenares como a Auriculoterapia e a Fitoterapia.<\/p>\n<h4 style=\"font-size: 1.2rem;color: #333;margin-top: 2rem;margin-bottom: 1rem\">Equipe (Sa\u00fade):<\/h4>\n<p><a href=\"mailto:silvana.bonfim@ifbaiano.edu.br\" style=\"color: #0073aa;text-decoration: none\"><\/a><a href=\"mailto:silvana.bonfim@ifbaiano.edu.br\" style=\"color: #0073aa;text-decoration: none\"><\/a><a href=\"mailto:silvana.bonfim@ifbaiano.edu.br\" style=\"color: #0073aa;text-decoration: none\"><\/a><a href=\"mailto:silvana.bonfim@ifbaiano.edu.br\" style=\"color: #0073aa;text-decoration: none\"><\/a><a href=\"mailto:silvana.bonfim@ifbaiano.edu.br\" style=\"color: #0073aa;text-decoration: none\"><\/a><\/p>\n<div style=\"background-color: #f8f8f8;border: 1px solid #eee;padding: 20px;border-radius: 8px\">\n<ul style=\"padding-left: 10px;margin: 0\">\n<li style=\"padding: 5px 0;border-bottom: 1px dashed #ddd\">Andr\u00e9 Fernandes Laranjeira &#8211; <a href=\"mailto:andre.laranjeira@ifbaiano.edu.br\" style=\"color: #0073aa;text-decoration: none\">andre.laranjeira@ifbaiano.edu.br<\/a><\/li>\n<li style=\"padding: 5px 0;border-bottom: 1px dashed #ddd\">Gabryella Castro Guimaraes (Enfermeira) &#8211; Ramal: 335 &#8211; <a href=\"mailto:gabryella.guimaraes@ifbaiano.edu.br\" style=\"color: #0073aa;text-decoration: none\">gabryella.guimaraes@ifbaiano.edu.br<\/a><\/li>\n<li style=\"padding: 5px 0;border-bottom: 1px dashed #ddd\">Guilherme Neves Oliveira (Odont\u00f3logo) &#8211; Ramal: 311 &#8211; <a href=\"mailto:guilherme.neves@ifbaiano.edu.br\" style=\"color: #0073aa;text-decoration: none\">guilherme.neves@ifbaiano.edu.br<\/a><\/li>\n<li style=\"padding: 5px 0;border-bottom: 1px dashed #ddd\">Leonardo Vagner Alves (Enfermeiro) &#8211; Ramal: 335 &#8211; <a href=\"mailto:leonardo.alves@ifbaiano.edu.br\" style=\"color: #0073aa;text-decoration: none\">leonardo.alves@ifbaiano.edu.br<\/a><\/li>\n<li style=\"padding: 5px 0;border-bottom: 1px dashed #ddd\">Luis Augusto Teixeira Laranjeira (M\u00e9dico) &#8211; Ramal: 311 &#8211; <a href=\"mailto:luis.laranjeira@ifbaiano.edu.br\" style=\"color: #0073aa;text-decoration: none\">luis.laranjeira@ifbaiano.edu.br<\/a><\/li>\n<li style=\"padding: 5px 0;border-bottom: 1px dashed #ddd\">Maria Salza Ara\u00fajo Silva Batista (Auxiliar de Enfermagem) &#8211; Ramal: 311 &#8211; <a href=\"mailto:salza.batista@guanambi.ifbaiano.edu.br\" style=\"color: #0073aa;text-decoration: none\">salza.batista@guanambi.ifbaiano.edu.br<\/a><\/li>\n<li style=\"padding: 5px 0\">Nery Evangelista Liberato Faria (T\u00e9cnica em Enfermagem) &#8211; Ramal: 311 &#8211; <a href=\"mailto:nery.faria@ifbaiano.edu.br\" style=\"color: #0073aa;text-decoration: none\">nery.faria@ifbaiano.edu.br<\/a><\/li>\n<\/ul>\n<\/div>\n<\/div>\n<hr style=\"border: 0;border-top: 1px solid #eee;margin: 2.5rem 0\">\n<div>\n<h3 style=\"font-size: 1.5rem;color: #2F4F4F;margin-top: 0;margin-bottom: 1.5rem\">\n            N\u00facleo de Nutri\u00e7\u00e3o<\/h3>\n<p style=\"text-align: justify;margin-bottom: 1.5rem\">A Se\u00e7\u00e3o de Alimenta\u00e7\u00e3o e Nutri\u00e7\u00e3o visa o fornecimento de alimenta\u00e7\u00e3o saud\u00e1vel e de qualidade, buscando atender as necessidades dos estudantes durante o seu per\u00edodo escolar, assim colaborando para o desenvolvimento e aprendizagem dos alunos.<\/p>\n<h4 style=\"font-size: 1.2rem;color: #333;margin-top: 2rem;margin-bottom: 1rem\">Equipe (Nutri\u00e7\u00e3o):<\/h4>\n<div style=\"background-color: #f8f8f8;border: 1px solid #eee;padding: 20px;border-radius: 8px\">\n<ul style=\"padding-left: 10px;margin: 0\">\n<li style=\"padding: 5px 0;border-bottom: 1px dashed #ddd\">Ant\u00f4nio Carlos Alves &#8211; Ramal 235 &#8211; <a href=\"mailto:antonio.alves@ifbaiano.edu.br\" style=\"color: #0073aa;text-decoration: none\">antonio.alves@ifbaiano.edu.br<\/a><\/li>\n<li style=\"padding: 5px 0;border-bottom: 1px dashed #ddd\">Eula Regina Fernandes de Souza &#8211; Ramal 235 &#8211; <a href=\"mailto:eula.souza@ifbaiano.edu.br\" style=\"color: #0073aa;text-decoration: none\">eula.souza@ifbaiano.edu.br<\/a><\/li>\n<li style=\"padding: 5px 0;border-bottom: 1px dashed #ddd\">Joyce Guimar\u00e3es de Cassia Alves &#8211; Ramal 235 &#8211; <a href=\"mailto:joyce.alves@ifbaiano.edu.br\" style=\"color: #0073aa;text-decoration: none\">joyce.alves@ifbaiano.edu.br<\/a><\/li>\n<li style=\"padding: 5px 0;border-bottom: 1px dashed #ddd\">Rafael Ant\u00f4nio Viana da Fonseca &#8211; Ramal 235 &#8211; <a href=\"mailto:rafael.fonseca@ifbaiano.edu.br\" style=\"color: #0073aa;text-decoration: none\">rafael.fonseca@ifbaiano.edu.br<\/a><\/li>\n<li style=\"padding: 5px 0\">Severina Soares Pozzi &#8211; Ramal 235 &#8211; <a href=\"mailto:severina.pozzi@ifbaiano.edu.br\" style=\"color: #0073aa;text-decoration: none\">severina.pozzi@ifbaiano.edu.br<\/a><\/li>\n<\/ul>\n<\/div>\n<\/div>\n<hr style=\"border: 0;border-top: 1px solid #eee;margin: 2.5rem 0\">\n<div>\n<h3 style=\"font-size: 1.5rem;color: #2F4F4F;margin-top: 0;margin-bottom: 1.5rem\">\n            N\u00facleo de Psicologia<\/h3>\n<p style=\"text-align: justify;margin-bottom: 1.5rem\">A Psicologia neste espa\u00e7o atua junto aos alunos, pais e professores, atrav\u00e9s de atendimentos individuais e\/ou em grupo, auxiliando em quest\u00f5es emocionais e comportamentais que podem interferir no processo de ensino\/ aprendizagem e nos relacionamentos interpessoais; realiza orienta\u00e7\u00f5es de estudo e orienta\u00e7\u00f5es profissionais; trabalha com conflitos relativos aos ciclos de vida; acompanha juntamente com a Equipe T\u00e9cnico-Pedag\u00f3gica o rendimento escolar do aluno; pode compor a equipe da Sa\u00fade atuando de forma interdisciplinar na preven\u00e7\u00e3o e promo\u00e7\u00e3o de temas como sexualidade, drogas, viol\u00eancia, qualidade de vida entre outros; A Psicologia Escolar\/Educacional visa ser um agente de mudan\u00e7as na vida da comunidade escolar colaborando para o acesso, perman\u00eancia e \u00eaxito dos alunos.<\/p>\n<h4 style=\"font-size: 1.2rem;color: #333;margin-top: 2rem;margin-bottom: 1rem\">Equipe (Psicologia):<\/h4>\n<div style=\"background-color: #f8f8f8;border: 1px solid #eee;padding: 20px;border-radius: 8px\">\n<ul style=\"padding-left: 10px;margin: 0\">\n<li style=\"padding: 5px 0\">Igor Caio Vieira Malheiro &#8211; Ramal: 232 &#8211; E-mail: <a href=\"mailto:igor.malheiro@guanambi.ifbaiano.edu.br\" style=\"color: #0073aa;text-decoration: none\">igor.malheiro@guanambi.ifbaiano.edu.br<\/a><\/li>\n<\/ul>\n<\/div>\n<\/div>\n<hr style=\"border: 0;border-top: 1px solid #eee;margin: 2.5rem 0\">\n<div>\n<h3 style=\"font-size: 1.5rem;color: #2F4F4F;margin-top: 0;margin-bottom: 1.5rem\">\n            Servi\u00e7o Social<\/h3>\n<p style=\"text-align: justify;margin-bottom: 1.5rem\">O Servi\u00e7o Social \u00e9 uma profiss\u00e3o liberal regulamentada pela lei n \u00ba 8.662\/93, e nesta institui\u00e7\u00e3o desenvolve atribui\u00e7\u00f5es e compet\u00eancias afins ao campo educacional. Tem como profissional o Assistente Social, que atua na implementa\u00e7\u00e3o da Pol\u00edtica de Assist\u00eancia Estudantil, junto a outras categorias e desenvolve atividades visando auxiliar os estudantes no acesso aos direitos, seja nesta institui\u00e7\u00e3o, seja no encaminhamento deles \u00e0 rede de pol\u00edticas sociais p\u00fablicas. Atua ainda em comiss\u00f5es e n\u00facleos, dando suporte t\u00e9cnico-profissional em quest\u00f5es que visam tanto o bem-estar dos estudantes, como tamb\u00e9m viabilizando condi\u00e7\u00f5es \u2013 a partir do aparato institucional &#8211; para a perman\u00eancia do estudante na institui\u00e7\u00e3o.<\/p>\n<h4 style=\"font-size: 1.2rem;color: #333;margin-top: 2rem;margin-bottom: 1rem\">Equipe (Servi\u00e7o Social):<\/h4>\n<div style=\"background-color: #f8f8f8;border: 1px solid #eee;padding: 20px;border-radius: 8px\">\n<ul style=\"padding-left: 10px;margin: 0\">\n<li style=\"padding: 5px 0\">Lucas Reis Trindade Nascimento &#8211; Ramal 209 &#8211; <a href=\"mailto:lucas.nascimento@ifbaiano.edu.br\" style=\"color: #0073aa;text-decoration: none\">lucas.nascimento@ifbaiano.edu.br<\/a><\/li>\n<\/ul>\n<\/div>\n<\/div>\n<hr style=\"border: 0;border-top: 1px solid #eee;margin: 2.5rem 0\">\n<div>\n<h3 style=\"font-size: 1.5rem;color: #2F4F4F;margin-top: 0;margin-bottom: 1.5rem\">\n            Setor de Esporte Lazer e Cultura<\/h3>\n<p style=\"font-style: italic;color: #777\">(Em breve, mais informa\u00e7\u00f5es sobre esta se\u00e7\u00e3o.)<\/p>\n<\/div>\n<\/div>\n","protected":false},"excerpt":{"rendered":"<p>Coordenador: Bruno Vin\u00edcius Castro Guimar\u00e3es Telefone: 77 3493-2100 &#8211; Ramal: 236 E-mail Coordenador: bruno.guimaraes@ifbaiano.edu.br E-mail CAE: cae@guanambi.ifbaiano.edu.br Links Importantes \u25b6 Aux\u00edlio Digital \u25b6 PAISE \u25b6 REGIMENTOS Pol\u00edtica de Assist\u00eancia Estudantil A Pol\u00edtica de Assist\u00eancia Estudantil constitui-se de um conjunto de princ\u00edpios e diretrizes norteadoras para o desenvolvimento de programas e linhas de a\u00e7\u00f5es que favore\u00e7am [&hellip;]<\/p>\n","protected":false},"author":75,"featured_media":0,"parent":5614,"menu_order":0,"comment_status":"closed","ping_status":"closed","template":"","meta":[],"_links":{"self":[{"href":"https:\/\/www.ifbaiano.edu.br\/unidades\/guanambi\/wp-json\/wp\/v2\/pages\/5618"}],"collection":[{"href":"https:\/\/www.ifbaiano.edu.br\/unidades\/guanambi\/wp-json\/wp\/v2\/pages"}],"about":[{"href":"https:\/\/www.ifbaiano.edu.br\/unidades\/guanambi\/wp-json\/wp\/v2\/types\/page"}],"author":[{"embeddable":true,"href":"https:\/\/www.ifbaiano.edu.br\/unidades\/guanambi\/wp-json\/wp\/v2\/users\/75"}],"replies":[{"embeddable":true,"href":"https:\/\/www.ifbaiano.edu.br\/unidades\/guanambi\/wp-json\/wp\/v2\/comments?post=5618"}],"version-history":[{"count":18,"href":"https:\/\/www.ifbaiano.edu.br\/unidades\/guanambi\/wp-json\/wp\/v2\/pages\/5618\/revisions"}],"predecessor-version":[{"id":15416,"href":"https:\/\/www.ifbaiano.edu.br\/unidades\/guanambi\/wp-json\/wp\/v2\/pages\/5618\/revisions\/15416"}],"up":[{"embeddable":true,"href":"https:\/\/www.ifbaiano.edu.br\/unidades\/guanambi\/wp-json\/wp\/v2\/pages\/5614"}],"wp:attachment":[{"href":"https:\/\/www.ifbaiano.edu.br\/unidades\/guanambi\/wp-json\/wp\/v2\/media?parent=5618"}],"curies":[{"name":"wp","href":"https:\/\/api.w.org\/{rel}","templated":true}]}}