{"id":5636,"date":"2016-12-14T21:55:01","date_gmt":"2016-12-14T21:55:01","guid":{"rendered":"http:\/\/www.ifbaiano.edu.br\/unidades\/guanambi\/?page_id=5636"},"modified":"2026-03-24T15:19:37","modified_gmt":"2026-03-24T18:19:37","slug":"coordenacao-de-unidade-educativas-de-campo","status":"publish","type":"page","link":"https:\/\/www.ifbaiano.edu.br\/unidades\/guanambi\/diretoria-academica\/coordenacao-de-unidade-educativas-de-campo\/","title":{"rendered":"Coordena\u00e7\u00e3o de Unidade Educativas de Campo"},"content":{"rendered":"<div style=\"font-family: sans-serif;color: #333;line-height: 1.6\">\n<div style=\"background-color: #f8f8f8;border: 1px solid #eee;padding: 20px;border-radius: 8px;margin-bottom: 2rem\">\n<p style=\"margin-top: 0;margin-bottom: 1rem;font-size: 1.1rem\"><strong>Coordenador:<\/strong><\/p>\n<p style=\"margin: 0.5rem 0;font-size: 1rem\"><strong>Telefone:<\/strong> 77 3493-2100 &#8211; Ramal:<\/p>\n<p style=\"margin-top: 0.5rem;margin-bottom: 0;font-size: 1rem\"><strong>Endere\u00e7o eletr\u00f4nico:<\/strong> <a style=\"color: #0073aa;text-decoration: none\" href=\"mailto:ancilon.silva@ifbaiano.edu.br\">ancilon.silva@ifbaiano.edu.br<\/a><\/p>\n<\/div>\n<hr style=\"border: 0;border-top: 1px solid #eee;margin: 2.5rem 0\" \/>\n<h3 style=\"font-size: 1.5rem;color: #2f4f4f;margin-top: 2rem;margin-bottom: 1.5rem\">Apresenta\u00e7\u00e3o<\/h3>\n<p style=\"text-align: justify;margin-bottom: 1.5rem\">A Unidade Educativa de Campo do IF Baiano integra setores de produ\u00e7\u00e3o agr\u00edcola, animal e \u00e1reas de expans\u00e3o e\/ou preserva\u00e7\u00e3o e conserva\u00e7\u00e3o, objetivando apoiar o desenvolvimento de pesquisas e a\u00e7\u00f5es de extens\u00e3o nas diversas \u00e1reas t\u00e9cnicas. Assim, torna-se prop\u00edcio o desenvolvimento de atividades pr\u00e1ticas relacionadas \u00e0 aprendizagem te\u00f3rica em sala de aula, como, por exemplo, o preparo de solo, aduba\u00e7\u00e3o, plantio\/cultivo, controle fitossanit\u00e1rio, colheita e tratamento p\u00f3s-colheita, preparo do local e recep\u00e7\u00e3o de animais, acompanhamento do crescimento\/desenvolvimento e abate, dentre outras atividades.<\/p>\n<\/div>\n","protected":false},"excerpt":{"rendered":"<p>Coordenador: Telefone: 77 3493-2100 &#8211; Ramal: Endere\u00e7o eletr\u00f4nico: ancilon.silva@ifbaiano.edu.br Apresenta\u00e7\u00e3o A Unidade Educativa de Campo do IF Baiano integra setores de produ\u00e7\u00e3o agr\u00edcola, animal e \u00e1reas de expans\u00e3o e\/ou preserva\u00e7\u00e3o e conserva\u00e7\u00e3o, objetivando apoiar o desenvolvimento de pesquisas e a\u00e7\u00f5es de extens\u00e3o nas diversas \u00e1reas t\u00e9cnicas. Assim, torna-se prop\u00edcio o desenvolvimento de atividades pr\u00e1ticas relacionadas [&hellip;]<\/p>\n","protected":false},"author":75,"featured_media":0,"parent":5614,"menu_order":0,"comment_status":"closed","ping_status":"closed","template":"","meta":[],"_links":{"self":[{"href":"https:\/\/www.ifbaiano.edu.br\/unidades\/guanambi\/wp-json\/wp\/v2\/pages\/5636"}],"collection":[{"href":"https:\/\/www.ifbaiano.edu.br\/unidades\/guanambi\/wp-json\/wp\/v2\/pages"}],"about":[{"href":"https:\/\/www.ifbaiano.edu.br\/unidades\/guanambi\/wp-json\/wp\/v2\/types\/page"}],"author":[{"embeddable":true,"href":"https:\/\/www.ifbaiano.edu.br\/unidades\/guanambi\/wp-json\/wp\/v2\/users\/75"}],"replies":[{"embeddable":true,"href":"https:\/\/www.ifbaiano.edu.br\/unidades\/guanambi\/wp-json\/wp\/v2\/comments?post=5636"}],"version-history":[{"count":8,"href":"https:\/\/www.ifbaiano.edu.br\/unidades\/guanambi\/wp-json\/wp\/v2\/pages\/5636\/revisions"}],"predecessor-version":[{"id":17095,"href":"https:\/\/www.ifbaiano.edu.br\/unidades\/guanambi\/wp-json\/wp\/v2\/pages\/5636\/revisions\/17095"}],"up":[{"embeddable":true,"href":"https:\/\/www.ifbaiano.edu.br\/unidades\/guanambi\/wp-json\/wp\/v2\/pages\/5614"}],"wp:attachment":[{"href":"https:\/\/www.ifbaiano.edu.br\/unidades\/guanambi\/wp-json\/wp\/v2\/media?parent=5636"}],"curies":[{"name":"wp","href":"https:\/\/api.w.org\/{rel}","templated":true}]}}