{"id":6906,"date":"2018-04-05T17:19:10","date_gmt":"2018-04-05T20:19:10","guid":{"rendered":"http:\/\/www.ifbaiano.edu.br\/unidades\/guanambi\/?page_id=6906"},"modified":"2018-04-06T15:38:38","modified_gmt":"2018-04-06T18:38:38","slug":"relatorios-de-producao","status":"publish","type":"page","link":"https:\/\/www.ifbaiano.edu.br\/unidades\/guanambi\/transparencia\/relatorios-de-producao\/","title":{"rendered":"Relat\u00f3rios de Produ\u00e7\u00e3o"},"content":{"rendered":"<table style=\"width: 100%\">\n<tbody>\n<tr>\n<th style=\"background-color: #4caf50;color: white;padding: 15px;text-align: center\">2018<\/th>\n<th><\/th>\n<\/tr>\n<tr style=\"background-color: #4caf50;color: white;padding: 15px;text-align: center\">\n<th style=\"padding: 15px;text-align: center\">Janeiro<\/th>\n<th style=\"padding: 15px;text-align: center\">Fevereiro<\/th>\n<th style=\"padding: 15px;text-align: center\">Mar\u00e7o<\/th>\n<th style=\"padding: 15px;text-align: center\">Abril<\/th>\n<th style=\"padding: 15px;text-align: center\">Maio<\/th>\n<th style=\"padding: 15px;text-align: center\">Junho<\/th>\n<\/tr>\n<tr style=\"border-bottom: 3px solid #4CAF50\">\n<td style=\"padding: 8px;padding-bottom: 4px;text-align: center\"><a href=\"http:\/\/www.ifbaiano.edu.br\/unidades\/guanambi\/files\/2018\/04\/Relat\u00f3rio-de-Produ\u00e7\u00e3o-Janeiro.pdf\" target=\"_blank\">Relat\u00f3rio de Produ\u00e7\u00e3o<\/a><\/td>\n<td style=\"padding: 8px;padding-bottom: 4px;text-align: center\"><a href=\"http:\/\/www.ifbaiano.edu.br\/unidades\/guanambi\/files\/2018\/04\/Relat\u00f3rio-de-Produ\u00e7\u00e3o-Fevereiro.pdf\" target=\"_blank\">Relat\u00f3rio de Produ\u00e7\u00e3o<\/a><\/td>\n<td style=\"padding: 8px;padding-bottom: 4px;text-align: center\"><a href=\"http:\/\/www.ifbaiano.edu.br\/unidades\/guanambi\/files\/2018\/04\/Relat\u00f3rio-de-Produ\u00e7\u00e3o-Mar\u00e7o.pdf\" target=\"_blank\">Relat\u00f3rio de Produ\u00e7\u00e3o<\/a><\/td>\n<td style=\"padding: 8px;padding-bottom: 4px;text-align: center\"><\/td>\n<td style=\"padding: 8px;padding-bottom: 4px;text-align: center\"><\/td>\n<td style=\"padding: 8px;padding-bottom: 4px;text-align: center\"><\/td>\n<\/tr>\n<tr>\n<td style=\"padding: 8px;padding-top: 4px;text-align: center\"><\/td>\n<td style=\"padding: 8px;padding-top: 4px;text-align: center\"><\/td>\n<td style=\"padding: 8px;padding-top: 4px;text-align: center\"><\/td>\n<td style=\"padding: 8px;padding-top: 4px;text-align: center\"><\/td>\n<td style=\"padding: 8px;padding-top: 4px;text-align: center\"><\/td>\n<td style=\"padding: 8px;padding-top: 4px;text-align: center\"><\/td>\n<\/tr>\n<tr style=\"background-color: #4caf50;color: white;padding: 15px;text-align: center\">\n<th style=\"padding: 10px;text-align: center\">Julho<\/th>\n<th style=\"padding: 10px;text-align: center\">Agosto<\/th>\n<th style=\"padding: 10px;text-align: center\">Setembro<\/th>\n<th style=\"padding: 10px;text-align: center\">Outubro<\/th>\n<th style=\"padding: 10px;text-align: center\">Novembro<\/th>\n<th style=\"padding: 10px;text-align: center\">Dezembro<\/th>\n<\/tr>\n<tr>\n<td style=\"padding: 8px;padding-bottom: 4px;text-align: center\"><\/td>\n<td style=\"padding: 8px;padding-bottom: 4px;text-align: center\"><\/td>\n<td style=\"padding: 8px;padding-bottom: 4px;text-align: center\"><\/td>\n<td style=\"padding: 8px;padding-bottom: 4px;text-align: center\"><\/td>\n<td style=\"padding: 8px;padding-bottom: 4px;text-align: center\"><\/td>\n<td style=\"padding: 8px;padding-bottom: 4px;text-align: center\"><\/td>\n<\/tr>\n<tr>\n<td style=\"padding: 8px;padding-top: 4px;text-align: center\"><\/td>\n<td style=\"padding: 8px;padding-top: 4px;text-align: center\"><\/td>\n<td style=\"padding: 8px;padding-top: 4px;text-align: center\"><\/td>\n<td style=\"padding: 8px;padding-top: 4px;text-align: center\"><\/td>\n<td style=\"padding: 8px;padding-top: 4px;text-align: center\"><\/td>\n<td style=\"padding: 8px;padding-top: 4px;text-align: center\"><\/td>\n<\/tr>\n<\/tbody>\n<\/table>\n","protected":false},"excerpt":{"rendered":"<p>2018 Janeiro Fevereiro Mar\u00e7o Abril Maio Junho Relat\u00f3rio de Produ\u00e7\u00e3o Relat\u00f3rio de Produ\u00e7\u00e3o Relat\u00f3rio de Produ\u00e7\u00e3o Julho Agosto Setembro Outubro Novembro Dezembro<\/p>\n","protected":false},"author":75,"featured_media":0,"parent":5533,"menu_order":0,"comment_status":"closed","ping_status":"closed","template":"","meta":[],"_links":{"self":[{"href":"https:\/\/www.ifbaiano.edu.br\/unidades\/guanambi\/wp-json\/wp\/v2\/pages\/6906"}],"collection":[{"href":"https:\/\/www.ifbaiano.edu.br\/unidades\/guanambi\/wp-json\/wp\/v2\/pages"}],"about":[{"href":"https:\/\/www.ifbaiano.edu.br\/unidades\/guanambi\/wp-json\/wp\/v2\/types\/page"}],"author":[{"embeddable":true,"href":"https:\/\/www.ifbaiano.edu.br\/unidades\/guanambi\/wp-json\/wp\/v2\/users\/75"}],"replies":[{"embeddable":true,"href":"https:\/\/www.ifbaiano.edu.br\/unidades\/guanambi\/wp-json\/wp\/v2\/comments?post=6906"}],"version-history":[{"count":3,"href":"https:\/\/www.ifbaiano.edu.br\/unidades\/guanambi\/wp-json\/wp\/v2\/pages\/6906\/revisions"}],"predecessor-version":[{"id":6923,"href":"https:\/\/www.ifbaiano.edu.br\/unidades\/guanambi\/wp-json\/wp\/v2\/pages\/6906\/revisions\/6923"}],"up":[{"embeddable":true,"href":"https:\/\/www.ifbaiano.edu.br\/unidades\/guanambi\/wp-json\/wp\/v2\/pages\/5533"}],"wp:attachment":[{"href":"https:\/\/www.ifbaiano.edu.br\/unidades\/guanambi\/wp-json\/wp\/v2\/media?parent=6906"}],"curies":[{"name":"wp","href":"https:\/\/api.w.org\/{rel}","templated":true}]}}