{"id":8384,"date":"2019-05-22T10:36:00","date_gmt":"2019-05-22T13:36:00","guid":{"rendered":"http:\/\/www.ifbaiano.edu.br\/unidades\/guanambi\/?page_id=8384"},"modified":"2026-01-22T16:32:26","modified_gmt":"2026-01-22T19:32:26","slug":"sra","status":"publish","type":"page","link":"https:\/\/www.ifbaiano.edu.br\/unidades\/guanambi\/sra\/","title":{"rendered":"Secretaria de Registros Acad\u00eamicos"},"content":{"rendered":"<div style=\"font-family: sans-serif;color: #333;line-height: 1.6\">\n<h3 style=\"font-size: 1.5rem;color: #2f4f4f;margin-top: 0;margin-bottom: 1.5rem\">Apresenta\u00e7\u00e3o<\/h3>\n<p style=\"text-align: justify;margin-bottom: 1rem\">A Secretaria de Registros Acad\u00eamicos (SRA) \u00e9 um setor vinculado \u00e0 Dire\u00e7\u00e3o Acad\u00eamica, respons\u00e1vel pelo registro, verifica\u00e7\u00e3o, controle, manuten\u00e7\u00e3o e arquivamento documentos que integram a vida acad\u00eamica dos discentes, desde o ingresso na institui\u00e7\u00e3o at\u00e9 a conclus\u00e3o do curso; receber protocolos acad\u00eamicos referentes \u00e0 solicita\u00e7\u00f5es discentes; tramitar as solicita\u00e7\u00f5es discentes: declara\u00e7\u00f5es, hist\u00f3rico escolar, diplomas e outros renova\u00e7\u00e3o de matr\u00edcula, trancamento de matr\u00edcula, mudan\u00e7a de turno, <em>aproveitamento de estudos,<\/em> exerc\u00edcio domiciliar, revis\u00e3o de avalia\u00e7\u00e3o, segunda chamada de avalia\u00e7\u00f5es, cola\u00e7\u00e3o de grau e demais documentos referentes \u00e0 quest\u00f5es acad\u00eamicas. Compete ainda \u00e0 SRA realizar atendimentos a servidores, discentes e \u00e0 comunidade externa fornecendo informa\u00e7\u00f5es e encaminhando solicita\u00e7\u00f5es.<\/p>\n<p style=\"text-align: justify;margin-bottom: 1.5rem\">Toda solicita\u00e7\u00e3o dos discentes, deve ser feita mediante requerimento espec\u00edfico a ser preenchido e entregue na Secretaria de Registros Acad\u00eamicos, que o encaminhar\u00e1 aos setores competentes. Devem ser anexados ao requerimento documentos que comprovem e justifiquem, quando for o caso, os motivos da solicita\u00e7\u00e3o, respeitadas as datas e os prazos estabelecidos.<\/p>\n<div style=\"background-color: #f8f8f8;border: 1px solid #eee;padding: 20px;border-radius: 8px;margin-bottom: 2rem\">\n<p style=\"margin-top: 0;margin-bottom: 1rem;font-size: 1.1rem\"><strong>Chefe:<\/strong> Alencastre Hon\u00f3rio Moura<\/p>\n<p style=\"margin: 0.5rem 0;font-size: 1rem\">Telefone: 2102 &#8211; 6490 \u2013 Ramal: 6490<\/p>\n<p style=\"margin-top: 0.5rem;margin-bottom: 1.5rem;font-size: 1rem\">E-mail: <a style=\"color: #0073aa;text-decoration: none\" href=\"mailto:sra@guanambi.ifbaiano.edu.br\">sra@guanambi.ifbaiano.edu.br<\/a><\/p>\n<hr style=\"border: 0;border-top: 1px dashed #ddd;margin: 1.5rem 0\" \/>\n<p style=\"margin-top: 0;margin-bottom: 1rem;font-size: 1.1rem\"><strong>Equipe:<\/strong><\/p>\n<ul style=\"padding-left: 25px;margin: 0\">\n<li>C\u00e1ssia Lopes Rocha<\/li>\n<li>Eliana Alves Badar\u00f3<\/li>\n<li>Luciano Farias Cardoso<\/li>\n<li>Patr\u00edcia Pereira de Oliveira<\/li>\n<li>Rog\u00e9rio Brito Santana Pires<\/li>\n<li>Dalcy Alves de Souza<\/li>\n<li>Leila Miranda Pereira<\/li>\n<li>Giseli Barros Rocha<\/li>\n<\/ul>\n<\/div>\n<h3 style=\"font-size: 1.5rem;color: #2f4f4f;margin-top: 2rem;margin-bottom: 1.5rem\">Contatos por Modalidade de Ensino<\/h3>\n<div style=\"margin-top: 1.5rem;border: 1px solid #ddd;border-radius: 8px;overflow: hidden;margin-bottom: 2.5rem\">\n<figure class=\"wp-block-table\">\n<table style=\"width: 100%;border-collapse: collapse;font-family: sans-serif\">\n<thead style=\"background-color: #2f4f4f;color: #ffffff\">\n<tr>\n<th style=\"padding: 12px 15px;text-align: left;font-size: 1rem;font-weight: bold\">Modalidade<\/th>\n<th style=\"padding: 12px 15px;text-align: left;font-size: 1rem;font-weight: bold\">E-mail<\/th>\n<\/tr>\n<\/thead>\n<tbody>\n<tr>\n<td style=\"padding: 12px 15px;border-bottom: 1px solid #eee;text-align: left;vertical-align: top;background-color: #ffffff\">P\u00f3s Gradua\u00e7\u00e3o<\/td>\n<td style=\"padding: 12px 15px;border-bottom: 1px solid #eee;text-align: left;vertical-align: top;background-color: #ffffff\"><a style=\"color: #0073aa;text-decoration: none\" href=\"mailto:sra.pos@guanambi.ifbaiano.edu.br\">sra.pos@guanambi.ifbaiano.edu.br<\/a><\/td>\n<\/tr>\n<tr>\n<td style=\"padding: 12px 15px;border-bottom: 1px solid #eee;text-align: left;vertical-align: top;background-color: #f8f8f8\">Ensino Superior<\/td>\n<td style=\"padding: 12px 15px;border-bottom: 1px solid #eee;text-align: left;vertical-align: top;background-color: #f8f8f8\"><a style=\"color: #0073aa;text-decoration: none\" href=\"mailto:sra.superior@guanambi.ifbaiano.edu.br\">sra.superior@guanambi.ifbaiano.edu.br<\/a><\/td>\n<\/tr>\n<tr>\n<td style=\"padding: 12px 15px;border-bottom: 1px solid #eee;text-align: left;vertical-align: top;background-color: #ffffff\">Ensino Subsequente<\/td>\n<td style=\"padding: 12px 15px;border-bottom: 1px solid #eee;text-align: left;vertical-align: top;background-color: #ffffff\"><a style=\"color: #0073aa;text-decoration: none\" href=\"mailto:sra.subsequente@guanambi.ifbaiano.edu.br\">sra.subsequente@guanambi.ifbaiano.edu.br<\/a><\/td>\n<\/tr>\n<tr>\n<td style=\"padding: 12px 15px;border-bottom: 1px solid #eee;text-align: left;vertical-align: top;background-color: #f8f8f8\">Ensino Integrado<\/td>\n<td style=\"padding: 12px 15px;border-bottom: 1px solid #eee;text-align: left;vertical-align: top;background-color: #f8f8f8\"><a style=\"color: #0073aa;text-decoration: none\" href=\"mailto:sra.integrado@guanambi.ifbaiano.edu.br\">sra.integrado@guanambi.ifbaiano.edu.br<\/a><\/td>\n<\/tr>\n<tr>\n<td style=\"padding: 12px 15px;border-bottom: 1px solid #eee;text-align: left;vertical-align: top;background-color: #ffffff\">Ensino EAD<\/td>\n<td style=\"padding: 12px 15px;border-bottom: 1px solid #eee;text-align: left;vertical-align: top;background-color: #ffffff\"><a style=\"color: #0073aa;text-decoration: none\" href=\"mailto:sra.ead@guanambi.ifbaiano.edu.br\">sra.ead@guanambi.ifbaiano.edu.br<\/a><\/td>\n<\/tr>\n<tr>\n<td style=\"padding: 12px 15px;border-bottom: none;text-align: left;vertical-align: top;background-color: #f8f8f8\">Ensino FIC<\/td>\n<td style=\"padding: 12px 15px;border-bottom: none;text-align: left;vertical-align: top;background-color: #f8f8f8\"><a style=\"color: #0073aa;text-decoration: none\" href=\"mailto:sra.fic@guanambi.ifbaiano.edu.br\">sra.fic@guanambi.ifbaiano.edu.br<\/a><\/td>\n<\/tr>\n<\/tbody>\n<\/table>\n<\/figure>\n<\/div>\n<hr style=\"border: 0;border-top: 1px solid #eee;margin: 2.5rem 0\" \/>\n<div>\n<h3 style=\"font-size: 1.5rem;color: #2f4f4f;margin-top: 0;margin-bottom: 1.5rem\">Requerimentos<\/h3>\n<p style=\"margin: 0.5rem 0\"><a style=\"display: inline-block;background-color: #006400;color: #ffffff;padding: 10px 15px;text-decoration: none;border-radius: 5px;font-weight: bold;margin-right: 10px;margin-bottom: 10px\" href=\"https:\/\/www.ifbaiano.edu.br\/unidades\/guanambi\/files\/2025\/08\/ANEXO-IV-REQUERIMENTO-COLACAO-DE-GRAU-EXPEDICAO-DE-DIPLOMA-CERTIFICADO-2025.pdf\" target=\"_blank\" rel=\"noreferrer noopener\">REQUERIMENTO COLA\u00c7\u00c3O DE GRAU \/ DIPLOMA<\/a><\/p>\n<p style=\"margin: 0.5rem 0\"><a style=\"display: inline-block;background-color: #006400;color: #ffffff;padding: 10px 15px;text-decoration: none;border-radius: 5px;font-weight: bold;margin-right: 10px;margin-bottom: 10px\" href=\"https:\/\/www.ifbaiano.edu.br\/unidades\/guanambi\/files\/2025\/08\/ANEXO-III-TERMO-DE-RESPONSABILIDADE-SOBRE-AS-INFORMACOES-PRESTADAS-E-DOCUMENTOS-APRESENTADOS.pdf\" target=\"_blank\" rel=\"noreferrer noopener\">TERMO DE RESPONSABILIDADE<\/a><\/p>\n<p style=\"margin: 0.5rem 0\"><a style=\"display: inline-block;background-color: #006400;color: #ffffff;padding: 10px 15px;text-decoration: none;border-radius: 5px;font-weight: bold;margin-right: 10px;margin-bottom: 10px\" href=\"https:\/\/www.ifbaiano.edu.br\/unidades\/guanambi\/files\/2025\/08\/ANEXO-V-REQUERIMENTO-INCLUSAO-NOME-SOCIAL-2025.pdf\" target=\"_blank\" rel=\"noreferrer noopener\" data-type=\"URL\" data-id=\"https:\/\/www.ifbaiano.edu.br\/unidades\/guanambi\/files\/2025\/08\/ANEXO-V-REQUERIMENTO-INCLUSAO-NOME-SOCIAL-2025.pdf\">REQUERIMENTO INCLUS\u00c3O NOME SOCIAL<\/a><\/p>\n<p style=\"margin: 0.5rem 0\"><a style=\"display: inline-block;background-color: #006400;color: #ffffff;padding: 10px 15px;text-decoration: none;border-radius: 5px;font-weight: bold;margin-right: 10px;margin-bottom: 10px\" href=\"https:\/\/www.ifbaiano.edu.br\/unidades\/guanambi\/files\/2025\/08\/2020_Requerimento-Diversos.pdf\" target=\"_blank\" rel=\"noreferrer noopener\" data-type=\"URL\" data-id=\"https:\/\/www.ifbaiano.edu.br\/unidades\/guanambi\/files\/2025\/08\/2020_Requerimento-Diversos.pdf\">REQUERIMENTO DIVERSOS<\/a><\/p>\n<\/div>\n<hr style=\"border: 0;border-top: 1px solid #eee;margin: 2.5rem 0\" \/>\n<div style=\"background-color: #f8f8f8;border: 1px solid #eee;padding: 20px;border-radius: 8px;margin-bottom: 2.5rem\">\n<h4 style=\"font-size: 1.2rem;color: #333;margin-top: 0;margin-bottom: 0.5rem\">Hor\u00e1rio de funcionamento<\/h4>\n<p style=\"font-size: 1.1rem;color: #2f4f4f;font-weight: bold;margin: 0\">Segunda-feira \u00e0 Sexta-feira das 08h \u00e0s 20h.<\/p>\n<\/div>\n<h3 style=\"font-size: 1.5rem;color: #2f4f4f;margin-top: 0;margin-bottom: 1.5rem\">Algumas Especificidades<\/h3>\n<details style=\"border: 1px solid #ddd;border-radius: 5px;margin-bottom: 10px;overflow: hidden\">\n<summary style=\"padding: 12px 15px;cursor: pointer;font-weight: bold;background-color: #f0f0f0;color: #333;font-size: 1.1rem\">Matr\u00edcula<\/summary>\n<div style=\"padding: 20px;background-color: #fdfdfd;border-top: 1px solid #ddd\">\n<p style=\"margin-top: 0\">A matr\u00edcula \u00e9 o ato formal pelo qual se inicia a vincula\u00e7\u00e3o acad\u00eamica do estudante \u00e0 Institui\u00e7\u00e3o de Ensino. Ela pode ser efetuada pelo estudante, por seu respons\u00e1vel legal ou por procurador legalmente constitu\u00eddo.<\/p>\n<\/div>\n<\/details>\n<details style=\"border: 1px solid #ddd;border-radius: 5px;margin-bottom: 10px;overflow: hidden\">\n<summary style=\"padding: 12px 15px;cursor: pointer;font-weight: bold;background-color: #f0f0f0;color: #333;font-size: 1.1rem\">Renova\u00e7\u00e3o de matr\u00edcula<\/summary>\n<div style=\"padding: 20px;background-color: #fdfdfd;border-top: 1px solid #ddd\">\n<p style=\"margin-top: 0\">A matr\u00edcula dever\u00e1 ser renovada a cada novo per\u00edodo letivo, sendo que a n\u00e3o renova\u00e7\u00e3o da matr\u00edcula pelo estudante, sem justificativa legal, caracteriza o abandono do curso e conseq\u00fcente desvincula\u00e7\u00e3o da institui\u00e7\u00e3o. Para efetivar a renova\u00e7\u00e3o da matr\u00edcula, o estudante ou seu respons\u00e1vel dever\u00e1 acessar o sistema SUAP e proceder conforme manual abaixo.<\/p>\n<p><a href=\"https:\/\/wiki.ifbaiano.edu.br\/bin\/view\/Wikis\/DGTI\/CODES\/Sistemas\/SUAP\/Alunos\/Rematricula\/\" target=\"_blank\" rel=\"noopener noreferrer\">Manual de Renova\u00e7\u00e3o de Matr\u00edcula (SUAP)<\/a><\/p>\n<\/div>\n<\/details>\n<details style=\"border: 1px solid #ddd;border-radius: 5px;margin-bottom: 10px;overflow: hidden\">\n<summary style=\"padding: 12px 15px;cursor: pointer;font-weight: bold;background-color: #f0f0f0;color: #333;font-size: 1.1rem\">Mudan\u00e7a de turno (apenas para alunos do subseq\u00fcente)<\/summary>\n<div style=\"padding: 20px;background-color: #fdfdfd;border-top: 1px solid #ddd\">\n<p style=\"margin-top: 0\">O aluno poder\u00e1 requerer mudan\u00e7a de turno, desde que seja atendido o seguinte requisito:<\/p>\n<p>Impossibilidade comprovada de freq\u00fcentar as aulas no turno em que esteja matriculado por problemas de sa\u00fade, por motivo de trabalho ou por quest\u00e3o disciplinar ou pedag\u00f3gica.<\/p>\n<\/div>\n<\/details>\n<details style=\"border: 1px solid #ddd;border-radius: 5px;margin-bottom: 10px;overflow: hidden\">\n<summary style=\"padding: 12px 15px;cursor: pointer;font-weight: bold;background-color: #f0f0f0;color: #333;font-size: 1.1rem\">Trancamento de matr\u00edcula (Subseq\u00fcente \/ Superior \/ P\u00f3s-Gradua\u00e7\u00e3o)<\/summary>\n<div style=\"padding: 20px;background-color: #fdfdfd;border-top: 1px solid #ddd\">\n<p style=\"margin-top: 0\">O trancamento da matr\u00edcula poder\u00e1 ser feito atrav\u00e9s de requerimento do estudante, para interrup\u00e7\u00e3o tempor\u00e1ria dos estudos, respeitados o processo legal e os prazos estabelecidos.<\/p>\n<p><strong>Requerimento:<\/strong> (Utilizar o REQUERIMENTO DIVERSOS, dispon\u00edvel na se\u00e7\u00e3o &#8220;Requerimentos&#8221; acima).<\/p>\n<\/div>\n<\/details>\n<details style=\"border: 1px solid #ddd;border-radius: 5px;margin-bottom: 10px;overflow: hidden\">\n<summary style=\"padding: 12px 15px;cursor: pointer;font-weight: bold;background-color: #f0f0f0;color: #333;font-size: 1.1rem\">Aproveitamento de estudos (Subseq\u00fcente \/ Superior \/ P\u00f3s-Gradua\u00e7\u00e3o)<\/summary>\n<div style=\"padding: 20px;background-color: #fdfdfd;border-top: 1px solid #ddd\">\n<p style=\"margin-top: 0\">O aproveitamento de estudos \u00e9 o processo de reconhecimento de componentes curriculares cursados com aprova\u00e7\u00e3o em cursos de EPTNM \/ Superiores \/ P\u00f3s-Gradua\u00e7\u00e3o), desde que diretamente relacionados com o perfil profissional de conclus\u00e3o da respectiva habilita\u00e7\u00e3o profissional.<\/p>\n<p>Para esta solicita\u00e7\u00e3o, o estudante dever\u00e1 adotar os procedimentos a seguir:<\/p>\n<ol>\n<li>Preencher na SRA formul\u00e1rio pr\u00f3prio (REQUERIMENTO DIVERSOS), especificando o(s) componente(s) curricular(es) pretendido(s); e<\/li>\n<li>Anexar os seguintes documentos devidamente autenticados e assinados pela Institui\u00e7\u00e3o de origem: <strong>Hist\u00f3rico Escolar, Ementa do Componente Curricular do curso de origem e Ementa do Componente Curricular do curso atual, respeitados o processo legal e os prazos estabelecidos.<\/strong><\/li>\n<\/ol>\n<\/div>\n<\/details>\n<details style=\"border: 1px solid #ddd;border-radius: 5px;margin-bottom: 10px;overflow: hidden\">\n<summary style=\"padding: 12px 15px;cursor: pointer;font-weight: bold;background-color: #f0f0f0;color: #333;font-size: 1.1rem\">Exerc\u00edcio domiciliar<\/summary>\n<div style=\"padding: 20px;background-color: #fdfdfd;border-top: 1px solid #ddd\">\n<p style=\"margin-top: 0\">O exerc\u00edcio domiciliar corresponde a equival\u00eancia de estudos, por aus\u00eancia \u00e0s aulas, concedida ao estudante amparado pelo Decreto Lei n\u00ba 1.044\/69 e pela Lei n\u00ba 6.202\/75.<\/p>\n<p>Para requerer o exerc\u00edcio domiciliar, o estudante dever\u00e1 preencher formul\u00e1rio (REQUERIMENTO DIVERSOS) e instru\u00ed-lo com laudo m\u00e9dico que comprove uma das situa\u00e7\u00f5es estabelecidas pelo Decreto Lei n\u00ba 1.044\/69 e na Lei n\u00ba 6.202\/75.<\/p>\n<\/div>\n<\/details>\n<details style=\"border: 1px solid #ddd;border-radius: 5px;margin-bottom: 10px;overflow: hidden\">\n<summary style=\"padding: 12px 15px;cursor: pointer;font-weight: bold;background-color: #f0f0f0;color: #333;font-size: 1.1rem\">Revis\u00e3o de avalia\u00e7\u00e3o<\/summary>\n<div style=\"padding: 20px;background-color: #fdfdfd;border-top: 1px solid #ddd\">\n<p style=\"margin-top: 0\">O estudante ter\u00e1 direito \u00e0 revis\u00e3o da avalia\u00e7\u00e3o, atrav\u00e9s de requerimento (REQUERIMENTO DIVERSOS), no prazo de at\u00e9 dois dias \u00fateis, ap\u00f3s a divulga\u00e7\u00e3o do resultado.<\/p>\n<\/div>\n<\/details>\n<details style=\"border: 1px solid #ddd;border-radius: 5px;margin-bottom: 10px;overflow: hidden\">\n<summary style=\"padding: 12px 15px;cursor: pointer;font-weight: bold;background-color: #f0f0f0;color: #333;font-size: 1.1rem\">Segunda chamada de avalia\u00e7\u00e3o<\/summary>\n<div style=\"padding: 20px;background-color: #fdfdfd;border-top: 1px solid #ddd\">\n<p style=\"margin-top: 0\">O estudante que faltar a qualquer das avalia\u00e7\u00f5es da aprendizagem tem direito \u00e0 segunda chamada. A segunda chamada de avalia\u00e7\u00e3o dever\u00e1 ser solicitada, por meio do preenchimento de requerimento (REQUERIMENTO DIVERSOS) no prazo de at\u00e9 um dia \u00fatil, ap\u00f3s o t\u00e9rmino do afastamento, desde que comprove atrav\u00e9s de documentos o motivo do afastamento.<\/p>\n<\/div>\n<\/details>\n<hr style=\"border: 0;border-top: 1px solid #eee;margin: 2.5rem 0\" \/>\n<h3 style=\"font-size: 1.5rem;color: #2f4f4f;margin-top: 2.5rem;margin-bottom: 1.5rem\">Prazos para Emiss\u00e3o e Solicita\u00e7\u00e3o de Documentos<\/h3>\n<div style=\"margin-top: 1.5rem;border: 1px solid #ddd;border-radius: 8px;overflow: hidden\">\n<table style=\"width: 100%;border-collapse: collapse;font-family: sans-serif\">\n<thead style=\"background-color: #2f4f4f;color: #ffffff\">\n<tr>\n<th style=\"padding: 12px 15px;text-align: left;font-size: 1rem\">Tipos de documento<\/th>\n<th style=\"padding: 12px 15px;text-align: left;font-size: 1rem\">Prazo (Dias \u00dateis)<\/th>\n<th style=\"padding: 12px 15px;text-align: left;font-size: 1rem\">Acesso<\/th>\n<\/tr>\n<\/thead>\n<tbody>\n<tr>\n<td style=\"padding: 12px 15px;border-bottom: 1px solid #eee;text-align: left;vertical-align: top;background-color: #ffffff\">Boletim Escolar<\/td>\n<td style=\"padding: 12px 15px;border-bottom: 1px solid #eee;text-align: left;vertical-align: top;background-color: #ffffff\">Imediato<\/td>\n<td style=\"padding: 12px 15px;border-bottom: 1px solid #eee;text-align: left;vertical-align: top;background-color: #ffffff\">Dispon\u00edvel On-line<\/td>\n<\/tr>\n<tr>\n<td style=\"padding: 12px 15px;border-bottom: 1px solid #eee;text-align: left;vertical-align: top;background-color: #f8f8f8\">Declara\u00e7\u00e3o de conclus\u00e3o do Curso<\/td>\n<td style=\"padding: 12px 15px;border-bottom: 1px solid #eee;text-align: left;vertical-align: top;background-color: #f8f8f8\">Imediato<\/td>\n<td style=\"padding: 12px 15px;border-bottom: 1px solid #eee;text-align: left;vertical-align: top;background-color: #f8f8f8\">Dispon\u00edvel On-line<\/td>\n<\/tr>\n<tr>\n<td style=\"padding: 12px 15px;border-bottom: 1px solid #eee;text-align: left;vertical-align: top;background-color: #ffffff\">Trancamento de Matr\u00edcula<\/td>\n<td style=\"padding: 12px 15px;border-bottom: 1px solid #eee;text-align: left;vertical-align: top;background-color: #ffffff\">Per\u00edodo determinado no Calend\u00e1rio Acad\u00eamico<\/td>\n<td style=\"padding: 12px 15px;border-bottom: 1px solid #eee;text-align: center;vertical-align: top;background-color: #ffffff\">&#8211;<\/td>\n<\/tr>\n<tr>\n<td style=\"padding: 12px 15px;border-bottom: 1px solid #eee;text-align: left;vertical-align: top;background-color: #f8f8f8\">Hist\u00f3rico Parcial<\/td>\n<td style=\"padding: 12px 15px;border-bottom: 1px solid #eee;text-align: left;vertical-align: top;background-color: #f8f8f8\">Imediato<\/td>\n<td style=\"padding: 12px 15px;border-bottom: 1px solid #eee;text-align: left;vertical-align: top;background-color: #f8f8f8\">Dispon\u00edvel On-line<\/td>\n<\/tr>\n<tr>\n<td style=\"padding: 12px 15px;border-bottom: 1px solid #eee;text-align: left;vertical-align: top;background-color: #ffffff\">Hist\u00f3rico Final<\/td>\n<td style=\"padding: 12px 15px;border-bottom: 1px solid #eee;text-align: left;vertical-align: top;background-color: #ffffff\">Ap\u00f3s emiss\u00e3o do diploma<\/td>\n<td style=\"padding: 12px 15px;border-bottom: 1px solid #eee;text-align: left;vertical-align: top;background-color: #ffffff\">Dispon\u00edvel On-line<\/td>\n<\/tr>\n<tr>\n<td style=\"padding: 12px 15px;border-bottom: 1px solid #eee;text-align: left;vertical-align: top;background-color: #f8f8f8\">Expedi\u00e7\u00e3o e Registro de Diploma<\/td>\n<td style=\"padding: 12px 15px;border-bottom: 1px solid #eee;text-align: left;vertical-align: top;background-color: #f8f8f8\">60 a 90 dias<\/td>\n<td style=\"padding: 12px 15px;border-bottom: 1px solid #eee;text-align: left;vertical-align: top;background-color: #f8f8f8\">Dispon\u00edvel On-line<\/td>\n<\/tr>\n<tr>\n<td style=\"padding: 12px 15px;border-bottom: 1px solid #eee;text-align: left;vertical-align: top;background-color: #ffffff\">Segunda Chamada<\/td>\n<td style=\"padding: 12px 15px;border-bottom: 1px solid #eee;text-align: left;vertical-align: top;background-color: #ffffff\">1 dia ap\u00f3s o termino do afastamento<\/td>\n<td style=\"padding: 12px 15px;border-bottom: 1px solid #eee;text-align: center;vertical-align: top;background-color: #ffffff\">&#8211;<\/td>\n<\/tr>\n<tr>\n<td style=\"padding: 12px 15px;border-bottom: 1px solid #eee;text-align: left;vertical-align: top;background-color: #f8f8f8\">Atendimento domiciliar<\/td>\n<td style=\"padding: 12px 15px;border-bottom: 1px solid #eee;text-align: left;vertical-align: top;background-color: #f8f8f8\">Conforme Organiza\u00e7\u00e3o Did\u00e1tica<\/td>\n<td style=\"padding: 12px 15px;border-bottom: 1px solid #eee;text-align: center;vertical-align: top;background-color: #f8f8f8\">&#8211;<\/td>\n<\/tr>\n<tr>\n<td style=\"padding: 12px 15px;border-bottom: 1px solid #eee;text-align: left;vertical-align: top;background-color: #ffffff\">Revis\u00e3o de Prova<\/td>\n<td style=\"padding: 12px 15px;border-bottom: 1px solid #eee;text-align: left;vertical-align: top;background-color: #ffffff\">2 dias ap\u00f3s o recebimento do resultado<\/td>\n<td style=\"padding: 12px 15px;border-bottom: 1px solid #eee;text-align: center;vertical-align: top;background-color: #ffffff\">&#8211;<\/td>\n<\/tr>\n<tr>\n<td style=\"padding: 12px 15px;border-bottom: 1px solid #eee;text-align: left;vertical-align: top;background-color: #f8f8f8\">Guia de transfer\u00eancia<\/td>\n<td style=\"padding: 12px 15px;border-bottom: 1px solid #eee;text-align: left;vertical-align: top;background-color: #f8f8f8\">5 dias<\/td>\n<td style=\"padding: 12px 15px;border-bottom: 1px solid #eee;text-align: left;vertical-align: top;background-color: #f8f8f8\">Dispon\u00edvel On-line<\/td>\n<\/tr>\n<tr>\n<td style=\"padding: 12px 15px;border-bottom: none;text-align: left;vertical-align: top;background-color: #ffffff\">Documentos Diversos<\/td>\n<td style=\"padding: 12px 15px;border-bottom: none;text-align: left;vertical-align: top;background-color: #ffffff\">15 dias<\/td>\n<td style=\"padding: 12px 15px;border-bottom: none;text-align: center;vertical-align: top;background-color: #ffffff\">&#8211;<\/td>\n<\/tr>\n<\/tbody>\n<\/table>\n<\/div>\n<\/div>\n","protected":false},"excerpt":{"rendered":"<p>Apresenta\u00e7\u00e3o A Secretaria de Registros Acad\u00eamicos (SRA) \u00e9 um setor vinculado \u00e0 Dire\u00e7\u00e3o Acad\u00eamica, respons\u00e1vel pelo registro, verifica\u00e7\u00e3o, controle, manuten\u00e7\u00e3o e arquivamento documentos que integram a vida acad\u00eamica dos discentes, desde o ingresso na institui\u00e7\u00e3o at\u00e9 a conclus\u00e3o do curso; receber protocolos acad\u00eamicos referentes \u00e0 solicita\u00e7\u00f5es discentes; tramitar as solicita\u00e7\u00f5es discentes: declara\u00e7\u00f5es, hist\u00f3rico escolar, diplomas [&hellip;]<\/p>\n","protected":false},"author":75,"featured_media":0,"parent":0,"menu_order":0,"comment_status":"closed","ping_status":"closed","template":"","meta":[],"_links":{"self":[{"href":"https:\/\/www.ifbaiano.edu.br\/unidades\/guanambi\/wp-json\/wp\/v2\/pages\/8384"}],"collection":[{"href":"https:\/\/www.ifbaiano.edu.br\/unidades\/guanambi\/wp-json\/wp\/v2\/pages"}],"about":[{"href":"https:\/\/www.ifbaiano.edu.br\/unidades\/guanambi\/wp-json\/wp\/v2\/types\/page"}],"author":[{"embeddable":true,"href":"https:\/\/www.ifbaiano.edu.br\/unidades\/guanambi\/wp-json\/wp\/v2\/users\/75"}],"replies":[{"embeddable":true,"href":"https:\/\/www.ifbaiano.edu.br\/unidades\/guanambi\/wp-json\/wp\/v2\/comments?post=8384"}],"version-history":[{"count":23,"href":"https:\/\/www.ifbaiano.edu.br\/unidades\/guanambi\/wp-json\/wp\/v2\/pages\/8384\/revisions"}],"predecessor-version":[{"id":16514,"href":"https:\/\/www.ifbaiano.edu.br\/unidades\/guanambi\/wp-json\/wp\/v2\/pages\/8384\/revisions\/16514"}],"wp:attachment":[{"href":"https:\/\/www.ifbaiano.edu.br\/unidades\/guanambi\/wp-json\/wp\/v2\/media?parent=8384"}],"curies":[{"name":"wp","href":"https:\/\/api.w.org\/{rel}","templated":true}]}}