{"id":3817,"date":"2020-09-10T17:52:37","date_gmt":"2020-09-10T20:52:37","guid":{"rendered":"https:\/\/www.ifbaiano.edu.br\/unidades\/itaberaba\/?page_id=3817"},"modified":"2020-09-10T18:41:40","modified_gmt":"2020-09-10T21:41:40","slug":"auxilio-digital-extraordinario","status":"publish","type":"page","link":"https:\/\/www.ifbaiano.edu.br\/unidades\/itaberaba\/auxilio-digital-extraordinario\/","title":{"rendered":"Aux\u00edlio Digital Extraordin\u00e1rio"},"content":{"rendered":"\n<p>Aux\u00edlio concedido aos alunos dos cursos de Educa\u00e7\u00e3o \u00e0 Dist\u00e2ncia do IF Baiano, em situa\u00e7\u00e3o de maior vulnerabilidade socioecon\u00f4mica, enquanto perdurar o per\u00edodo de situa\u00e7\u00e3o de emerg\u00eancia em vigor. No IF Baiano <em>Campus<\/em> Itaberaba, 55 alunos foram selecionados para receber o Aux\u00edlio, conforme os crit\u00e9rios da Resolu\u00e7\u00e3o 71\/2020 de 23 de junho de 2020. <\/p>\n\n\n\n<p><strong>DOCUMENTOS<\/strong><\/p>\n\n\n\n<p><a href=\"https:\/\/www.ifbaiano.edu.br\/unidades\/itaberaba\/files\/2020\/08\/Resultado-final.pdf\" target=\"_blank\" rel=\"noreferrer noopener\" aria-label=\"RESULTADO FINAL (abre numa nova aba)\">RESULTADO FINAL<\/a><\/p>\n\n\n\n<p><a rel=\"noreferrer noopener\" aria-label=\"RESULTADO RECURSOS (abre numa nova aba)\" href=\"https:\/\/www.ifbaiano.edu.br\/unidades\/itaberaba\/files\/2020\/08\/Resultado-Recursos.pdf\" target=\"_blank\">RESULTADO RECURSOS<\/a><\/p>\n\n\n\n<p><a rel=\"noreferrer noopener\" href=\"https:\/\/www.ifbaiano.edu.br\/unidades\/itaberaba\/files\/2020\/08\/Lista-dos-Preliminar_Aux%C3%ADlio-digital.pdf\" target=\"_blank\">RESULTADO PRELIMINAR AUX\u00cdLIO DIGITAL<\/a> <\/p>\n\n\n\n<p><a href=\"https:\/\/www.ifbaiano.edu.br\/unidades\/itaberaba\/files\/2020\/08\/Cronograma-atualizado.jpeg\" target=\"_blank\" rel=\"noreferrer noopener\" aria-label=\"CRONOGRAMA RETIFICADO (abre numa nova aba)\">CRONOGRAMA RETIFICADO<\/a><\/p>\n\n\n\n<p><a href=\"https:\/\/ifbaiano.edu.br\/portal\/wp-content\/uploads\/2020\/07\/Resolu%C3%A7%C3%A3o-71_2020-OS-CONSUP_IFBAIANO.pdf\">Resolu\u00e7\u00e3o 71\/2020 de 23 de junho de 2020<\/a> <\/p>\n\n\n<p><!--EndFragment--><\/p>\n\n\n<p> <\/p>\n","protected":false},"excerpt":{"rendered":"<p>Aux\u00edlio concedido aos alunos dos cursos de Educa\u00e7\u00e3o \u00e0 Dist\u00e2ncia do IF Baiano, em situa\u00e7\u00e3o de maior vulnerabilidade socioecon\u00f4mica, enquanto perdurar o per\u00edodo de situa\u00e7\u00e3o de emerg\u00eancia em vigor. No IF Baiano Campus Itaberaba, 55 alunos foram selecionados para receber o Aux\u00edlio, conforme os crit\u00e9rios da Resolu\u00e7\u00e3o 71\/2020 de 23 de junho de 2020. DOCUMENTOS [&hellip;]<\/p>\n","protected":false},"author":104,"featured_media":0,"parent":0,"menu_order":0,"comment_status":"closed","ping_status":"closed","template":"","meta":[],"_links":{"self":[{"href":"https:\/\/www.ifbaiano.edu.br\/unidades\/itaberaba\/wp-json\/wp\/v2\/pages\/3817"}],"collection":[{"href":"https:\/\/www.ifbaiano.edu.br\/unidades\/itaberaba\/wp-json\/wp\/v2\/pages"}],"about":[{"href":"https:\/\/www.ifbaiano.edu.br\/unidades\/itaberaba\/wp-json\/wp\/v2\/types\/page"}],"author":[{"embeddable":true,"href":"https:\/\/www.ifbaiano.edu.br\/unidades\/itaberaba\/wp-json\/wp\/v2\/users\/104"}],"replies":[{"embeddable":true,"href":"https:\/\/www.ifbaiano.edu.br\/unidades\/itaberaba\/wp-json\/wp\/v2\/comments?post=3817"}],"version-history":[{"count":2,"href":"https:\/\/www.ifbaiano.edu.br\/unidades\/itaberaba\/wp-json\/wp\/v2\/pages\/3817\/revisions"}],"predecessor-version":[{"id":3842,"href":"https:\/\/www.ifbaiano.edu.br\/unidades\/itaberaba\/wp-json\/wp\/v2\/pages\/3817\/revisions\/3842"}],"wp:attachment":[{"href":"https:\/\/www.ifbaiano.edu.br\/unidades\/itaberaba\/wp-json\/wp\/v2\/media?parent=3817"}],"curies":[{"name":"wp","href":"https:\/\/api.w.org\/{rel}","templated":true}]}}