{"id":3822,"date":"2020-09-10T18:10:09","date_gmt":"2020-09-10T21:10:09","guid":{"rendered":"https:\/\/www.ifbaiano.edu.br\/unidades\/itaberaba\/?page_id=3822"},"modified":"2020-09-10T18:31:11","modified_gmt":"2020-09-10T21:31:11","slug":"kit-alimentar","status":"publish","type":"page","link":"https:\/\/www.ifbaiano.edu.br\/unidades\/itaberaba\/kit-alimentar\/","title":{"rendered":"Kit Alimentar"},"content":{"rendered":"\n<p>Considerando os acordos firmados na Comiss\u00e3o Local do PNAE  (Programa Nacional de Alimenta\u00e7\u00e3o Escolar) o Kit Alimentar visa atender, prioritariamente, aqueles estudantes em situa\u00e7\u00e3o de vulnerabilidade socioecon\u00f4mica, conforme Instru\u00e7\u00e3o Normativa 25\/2020.  No IF Baiano <em>Campus<\/em> Itaberaba, at\u00e9 o momento, foi distribu\u00eddo um Kit Alimentar para cada um dos 85 alunos contemplados, que corresponde a aproximadamente 3 meses letivos ou 66 (sessenta e seis) dias letivos. Atualmente est\u00e1 em andamento um processo de aquisi\u00e7\u00e3o de novo Kit para posterior distribui\u00e7\u00e3o.<\/p>\n\n\n\n<p><a href=\"https:\/\/www.ifbaiano.edu.br\/unidades\/itaberaba\/files\/2020\/06\/Lista_Kit-alimenta%C3%A7%C3%A3o_05_06_2020.pdf\" target=\"_blank\" rel=\"noreferrer noopener\" aria-label=\"Lista de alunos que receberam o Kit alimentar (abre numa nova aba)\">Lista de alunos que receberam o Kit alimentar<\/a><\/p>\n\n\n<p><!--EndFragment--><\/p>","protected":false},"excerpt":{"rendered":"<p>Considerando os acordos firmados na Comiss\u00e3o Local do PNAE (Programa Nacional de Alimenta\u00e7\u00e3o Escolar) o Kit Alimentar visa atender, prioritariamente, aqueles estudantes em situa\u00e7\u00e3o de vulnerabilidade socioecon\u00f4mica, conforme Instru\u00e7\u00e3o Normativa 25\/2020. No IF Baiano Campus Itaberaba, at\u00e9 o momento, foi distribu\u00eddo um Kit Alimentar para cada um dos 85 alunos contemplados, que corresponde a aproximadamente [&hellip;]<\/p>\n","protected":false},"author":104,"featured_media":0,"parent":0,"menu_order":0,"comment_status":"closed","ping_status":"closed","template":"","meta":[],"_links":{"self":[{"href":"https:\/\/www.ifbaiano.edu.br\/unidades\/itaberaba\/wp-json\/wp\/v2\/pages\/3822"}],"collection":[{"href":"https:\/\/www.ifbaiano.edu.br\/unidades\/itaberaba\/wp-json\/wp\/v2\/pages"}],"about":[{"href":"https:\/\/www.ifbaiano.edu.br\/unidades\/itaberaba\/wp-json\/wp\/v2\/types\/page"}],"author":[{"embeddable":true,"href":"https:\/\/www.ifbaiano.edu.br\/unidades\/itaberaba\/wp-json\/wp\/v2\/users\/104"}],"replies":[{"embeddable":true,"href":"https:\/\/www.ifbaiano.edu.br\/unidades\/itaberaba\/wp-json\/wp\/v2\/comments?post=3822"}],"version-history":[{"count":3,"href":"https:\/\/www.ifbaiano.edu.br\/unidades\/itaberaba\/wp-json\/wp\/v2\/pages\/3822\/revisions"}],"predecessor-version":[{"id":3838,"href":"https:\/\/www.ifbaiano.edu.br\/unidades\/itaberaba\/wp-json\/wp\/v2\/pages\/3822\/revisions\/3838"}],"wp:attachment":[{"href":"https:\/\/www.ifbaiano.edu.br\/unidades\/itaberaba\/wp-json\/wp\/v2\/media?parent=3822"}],"curies":[{"name":"wp","href":"https:\/\/api.w.org\/{rel}","templated":true}]}}