{"id":506,"date":"2017-08-16T09:37:35","date_gmt":"2017-08-16T12:37:35","guid":{"rendered":"http:\/\/www.ifbaiano.edu.br\/unidades\/itaberaba\/?page_id=506"},"modified":"2025-07-08T06:52:11","modified_gmt":"2025-07-08T09:52:11","slug":"meio-ambiente-subsequente","status":"publish","type":"page","link":"https:\/\/www.ifbaiano.edu.br\/unidades\/itaberaba\/subsequente\/meio-ambiente-subsequente\/","title":{"rendered":"Curso T\u00e9cnico Subsequente em Meio Ambiente"},"content":{"rendered":"\n<div id=\"ProreitoriaTopoTitulo\">SOBRE O CURSO<\/div>\n<p style=\"text-align: justify\" align=\"justify\">O objetivo do curso t\u00e9cnico subsequente ao ensino m\u00e9dio em Meio Ambiente \u00e9 formar profissionais t\u00e9cnicos com habilidades para a atua\u00e7\u00e3o na gest\u00e3o ambiental e no uso sustent\u00e1vel dos recursos naturais nos mais diversos setores da sociedade, contribuindo com a forma\u00e7\u00e3o de profissionais capazes de buscar solu\u00e7\u00f5es para as quest\u00f5es ambientais locais, de forma a contribuir para o desenvolvimento sustent\u00e1vel no Territ\u00f3rio de identidade Piemonte do Paragua\u00e7u.<\/p>\n<p style=\"text-align: justify\">O curso em quest\u00e3o objetiva fornecer ao t\u00e9cnico elementos para elabora\u00e7\u00e3o de projetos voltados ao ensino, pesquisa e extens\u00e3o, por meio de a\u00e7\u00f5es de ordem pr\u00e1tica nessas tr\u00eas bases junto \u00e0 comunidade interna e externa do Campus, dentro das tem\u00e1ticas ligadas ao curso, favorecendo, assim, a&nbsp;forma\u00e7\u00e3o de atributos e valores necess\u00e1rios ao pleno exerc\u00edcio da cidadania, tais como a toler\u00e2ncia frente \u00e0 diversidade cultural, \u00e9tnica e racial, estimulando a capacidade cr\u00edtica reflexiva que o leve \u00e0 busca por solu\u00e7\u00f5es de problemas que permeiam seu contexto social.<\/p>\n<div id=\"ProreitoriaTopoTitulo\">PERFIL PROFISSIONAL<\/div>\n<p style=\"text-align: justify\">Coleta, armazena e interpreta informa\u00e7\u00f5es, dados e documenta\u00e7\u00f5es ambientais. Elabora relat\u00f3rios e estudos ambientais. Prop\u00f5e medidas para a minimiza\u00e7\u00e3o dos impactos e recupera\u00e7\u00e3o de ambientes j\u00e1 degradados. Executa sistemas de gest\u00e3o ambiental. Organiza programas de Educa\u00e7\u00e3o ambiental com base no monitoramento, corre\u00e7\u00e3o e preven\u00e7\u00e3o das atividades autr\u00f3picas, conserva\u00e7\u00e3o dos recursos naturais atrav\u00e9s de an\u00e1lises prevencionista. Organiza redu\u00e7\u00e3o, reuso e reciclagem de res\u00edduos e\/ou recursos utilizados em processos. Identifica os padr\u00f5es de produ\u00e7\u00e3o e consumo de energia. Realiza&nbsp; levantamentos ambientais. Opera sistemas de tratamento de poluentes e res\u00edduos s\u00f3lidos. Relaciona os sistemas econ\u00f4micos e suas intera\u00e7\u00f5es com o meio ambiente. Realiza e coordena o sistema de coleta seletiva. Executa plano de a\u00e7\u00e3o e manejo de recursos naturais. Elabora relat\u00f3rio peri\u00f3dico das atividades e modifica\u00e7\u00f5es dos aspectos e impactos ambientais de um processo, indicando as consequ\u00eancias de modifica\u00e7\u00f5es.<\/p>\n<div id=\"ProreitoriaTopoTitulo\">CAMPO DE ATUA\u00c7\u00c3O<\/div>\n<p align=\"justify\"> &#8211; Institui\u00e7\u00f5es de assist\u00eancia t\u00e9cnica, pesquisa e extens\u00e3o rural;<br>\n &#8211; Esta\u00e7\u00f5es de tratamento de res\u00edduos;<br>\n &#8211; Profissional aut\u00f4nomo;<br>\n &#8211; Empreendimento pr\u00f3prio;<br>\n &#8211; Empresas de licenciamento ambiental;<br>\n &#8211; Unidades de conserva\u00e7\u00e3o ambiental;<br>\n &#8211; Cooperativas e associa\u00e7\u00f5es.<\/p>\n<div id=\"ProreitoriaTopoTitulo\">COORDENA\u00c7\u00c3O<\/div>\n\n\n\n<p><b>Coordenador<\/b><br>\nElielma Santana Fernandes<br>\nE-mail: <a target=\"_blank\" href=\"mailto:elielma.fernandes@ifbaiano.edu.br\" rel=\"noopener\">elielma.fernandes@ifbaiano.edu.br<\/a><br>\nLattes: <a href=\"http:\/\/lattes.cnpq.br\/5226720780847374\" target=\"_blank\" rel=\"noopener noreferrer\">http:\/\/lattes.cnpq.br\/5226720780847374<\/a>\n<\/p>\n<p><b>Coordenador Substituto<\/b><br>\nF\u00e1bio Gon\u00e7alves da Silva<br>\nE-mail: <a target=\"_blank\" href=\"mailto:fabio.silva@ifbaiano.edu.br\" rel=\"noopener\">fabio.silva@ifbaiano.edu.br<\/a><br>\nLattes: <a href=\"http:\/\/lattes.cnpq.br\/0487264474214645\" target=\"_blank\" rel=\"noopener noreferrer\">http:\/\/lattes.cnpq.br\/0487264474214645<\/a>\n<\/p>\n\n\n\n\n<div id=\"ProreitoriaTopoTitulo\">DOCUMENTOS CORRELACIONADOS AO CURSO<\/div>\n<p>\n<a href=\"http:\/\/www.ifbaiano.edu.br\/unidades\/itaberaba\/files\/2019\/04\/PPC-Tecnico-Subsequente-em-Meio-Ambiente.pdf\" target=\"_blank\" rel=\"noopener noreferrer\">Projeto Pedag\u00f3gico do Curso (PPC)<\/a><br>\n<a href=\"http:\/\/www.ifbaiano.edu.br\/unidades\/itaberaba\/files\/2019\/04\/Despacho_219_2019.pdf\" target=\"_blank\" rel=\"noopener noreferrer\">Despacho n\u00ba 219\/2019<\/a><br>\n<a href=\"http:\/\/www.ifbaiano.edu.br\/unidades\/itaberaba\/files\/2017\/08\/Resolu\u00e7\u00e3o-N.\u00ba-14-de-18-de-abril-de-2017.pdf\" target=\"_blank\" rel=\"noopener noreferrer\">Resolu\u00e7\u00e3o N.\u00ba 14 de 18 de abril de 2017<\/a><br>\n<a href=\"http:\/\/www.ifbaiano.edu.br\/unidades\/itaberaba\/files\/2017\/08\/Resolu\u00e7\u00e3o-N.\u00ba40-de-28-de-agosto-de-2017.pdf\" target=\"_blank\" rel=\"noopener noreferrer\">Resolu\u00e7\u00e3o N.\u00ba40 de 28 de agosto de 2017<\/a><br><a href=\"http:\/\/ifbaiano.edu.br\/portal\/ensino\/legislacoes-normativas-internas\/\" target=\"_blank\" rel=\"noopener noreferrer\">Legisla\u00e7\u00f5es e Normativas Internas<\/a><\/p>\n\n\n\n<p><\/p>\n","protected":false},"excerpt":{"rendered":"<p>SOBRE O CURSO O objetivo do curso t\u00e9cnico subsequente ao ensino m\u00e9dio em Meio Ambiente \u00e9 formar profissionais t\u00e9cnicos com habilidades para a atua\u00e7\u00e3o na gest\u00e3o ambiental e no uso sustent\u00e1vel dos recursos naturais nos mais diversos setores da sociedade, contribuindo com a forma\u00e7\u00e3o de profissionais capazes de buscar solu\u00e7\u00f5es para as quest\u00f5es ambientais locais, [&hellip;]<\/p>\n","protected":false},"author":85,"featured_media":0,"parent":501,"menu_order":0,"comment_status":"closed","ping_status":"closed","template":"","meta":[],"_links":{"self":[{"href":"https:\/\/www.ifbaiano.edu.br\/unidades\/itaberaba\/wp-json\/wp\/v2\/pages\/506"}],"collection":[{"href":"https:\/\/www.ifbaiano.edu.br\/unidades\/itaberaba\/wp-json\/wp\/v2\/pages"}],"about":[{"href":"https:\/\/www.ifbaiano.edu.br\/unidades\/itaberaba\/wp-json\/wp\/v2\/types\/page"}],"author":[{"embeddable":true,"href":"https:\/\/www.ifbaiano.edu.br\/unidades\/itaberaba\/wp-json\/wp\/v2\/users\/85"}],"replies":[{"embeddable":true,"href":"https:\/\/www.ifbaiano.edu.br\/unidades\/itaberaba\/wp-json\/wp\/v2\/comments?post=506"}],"version-history":[{"count":37,"href":"https:\/\/www.ifbaiano.edu.br\/unidades\/itaberaba\/wp-json\/wp\/v2\/pages\/506\/revisions"}],"predecessor-version":[{"id":8529,"href":"https:\/\/www.ifbaiano.edu.br\/unidades\/itaberaba\/wp-json\/wp\/v2\/pages\/506\/revisions\/8529"}],"up":[{"embeddable":true,"href":"https:\/\/www.ifbaiano.edu.br\/unidades\/itaberaba\/wp-json\/wp\/v2\/pages\/501"}],"wp:attachment":[{"href":"https:\/\/www.ifbaiano.edu.br\/unidades\/itaberaba\/wp-json\/wp\/v2\/media?parent=506"}],"curies":[{"name":"wp","href":"https:\/\/api.w.org\/{rel}","templated":true}]}}