{"id":5496,"date":"2021-10-19T11:41:51","date_gmt":"2021-10-19T14:41:51","guid":{"rendered":"https:\/\/www.ifbaiano.edu.br\/unidades\/itaberaba\/?page_id=5496"},"modified":"2025-07-08T06:53:12","modified_gmt":"2025-07-08T09:53:12","slug":"agropecuaria-integrado","status":"publish","type":"page","link":"https:\/\/www.ifbaiano.edu.br\/unidades\/itaberaba\/integrado\/agropecuaria-integrado\/","title":{"rendered":"Curso T\u00e9cnico Integrado em Agropecu\u00e1ria"},"content":{"rendered":"\n<p><\/p>\n\n\n\n<div id=\"ProreitoriaTopoTitulo\">SOBRE O CURSO<\/div>\n<p align=\"justify\">O Curso T\u00e9cnico em Agropecu\u00e1ria \u00e9 voltado para a forma\u00e7\u00e3o de profissionais que atuam nas atividades agr\u00edcolas e zoot\u00e9cnicas, com compet\u00eancias e habilidades para atuar nos setores produtivos da \u00e1rea de agr\u00e1rias, atentos aos movimentos do setor no \u00e2mbito nacional, mas sem perder de vista os movimentos inerentes aos arranjos produtivos loco-regionais, de modo a capacit\u00e1-los para a efetiva inser\u00e7\u00e3o no mundo do trabalho, visando \u00e0 sua qualifica\u00e7\u00e3o para a vida, para as interrela\u00e7\u00f5es, para produ\u00e7\u00e3o no contexto da agricultura e da pecu\u00e1ria, levando em considera\u00e7\u00e3o os princ\u00edpios sustent\u00e1veis e de cidadania, bem como a organiza\u00e7\u00e3o, responsabilidade, vis\u00e3o cr\u00edtica, human\u00edstica, \u00e9tica e consci\u00eancia em rela\u00e7\u00e3o ao impacto de sua atua\u00e7\u00e3o profissional na sociedade e no ambiente.<\/p>\n<div id=\"ProreitoriaTopoTitulo\">PERFIL PROFISSIONAL<\/div>\n<p align=\"justify\">O T\u00e9cnico em Agropecu\u00e1ria \u00e9 um profissional que poder\u00e1 atuar em empreendimentos p\u00fablicos ou privados, desenvolvendo as atividades concernentes ao exerc\u00edcio da profiss\u00e3o, demonstrando conhecimentos e saberes relacionados \u00e0 produ\u00e7\u00e3o agropecu\u00e1ria, \u00e0 produ\u00e7\u00e3o e ao processamento de alimentos, \u00e0 fitossanidade e \u00e0 prote\u00e7\u00e3o ambiental. Al\u00e9m disso, apresenta ci\u00eancia da import\u00e2ncia dos processos de atualiza\u00e7\u00e3o em rela\u00e7\u00e3o \u00e0s inova\u00e7\u00f5es tecnol\u00f3gicas e se coloca em processo cooperativo de forma construtiva e colaborativa nos trabalhos em equipe para as necess\u00e1rias tomadas de decis\u00f5es. O T\u00e9cnico em Agropecu\u00e1ria mant\u00e9m a ado\u00e7\u00e3o de senso investigativo, vis\u00e3o sist\u00eamica das atividades e processos, capacidade de comunica\u00e7\u00e3o e argumenta\u00e7\u00e3o, autonomia, proatividade, lideran\u00e7a, respeito \u00e0s diversidades nos grupos de trabalho, resili\u00eancia frente aos problemas, organiza\u00e7\u00e3o, responsabilidade, vis\u00e3o cr\u00edtica, human\u00edstica, \u00e9tica e consci\u00eancia em rela\u00e7\u00e3o ao impacto de sua atua\u00e7\u00e3o profissional na sociedade e no ambiente. \u00c9 um profissional comprometido com o desenvolvimento social e econ\u00f4mico, que respeita os valores \u00e9ticos, morais, culturais, sociais e ecol\u00f3gicos.<\/p>\n<div id=\"ProreitoriaTopoTitulo\">CAMPO DE ATUA\u00c7\u00c3O<\/div>\n<p>\n &#8211; Propriedades rurais;<br>\n &#8211; Empresas comerciais agropecu\u00e1rias;<br>\n &#8211; Estabelecimentos agroindustriais;<br>\n &#8211; Empresas de assist\u00eancia t\u00e9cnica, extens\u00e3o rural e pesquisa;<br>\n &#8211; Parques e reservas naturais;<br>\n &#8211; Cooperativas e associa\u00e7\u00f5es rurais.\n<\/p>\n<div id=\"ProreitoriaTopoTitulo\">COORDENA\u00c7\u00c3O<\/div>\n\n\n\n<p><b>Coordenadora<\/b><br>\nMaria Auric\u00e9lia Ferreira Marques da Silva<br>\nE-mail: <a target=\"_blank\" href=\"maria.auricelia@ifbaiano.edu.br\" rel=\"noopener\">maria.auricelia@ifbaiano.edu.br<\/a><br>\nLattes: <a href=\"http:\/\/http:\/\/lattes.cnpq.br\/7229722842438637\" target=\"_blank\" rel=\"noopener noreferrer\">http:\/\/http:\/\/lattes.cnpq.br\/7229722842438637<\/a>\n<\/p>\n\n<p><b>Coordenador Substituto<\/b><br>\nEvandro Ferreira Cardoso<br>\nE-mail: <a href=\"mailto:evandro.cardoso@ifbaiano.edu.br\">evandro.cardoso@ifbaiano.edu.br<\/a><br>\nLattes: <a href=\"http:\/\/lattes.cnpq.br\/9970481162156959\" target=\"_blank\" rel=\"noopener noreferrer\">http:\/\/lattes.cnpq.br\/9970481162156959<\/a>\n<\/p>\n\n\n\n<div id=\"ProreitoriaTopoTitulo\">DOCUMENTOS CORRELACIONADOS AO CURSO<\/div>\n<p><a href=\"https:\/\/www.ifbaiano.edu.br\/unidades\/itaberaba\/files\/2021\/10\/Projeto-Pedagogico-do-Curso-Tecnico-em-Agropecuaria-Integrado.pdf\">Projeto Pedag\u00f3gico do Curso (PPC)<\/a><br><a href=\"http:\/\/ifbaiano.edu.br\/portal\/ensino\/legislacoes-normativas-internas\/\" target=\"_blank\" rel=\"noopener noreferrer\">Legisla\u00e7\u00f5es e Normativas Internas<\/a><\/p>\n","protected":false},"excerpt":{"rendered":"<p>SOBRE O CURSO O Curso T\u00e9cnico em Agropecu\u00e1ria \u00e9 voltado para a forma\u00e7\u00e3o de profissionais que atuam nas atividades agr\u00edcolas e zoot\u00e9cnicas, com compet\u00eancias e habilidades para atuar nos setores produtivos da \u00e1rea de agr\u00e1rias, atentos aos movimentos do setor no \u00e2mbito nacional, mas sem perder de vista os movimentos inerentes aos arranjos produtivos loco-regionais, [&hellip;]<\/p>\n","protected":false},"author":104,"featured_media":0,"parent":471,"menu_order":0,"comment_status":"closed","ping_status":"closed","template":"","meta":[],"_links":{"self":[{"href":"https:\/\/www.ifbaiano.edu.br\/unidades\/itaberaba\/wp-json\/wp\/v2\/pages\/5496"}],"collection":[{"href":"https:\/\/www.ifbaiano.edu.br\/unidades\/itaberaba\/wp-json\/wp\/v2\/pages"}],"about":[{"href":"https:\/\/www.ifbaiano.edu.br\/unidades\/itaberaba\/wp-json\/wp\/v2\/types\/page"}],"author":[{"embeddable":true,"href":"https:\/\/www.ifbaiano.edu.br\/unidades\/itaberaba\/wp-json\/wp\/v2\/users\/104"}],"replies":[{"embeddable":true,"href":"https:\/\/www.ifbaiano.edu.br\/unidades\/itaberaba\/wp-json\/wp\/v2\/comments?post=5496"}],"version-history":[{"count":7,"href":"https:\/\/www.ifbaiano.edu.br\/unidades\/itaberaba\/wp-json\/wp\/v2\/pages\/5496\/revisions"}],"predecessor-version":[{"id":8535,"href":"https:\/\/www.ifbaiano.edu.br\/unidades\/itaberaba\/wp-json\/wp\/v2\/pages\/5496\/revisions\/8535"}],"up":[{"embeddable":true,"href":"https:\/\/www.ifbaiano.edu.br\/unidades\/itaberaba\/wp-json\/wp\/v2\/pages\/471"}],"wp:attachment":[{"href":"https:\/\/www.ifbaiano.edu.br\/unidades\/itaberaba\/wp-json\/wp\/v2\/media?parent=5496"}],"curies":[{"name":"wp","href":"https:\/\/api.w.org\/{rel}","templated":true}]}}