{"id":6251,"date":"2022-07-05T08:56:56","date_gmt":"2022-07-05T11:56:56","guid":{"rendered":"https:\/\/www.ifbaiano.edu.br\/unidades\/itaberaba\/?page_id=6251"},"modified":"2025-04-20T00:06:20","modified_gmt":"2025-04-20T03:06:20","slug":"programa-de-gestao-do-teletrabalho-if-baiano-campus-itaberaba","status":"publish","type":"page","link":"https:\/\/www.ifbaiano.edu.br\/unidades\/itaberaba\/servidores\/programa-de-gestao-do-teletrabalho-if-baiano-campus-itaberaba\/","title":{"rendered":"PROGRAMA DE GEST\u00c3O DO TELETRABALHO IF BAIANO &#8211; CAMPUS ITABERABA"},"content":{"rendered":"\n<div id=\"ProreitoriaTopoTitulo\">\n\t\t\t\t\tINFORMA\u00c7\u00d5ES GERAIS\n\t\t\t\t<\/div>\n\n\n\n<p style=\"text-align: justify\" class=\"has-small-font-size\">A&nbsp;<strong>DIRETORA GERAL DO INSTITUTO FEDERAL DE EDUCA\u00c7\u00c3O, CI\u00caNCIA E TECNOLOGIA BAIANO \u2014&nbsp;<em>CAMPUS<\/em>&nbsp;ITABERABA<\/strong>, no uso de suas atribui\u00e7\u00f5es legais, conferidas pela&nbsp;<strong>Portaria n\u00ba 279<\/strong>, de 18 de mar\u00e7o de 2022 e publicada no DOU em 21 de mar\u00e7o de 2022, e, tendo em vista a&nbsp;<strong>Resolu\u00e7\u00e3o CONSUP 182\/2022 &#8211; OS-CONSUP\/IF BAIANO<\/strong>, de 1\u00ba de fevereiro de 2022, que aprova o Programa de Gest\u00e3o do Teletrabalho no \u00e2mbito do IF Baiano, em especial na modalidade teletrabalho, no \u00e2mbito do IF Baiano, e conforme disposi\u00e7\u00f5es contidas na&nbsp;<strong>Portaria 02\/2022\/RET-SCS\/RET-GA<\/strong>, de 18 de fevereiro de 2022 e&nbsp;<strong>Nota T\u00e9cnica SEI 32923\/2021\/ME<\/strong>, torna p\u00fablica a abertura dos&nbsp;<strong>EDITAIS DE INSCRI\u00c7\u00c3O PARA ADES\u00c3O AO PROGRAMA DE GEST\u00c3O DO TELETRABALHO &#8211; REGIME INTEGRAL E PARCIAL \/<\/strong> <strong>T\u00e9cnicos Administrativos em Educa\u00e7\u00e3o (TAE)<\/strong>.<\/p>\n\n\n\n<p>Link no site da Reitoria: <a href=\"https:\/\/concurso.ifbaiano.edu.br\/portal\/teletrabalho-tae-itaberaba-agosto-2024\/\" target=\"_blank\" rel=\"noreferrer noopener\">https:\/\/concurso.ifbaiano.edu.br\/portal\/teletrabalho-tae-itaberaba-agosto-2024\/<\/a><\/p>\n\n\n\n<div id=\"ProreitoriaTopoTitulo\">\n\t\t\t\t\tEDITAIS E DOCUMENTOS 2024\n\t\t\t\t<\/div>\n\n\n\n<div class=\"wp-block-file\"><a id=\"wp-block-file--media-49ee2f13-741d-4f91-8de0-8413a93a2e6d\" href=\"https:\/\/www.ifbaiano.edu.br\/unidades\/itaberaba\/files\/2024\/08\/Edital-16_2024-PGD-Regime-Integral.pdf\" target=\"_blank\" rel=\"noreferrer noopener\">Edital 16\/2024 &#8211; PGD Regime Integral<\/a><a href=\"https:\/\/www.ifbaiano.edu.br\/unidades\/itaberaba\/files\/2024\/08\/Edital-16_2024-PGD-Regime-Integral.pdf\" class=\"wp-block-file__button wp-element-button\" download aria-describedby=\"wp-block-file--media-49ee2f13-741d-4f91-8de0-8413a93a2e6d\">Baixar<\/a><\/div>\n\n\n\n<div class=\"wp-block-file\"><a id=\"wp-block-file--media-4ba2f4b8-5f30-41f4-b499-b193d4553f40\" href=\"https:\/\/www.ifbaiano.edu.br\/unidades\/itaberaba\/files\/2024\/08\/Edital-17_2024-PGD-Regime-Parcial.pdf\" target=\"_blank\" rel=\"noreferrer noopener\">Edital 17\/2024 &#8211; PGD Regime Parcial<\/a><a href=\"https:\/\/www.ifbaiano.edu.br\/unidades\/itaberaba\/files\/2024\/08\/Edital-17_2024-PGD-Regime-Parcial.pdf\" class=\"wp-block-file__button wp-element-button\" download aria-describedby=\"wp-block-file--media-4ba2f4b8-5f30-41f4-b499-b193d4553f40\">Baixar<\/a><\/div>\n\n\n\n<div class=\"wp-block-file\"><a id=\"wp-block-file--media-31a859a6-b201-4ade-85a3-00f609d1d6c4\" href=\"https:\/\/www.ifbaiano.edu.br\/unidades\/itaberaba\/files\/2024\/08\/Resultado-Impugnacao-ao-Edital-16_2024.pdf\" target=\"_blank\" rel=\"noreferrer noopener\">Resultado Impugna\u00e7\u00e3o ao Edital 16\/2024<\/a><a href=\"https:\/\/www.ifbaiano.edu.br\/unidades\/itaberaba\/files\/2024\/08\/Resultado-Impugnacao-ao-Edital-16_2024.pdf\" class=\"wp-block-file__button wp-element-button\" download aria-describedby=\"wp-block-file--media-31a859a6-b201-4ade-85a3-00f609d1d6c4\">Baixar<\/a><\/div>\n\n\n\n<div class=\"wp-block-file\"><a id=\"wp-block-file--media-3052d29b-2db1-43f7-b4f3-d82045fc3951\" href=\"https:\/\/www.ifbaiano.edu.br\/unidades\/itaberaba\/files\/2024\/08\/Resultado-Impugnacao-ao-Edital-17_2024.pdf\" target=\"_blank\" rel=\"noreferrer noopener\">Resultado Impugna\u00e7\u00e3o ao Edital 17\/2024<\/a><a href=\"https:\/\/www.ifbaiano.edu.br\/unidades\/itaberaba\/files\/2024\/08\/Resultado-Impugnacao-ao-Edital-17_2024.pdf\" class=\"wp-block-file__button wp-element-button\" download aria-describedby=\"wp-block-file--media-3052d29b-2db1-43f7-b4f3-d82045fc3951\">Baixar<\/a><\/div>\n\n\n\n<div class=\"wp-block-file\"><a id=\"wp-block-file--media-42586fc9-874a-480d-bedd-520ddee93e3e\" href=\"https:\/\/www.ifbaiano.edu.br\/unidades\/itaberaba\/files\/2024\/08\/Homologacao-do-Edital-16_2024.pdf\" target=\"_blank\" rel=\"noreferrer noopener\">Homologa\u00e7\u00e3o do Edital 16\/2024<\/a><a href=\"https:\/\/www.ifbaiano.edu.br\/unidades\/itaberaba\/files\/2024\/08\/Homologacao-do-Edital-16_2024.pdf\" class=\"wp-block-file__button wp-element-button\" download aria-describedby=\"wp-block-file--media-42586fc9-874a-480d-bedd-520ddee93e3e\">Baixar<\/a><\/div>\n\n\n\n<div class=\"wp-block-file\"><a id=\"wp-block-file--media-039cd842-8950-4b43-a21a-a99d55ec6f1d\" href=\"https:\/\/www.ifbaiano.edu.br\/unidades\/itaberaba\/files\/2024\/08\/Homologacao-do-Edital-17_2024.pdf\" target=\"_blank\" rel=\"noreferrer noopener\">Homologa\u00e7\u00e3o do Edital 17\/2024<\/a><a href=\"https:\/\/www.ifbaiano.edu.br\/unidades\/itaberaba\/files\/2024\/08\/Homologacao-do-Edital-17_2024.pdf\" class=\"wp-block-file__button wp-element-button\" download aria-describedby=\"wp-block-file--media-039cd842-8950-4b43-a21a-a99d55ec6f1d\">Baixar<\/a><\/div>\n\n\n\n<div class=\"wp-block-file\"><a id=\"wp-block-file--media-52f1be72-ce85-4e9b-8870-eb6d5460986a\" href=\"https:\/\/www.ifbaiano.edu.br\/unidades\/itaberaba\/files\/2024\/08\/Chamada-Publica-1_2024-Edital-17_2024-PGD-2024_2025-Fluxo-Continuo-Regime-Parcial.pdf\" target=\"_blank\" rel=\"noreferrer noopener\">Chamada P\u00fablica 1\/2024 &#8211; Edital 17\/2024 &#8211; PGD 2024\/2025 &#8211; Fluxo Cont\u00ednuo &#8211; Regime Parcial<\/a><a href=\"https:\/\/www.ifbaiano.edu.br\/unidades\/itaberaba\/files\/2024\/08\/Chamada-Publica-1_2024-Edital-17_2024-PGD-2024_2025-Fluxo-Continuo-Regime-Parcial.pdf\" class=\"wp-block-file__button wp-element-button\" download aria-describedby=\"wp-block-file--media-52f1be72-ce85-4e9b-8870-eb6d5460986a\">Baixar<\/a><\/div>\n\n\n\n<div class=\"wp-block-file\"><a id=\"wp-block-file--media-97ba40e6-d555-418c-a875-f3b0a995053c\" href=\"https:\/\/www.ifbaiano.edu.br\/unidades\/itaberaba\/files\/2024\/08\/Chamada-Publica-2_2024-Edital-16_2024-PGD-2024_2025-Fluxo-Continuo-Regime-Integral.pdf\" target=\"_blank\" rel=\"noreferrer noopener\">Chamada P\u00fablica 2\/2024 &#8211; Edital 16\/2024 &#8211; PGD 2024\/2025 &#8211; Fluxo Cont\u00ednuo &#8211; Regime Integral<\/a><a href=\"https:\/\/www.ifbaiano.edu.br\/unidades\/itaberaba\/files\/2024\/08\/Chamada-Publica-2_2024-Edital-16_2024-PGD-2024_2025-Fluxo-Continuo-Regime-Integral.pdf\" class=\"wp-block-file__button wp-element-button\" download aria-describedby=\"wp-block-file--media-97ba40e6-d555-418c-a875-f3b0a995053c\">Baixar<\/a><\/div>\n\n\n\n<div class=\"wp-block-file\"><a id=\"wp-block-file--media-dd050640-68b8-4859-b1d3-4f6364175d4a\" href=\"https:\/\/www.ifbaiano.edu.br\/unidades\/itaberaba\/files\/2024\/08\/1a-Retificacao-da-Chamada-Publica-no-1_2024-Edital-no-17_2024-PGD-Parcial.pdf\" target=\"_blank\" rel=\"noreferrer noopener\">1\u00aa Retifica\u00e7\u00e3o da Chamada P\u00fablica n\u00ba 1\/2024 &#8211; Edital n\u00ba 17\/2024 &#8211; PGD Parcial<\/a><a href=\"https:\/\/www.ifbaiano.edu.br\/unidades\/itaberaba\/files\/2024\/08\/1a-Retificacao-da-Chamada-Publica-no-1_2024-Edital-no-17_2024-PGD-Parcial.pdf\" class=\"wp-block-file__button wp-element-button\" download aria-describedby=\"wp-block-file--media-dd050640-68b8-4859-b1d3-4f6364175d4a\">Baixar<\/a><\/div>\n\n\n\n<div class=\"wp-block-file\"><a id=\"wp-block-file--media-93257f11-5c7d-492b-9f7f-66642090b41a\" href=\"https:\/\/www.ifbaiano.edu.br\/unidades\/itaberaba\/files\/2024\/09\/Nota-Informativa-Suspensao-das-Chamadas-Publicas-no-1-e-2-para-Revisao-dos-Atos-Internos-do-Programa-de-Teletrabalho.pdf\" target=\"_blank\" rel=\"noreferrer noopener\">Nota Informativa &#8211; Suspens\u00e3o das Chamadas P\u00fablicas n\u00ba 1 e 2 para Revis\u00e3o dos Atos Internos do Programa de Teletrabalho<\/a><a href=\"https:\/\/www.ifbaiano.edu.br\/unidades\/itaberaba\/files\/2024\/09\/Nota-Informativa-Suspensao-das-Chamadas-Publicas-no-1-e-2-para-Revisao-dos-Atos-Internos-do-Programa-de-Teletrabalho.pdf\" class=\"wp-block-file__button wp-element-button\" download aria-describedby=\"wp-block-file--media-93257f11-5c7d-492b-9f7f-66642090b41a\">Baixar<\/a><\/div>\n\n\n\n<div class=\"wp-block-file\"><a id=\"wp-block-file--media-418d0094-9f6a-463f-9448-281fc9b9c4cb\" href=\"https:\/\/www.ifbaiano.edu.br\/unidades\/itaberaba\/files\/2025\/04\/Informacoes-referentes-aos-Editais-no-16-e-17_2024.pdf\" target=\"_blank\" rel=\"noreferrer noopener\">Informa\u00e7\u00f5es referentes aos Editais n\u00ba 16 e 17\/2024<\/a><a href=\"https:\/\/www.ifbaiano.edu.br\/unidades\/itaberaba\/files\/2025\/04\/Informacoes-referentes-aos-Editais-no-16-e-17_2024.pdf\" class=\"wp-block-file__button wp-element-button\" download aria-describedby=\"wp-block-file--media-418d0094-9f6a-463f-9448-281fc9b9c4cb\">Baixar<\/a><\/div>\n\n\n\n<div id=\"ProreitoriaTopoTitulo\">\n\t\t\t\t\tSERVIDORES PARTICIPANTES DO PROGRAMA DE GEST\u00c3O &#8211; TELETRABALHO\n\t\t\t\t<\/div>\n\n\n\n<p><\/p>\n\n\n\n<h2 class=\"wp-block-heading\">2024<\/h2>\n\n\n\n<ul>\n<li>Lista de Participantes &#8211; Dezembro\/2024 (Editais n\u00ba 16 e 17\/2024)<\/li>\n\n\n\n<li>Lista de Participantes &#8211; Novembro\/2024 (Editais n\u00ba 16 e 17\/2024)<\/li>\n\n\n\n<li>Lista de Participantes &#8211; Outubro\/2024 (Editais n\u00ba 16 e 17\/2024)<\/li>\n\n\n\n<li>Lista de Participantes &#8211; Setembro\/2024 (Editais n\u00ba 16 e 17\/2024)<\/li>\n\n\n\n<li>Lista de Participantes &#8211; Agosto\/2023 (Editais n\u00ba 28 e 29\/2024)<\/li>\n\n\n\n<li>Lista de Participantes &#8211; Julho\/2023 (Editais n\u00ba 28 e 29\/2024)<\/li>\n\n\n\n<li>Lista de Participantes &#8211; Junho\/2023 (Editais n\u00ba 28 e 29\/2024)<\/li>\n\n\n\n<li>Lista de Participantes &#8211; Maio\/2023 (Editais n\u00ba 28 e 29\/2024)<\/li>\n\n\n\n<li>Lista de Participantes &#8211; Abril\/2023 (Editais n\u00ba 28 e 29\/2024)<\/li>\n\n\n\n<li>Lista de Participantes &#8211; Mar\u00e7o\/2023 (Editais n\u00ba 28 e 29\/2024)<\/li>\n\n\n\n<li>Lista de Participantes &#8211; Fevereiro\/2023 (Editais n\u00ba 28 e 29\/2024)<\/li>\n\n\n\n<li>Lista de Participantes &#8211; Janeiro\/2023 (Editais n\u00ba 28 e 29\/2024)<\/li>\n<\/ul>\n\n\n\n<h2 class=\"wp-block-heading\">2023<\/h2>\n\n\n\n<ul>\n<li>Lista de Participantes &#8211; Dezembro\/2023 (Editais n\u00ba 34 e 35\/2023)<\/li>\n\n\n\n<li>Lista de Participantes &#8211; Novembro\/2023 (Editais n\u00ba 34 e 35\/2023)<\/li>\n\n\n\n<li>Lista de Participantes &#8211; Outubro\/2023 (Editais n\u00ba 34 e 35\/2023)<\/li>\n\n\n\n<li><a href=\"https:\/\/www.ifbaiano.edu.br\/unidades\/itaberaba\/files\/2023\/09\/Programa-de-Gestao-Teletrabalho-Campus-Itaberaba-09-2023.pdf\" target=\"_blank\" rel=\"noreferrer noopener\">Lista de Participantes &#8211; Setembro\/2023<\/a> (Editais n\u00ba 34 e 35\/2023)<\/li>\n\n\n\n<li><a href=\"https:\/\/www.ifbaiano.edu.br\/unidades\/itaberaba\/files\/2023\/09\/Programa-de-Gestao-Teletrabalho-Campus-Itaberaba-08-2023.pdf\" target=\"_blank\" rel=\"noreferrer noopener\">Lista de Participantes &#8211; Agosto\/2023<\/a> (Editais n\u00ba 28 e 29\/2022)<\/li>\n\n\n\n<li><a rel=\"noreferrer noopener\" href=\"https:\/\/www.ifbaiano.edu.br\/unidades\/itaberaba\/files\/2023\/07\/Programa-de-Gestao-Teletrabalho-Campus-Itaberaba-07-2023.pdf\" target=\"_blank\">Lista de Participantes &#8211; Julho\/2023<\/a> (Editais n\u00ba 28 e 29\/2022)<\/li>\n\n\n\n<li><a rel=\"noreferrer noopener\" href=\"https:\/\/www.ifbaiano.edu.br\/unidades\/itaberaba\/files\/2023\/06\/Programa-de-Gestao-Teletrabalho-Campus-Itaberaba-06-2023.pdf\" target=\"_blank\">Lista de Participantes &#8211; Junho\/2023<\/a> (Editais n\u00ba 28 e 29\/2022)<\/li>\n\n\n\n<li><a rel=\"noreferrer noopener\" href=\"https:\/\/www.ifbaiano.edu.br\/unidades\/itaberaba\/files\/2023\/05\/Programa-de-Gestao-Teletrabalho-Campus-Itaberaba-05-2023.pdf\" target=\"_blank\">Lista de Participantes &#8211; Maio\/2023<\/a> (Editais n\u00ba 28 e 29\/2022)<\/li>\n\n\n\n<li><a rel=\"noreferrer noopener\" href=\"https:\/\/www.ifbaiano.edu.br\/unidades\/itaberaba\/files\/2023\/05\/Programa-de-Gestao-Teletrabalho-Campus-Itaberaba-04-2023.pdf\" target=\"_blank\">Lista de Participantes &#8211; Abril\/2023<\/a> (Editais n\u00ba 28 e 29\/2022)<\/li>\n\n\n\n<li><a rel=\"noreferrer noopener\" href=\"https:\/\/www.ifbaiano.edu.br\/unidades\/itaberaba\/files\/2023\/05\/Programa-de-Gestao-Teletrabalho-Campus-Itaberaba-03-2023.pdf\" target=\"_blank\">Lista de Participantes &#8211; Mar\u00e7o\/2023<\/a> (Editais n\u00ba 28 e 29\/2022)<\/li>\n\n\n\n<li><a rel=\"noreferrer noopener\" href=\"https:\/\/www.ifbaiano.edu.br\/unidades\/itaberaba\/files\/2023\/05\/Programa-de-Gestao-Teletrabalho-Campus-Itaberaba-02-2023.pdf\" target=\"_blank\">Lista de Participantes &#8211; Fevereiro\/2023<\/a> (Editais n\u00ba 28 e 29\/2022)<\/li>\n\n\n\n<li><a rel=\"noreferrer noopener\" href=\"https:\/\/www.ifbaiano.edu.br\/unidades\/itaberaba\/files\/2023\/05\/Programa-de-Gestao-Teletrabalho-Campus-Itaberaba-01-2023.pdf\" target=\"_blank\">Lista de Participantes &#8211; Janeiro\/2023<\/a> (Editais n\u00ba 28 e 29\/2022)<\/li>\n<\/ul>\n\n\n\n<h2 class=\"wp-block-heading\">2022<\/h2>\n\n\n\n<ul>\n<li><a rel=\"noreferrer noopener\" href=\"https:\/\/www.ifbaiano.edu.br\/unidades\/itaberaba\/files\/2023\/05\/Programa-de-Gestao-Teletrabalho-Campus-Itaberaba-12-2022.pdf\" target=\"_blank\">Lista de Participantes &#8211; Dezembro\/2022<\/a> (Editais n\u00ba 28 e 29\/2022)<\/li>\n\n\n\n<li><a rel=\"noreferrer noopener\" href=\"https:\/\/ifbaiano.edu.br\/portal\/servidor\/wp-content\/uploads\/sites\/5\/2022\/08\/Planilha-participantes-teletrabalho-atualizados_REITORIA.pdf\" target=\"_blank\"><\/a><a rel=\"noreferrer noopener\" href=\"https:\/\/www.ifbaiano.edu.br\/unidades\/itaberaba\/files\/2023\/05\/Programa-de-Gestao-Teletrabalho-Campus-Itaberaba-11-2022.pdf\" target=\"_blank\">Lista de Participantes &#8211; Novembro\/2022<\/a> (Editais n\u00ba 28 e 29\/2022)<\/li>\n\n\n\n<li><a rel=\"noreferrer noopener\" href=\"https:\/\/ifbaiano.edu.br\/portal\/servidor\/wp-content\/uploads\/sites\/5\/2022\/08\/Planilha-participantes-teletrabalho-atualizados_REITORIA.pdf\" target=\"_blank\"><\/a><a rel=\"noreferrer noopener\" href=\"https:\/\/www.ifbaiano.edu.br\/unidades\/itaberaba\/files\/2023\/05\/Programa-de-Gestao-Teletrabalho-Campus-Itaberaba-10-2022.pdf\" target=\"_blank\">Lista de Participantes &#8211; Outubro\/2022<\/a> (Editais n\u00ba 28 e 29\/2022)<\/li>\n\n\n\n<li><a rel=\"noreferrer noopener\" href=\"https:\/\/ifbaiano.edu.br\/portal\/servidor\/wp-content\/uploads\/sites\/5\/2022\/08\/Planilha-participantes-teletrabalho-atualizados_REITORIA.pdf\" target=\"_blank\"><\/a><a rel=\"noreferrer noopener\" href=\"https:\/\/www.ifbaiano.edu.br\/unidades\/itaberaba\/files\/2023\/05\/Programa-de-Gestao-Teletrabalho-Campus-Itaberaba-09-2022.pdf\" target=\"_blank\">Lista de Participantes &#8211; Setembro\/2022<\/a> (Editais n\u00ba 28 e 29\/2022)<\/li>\n\n\n\n<li><a rel=\"noreferrer noopener\" href=\"https:\/\/ifbaiano.edu.br\/portal\/servidor\/wp-content\/uploads\/sites\/5\/2022\/08\/Planilha-participantes-teletrabalho-atualizados_REITORIA.pdf\" target=\"_blank\"><\/a><a rel=\"noreferrer noopener\" href=\"https:\/\/www.ifbaiano.edu.br\/unidades\/itaberaba\/files\/2023\/05\/Programa-de-Gestao-Teletrabalho-Campus-Itaberaba-08-2022.pdf\" target=\"_blank\">Lista de Participantes &#8211; Agosto\/2022<\/a> (Editais n\u00ba 28 e 29\/2022)<\/li>\n<\/ul>\n\n\n\n<div class=\"wp-block-group is-layout-constrained\"><div class=\"wp-block-group__inner-container\">\n<div id=\"ProreitoriaTopoTitulo\">\n\t\t\t\t\tEDITAIS E DOCUMENTOS HIST\u00d3RICO (ARQUIVO)\n\t\t\t\t<\/div>\n\n\n\n<ul>\n<li><a href=\"https:\/\/www.ifbaiano.edu.br\/unidades\/itaberaba\/servidores\/programa-de-gestao-do-teletrabalho-if-baiano-campus-itaberaba\/pgd-2023\/\" data-type=\"URL\" data-id=\"PGD\">PGD 2023<\/a><\/li>\n\n\n\n<li><a href=\"https:\/\/www.ifbaiano.edu.br\/unidades\/itaberaba\/servidores\/programa-de-gestao-do-teletrabalho-if-baiano-campus-itaberaba\/pgd-2022\/\">PGD 2022<\/a><\/li>\n<\/ul>\n<\/div><\/div>\n\n\n","protected":false},"excerpt":{"rendered":"<p>INFORMA\u00c7\u00d5ES GERAIS A&nbsp;DIRETORA GERAL DO INSTITUTO FEDERAL DE EDUCA\u00c7\u00c3O, CI\u00caNCIA E TECNOLOGIA BAIANO \u2014&nbsp;CAMPUS&nbsp;ITABERABA, no uso de suas atribui\u00e7\u00f5es legais, conferidas pela&nbsp;Portaria n\u00ba 279, de 18 de mar\u00e7o de 2022 e publicada no DOU em 21 de mar\u00e7o de 2022, e, tendo em vista a&nbsp;Resolu\u00e7\u00e3o CONSUP 182\/2022 &#8211; OS-CONSUP\/IF BAIANO, de 1\u00ba de fevereiro de [&hellip;]<\/p>\n","protected":false},"author":104,"featured_media":0,"parent":25,"menu_order":-2,"comment_status":"closed","ping_status":"closed","template":"","meta":[],"_links":{"self":[{"href":"https:\/\/www.ifbaiano.edu.br\/unidades\/itaberaba\/wp-json\/wp\/v2\/pages\/6251"}],"collection":[{"href":"https:\/\/www.ifbaiano.edu.br\/unidades\/itaberaba\/wp-json\/wp\/v2\/pages"}],"about":[{"href":"https:\/\/www.ifbaiano.edu.br\/unidades\/itaberaba\/wp-json\/wp\/v2\/types\/page"}],"author":[{"embeddable":true,"href":"https:\/\/www.ifbaiano.edu.br\/unidades\/itaberaba\/wp-json\/wp\/v2\/users\/104"}],"replies":[{"embeddable":true,"href":"https:\/\/www.ifbaiano.edu.br\/unidades\/itaberaba\/wp-json\/wp\/v2\/comments?post=6251"}],"version-history":[{"count":66,"href":"https:\/\/www.ifbaiano.edu.br\/unidades\/itaberaba\/wp-json\/wp\/v2\/pages\/6251\/revisions"}],"predecessor-version":[{"id":9250,"href":"https:\/\/www.ifbaiano.edu.br\/unidades\/itaberaba\/wp-json\/wp\/v2\/pages\/6251\/revisions\/9250"}],"up":[{"embeddable":true,"href":"https:\/\/www.ifbaiano.edu.br\/unidades\/itaberaba\/wp-json\/wp\/v2\/pages\/25"}],"wp:attachment":[{"href":"https:\/\/www.ifbaiano.edu.br\/unidades\/itaberaba\/wp-json\/wp\/v2\/media?parent=6251"}],"curies":[{"name":"wp","href":"https:\/\/api.w.org\/{rel}","templated":true}]}}