{"id":630,"date":"2021-07-13T12:34:42","date_gmt":"2021-07-13T15:34:42","guid":{"rendered":"http:\/\/www.ifbaiano.edu.br\/unidades\/itaberaba\/?page_id=630"},"modified":"2025-07-08T07:04:03","modified_gmt":"2025-07-08T10:04:03","slug":"contatos","status":"publish","type":"page","link":"https:\/\/www.ifbaiano.edu.br\/unidades\/itaberaba\/contatos\/","title":{"rendered":"Contatos"},"content":{"rendered":"\n<p><strong>DIRE\u00c7\u00c3O GERAL (DG)<br><\/strong>Titular: Ozenice Silva dos Santos<br>E-mail: <a rel=\"noopener\" href=\"mailto:ozenice.silva@ifbaiano.edu.br\" target=\"_blank\">ozenice.silva@ifbaiano.edu.br<\/a><br>Substituto: Arlem Souto Barros<br>E-mail: <a href=\"mailto:arlem.souto@ifbaiano.edu.br\" target=\"_blank\" rel=\"noreferrer noopener\">arlem.souto@ifbaiano.edu.br<\/a><br>Tel.: (75) 3253-1650<\/p>\n\n\n\n<hr class=\"wp-block-separator has-css-opacity\" \/>\n\n\n\n<p><strong>DIRE\u00c7\u00c3O ADMINISTRATIVA E PLANEJAMENTO (DAP)<br><\/strong>Titular: Arlem Souto Barros<br>E-mail: <a href=\"mailto:arlem.souto@ifbaiano.edu.br\">arlem.souto@ifbaiano.edu.br<\/a><br>Substituto: Mario Madielson Varj\u00e3o Rom\u00e3o<br>E-mail: <a href=\"mailto:mario.romao@ifbaiano.edu.br\" target=\"_blank\" rel=\"noopener\">mario.romao@ifbaiano.edu.br<\/a><br>Tel.:&nbsp; (75) 3253-1651\n\n<br>E-mail Setorial: <a href=\"mailto:dadm@itaberaba.ifbaiano.edu.br\">dadm@itaberaba.ifbaiano.edu.br<\/a><\/p>\n\n\n\n<hr class=\"wp-block-separator has-css-opacity\" \/>\n\n\n\n<p><strong>DIRE\u00c7\u00c3O ACAD\u00caMICA (DA)<\/strong><br>Titular: Helo\u00edsa Helena de Abreu Martins<br>Substituto: Leonardo Augusto Paulino<br>E-mail setorial: <a rel=\"noopener\" href=\"mailto:da@itaberaba.ifbaiano.edu.br\" target=\"_blank\">da@itaberaba.ifbaiano.edu.br<\/a><\/p>\n\n\n\n<hr class=\"wp-block-separator has-css-opacity\" \/>\n\n\n\n<p><strong>COORDENA\u00c7\u00c3O DE ENSINO (CE)<\/strong><br>Titular: Suede Santos Barbosa<br>Substituto: N\u00e3o h\u00e1.<br>E-mail setorial: <a rel=\"noreferrer noopener\" href=\"mailto:ce@itaberaba.ifbaiano.edu.br\" target=\"_blank\">ce@itaberaba.ifbaiano.edu.br<\/a><\/p>\n\n\n\n<hr class=\"wp-block-separator has-css-opacity\" \/>\n\n\n\n<p><strong>N\u00daCLEO DE APOIO \u00c0 GEST\u00c3O DE PESSOAS (NAGP)<br><\/strong>Titular: Ot\u00e1vio de Oliveira Santos<br>Substituta: Bruna Leite Sufiate<strong><br><\/strong>E-mail setorial: <a rel=\"noopener\" href=\"mailto:nagp@itaberaba.ifbaiano.edu.br\" target=\"_blank\">nagp@itaberaba.ifbaiano.edu.br<\/a><\/p>\n\n\n\n<hr class=\"wp-block-separator has-css-opacity\" \/>\n\n\n\n<p><strong>SECRETARIA DE REGISTROS ACAD\u00caMICOS (SRA)<br><\/strong>Titular: Chinayder Oliveira Borges<br>Substituto: John Kennedy da Conceicao de Santana<strong><br><\/strong>E-mail setorial: <a rel=\"noopener\" href=\"mailto:sra@itaberaba.ifbaiano.edu.br\" target=\"_blank\">sra@itaberaba.ifbaiano.edu.br<\/a><\/p>\n\n\n\n<hr class=\"wp-block-separator has-css-opacity\" \/>\n\n\n\n<p><strong>COORDENA\u00c7\u00c3O DE ASSUNTOS ESTUDANTIS\u00a0 (CAE)<br><\/strong>Titular: C\u00e1ssia Lorena Cavalcante Simpl\u00edcio da Silva<br>Substituto: N\u00e3o h\u00e1.<br>E-mail setorial: <a rel=\"noopener\" href=\"mailto:cae@itaberaba.ifbaiano.edu.br\" target=\"_blank\">cae@itaberaba.ifbaiano.edu.br<\/a><br>Tel.: <a rel=\"noreferrer noopener\" href=\"https:\/\/api.whatsapp.com\/send?phone=5575991010012\" target=\"_blank\">(75) 99101-0012<\/a><\/p>\n\n\n\n<hr class=\"wp-block-separator has-css-opacity\" \/>\n\n\n\n<p><strong>GABINETE DA DIRE\u00c7\u00c3O GERAL (GAB)<br><\/strong>Titular: Ot\u00e1vio de Oliveira Santos<br>Substituta: Bruna Leite Sufiate<strong><br><\/strong>E-mail setorial: <a rel=\"noopener\" href=\"mailto:gabinete@itaberaba.ifbaiano.edu.br\" target=\"_blank\">gabinete@itaberaba.ifbaiano.edu.br<\/a><br>Tel.: (75) 3253-1650<\/p>\n\n\n\n<hr class=\"wp-block-separator has-css-opacity\" \/>\n\n\n\n<p><strong>COORDENA\u00c7\u00c3O DA UNIDADE EDUCATIVA DE CAMPO (CUEC)<\/strong><br>Titular: Jo\u00e3o Carlos Nepomuceno Costa<br>Substituto: Jefferson Oliveira de S\u00e1<br>E-mail: <a rel=\"noopener\" href=\"mailto:joao.costa@ifbaiano.edu.br\" target=\"_blank\">cuec@itaberaba.ifbaiano.edu.br<\/a><\/p>\n\n\n\n<hr class=\"wp-block-separator has-css-opacity\" \/>\n\n\n\n<p><strong>COORDENA\u00c7\u00c3O DE COMPRAS (CCOM)<\/strong><br>Titular: <br>Substituto: <br>E-mail setorial: <a rel=\"noopener\" href=\"mailto:compras@itaberaba.ifbaiano.edu.br\" target=\"_blank\">compras@itaberaba.ifbaiano.edu.br<\/a><\/p>\n\n\n\n<hr class=\"wp-block-separator has-css-opacity\" \/>\n\n\n\n<p><strong>N\u00daCLEO DE CONTRATOS (NUCON)<\/strong><br>Titular: Talita Suelen Santos Andrade<br>Substituta: Bruna Leite Sufiate<br>E-mail setorial: <a rel=\"noopener\" href=\"mailto:contratos@itaberaba.ifbaiano.edu.br\" target=\"_blank\">contratos@itaberaba.ifbaiano.edu.br<\/a><\/p>\n\n\n\n<hr class=\"wp-block-separator has-css-opacity\" \/>\n\n\n\n<p><strong>COORDENA\u00c7\u00c3O FINANCEIRA E CONT\u00c1BIL (CFC)<\/strong><br>Titular: Jeferson Matos Andrade<br>Substituta: Jussara das Neves<br>E-mail setorial: <a rel=\"noopener\" href=\"mailto:cfc@itaberaba.ifbaiano.edu.br\" target=\"_blank\">cfc@itaberaba.ifbaiano.edu.br<\/a><\/p>\n\n\n\n<hr class=\"wp-block-separator has-css-opacity\" \/>\n\n\n\n<p><strong>N\u00daCLEO DE ATENDIMENTO \u00c0S PESSOAS COM NECESSIDADES ESPEC\u00cdFICAS (NAPNE)<\/strong><br>Respons\u00e1vel: Ana Catarina Magalh\u00e3es dos Santos<br>Substituta: <br>E-mail setorial: <a rel=\"noopener\" href=\"mailto:napne@itaberaba.ifbaiano.edu.br\" target=\"_blank\">napne@itaberaba.ifbaiano.edu.br<\/a><\/p>\n\n\n\n<hr class=\"wp-block-separator has-css-opacity\" \/>\n\n\n\n<p><strong>COORDENA\u00c7\u00c3O DE EXTENS\u00c3O (CEXT)<\/strong><br>Respons\u00e1vel: Lizziane Argolo Batista<br>Substituto: Marcio da Silva Alves<br>E-mail setorial: <a rel=\"noopener\" href=\"mailto:extensao@itaberaba.ifbaiano.edu.br\" target=\"_blank\">extensao@itaberaba.ifbaiano.edu.br<\/a> <\/p>\n\n\n\n<hr class=\"wp-block-separator has-css-opacity\" \/>\n\n\n\n<p><strong>N\u00daCLEO DE ESTUDOS AFRO-BRASILEIRO E IND\u00cdGENAS (NEABI)<\/strong><br>EQUIPE GESTORA:<br>Jorge Augusto de Jesus Silva<br>Jairo Oliveira dos Santos<br>E-mail setorial: <a href=\"mailto:neabi@itaberaba.ifbaiano.edu.br\" target=\"_blank\" rel=\"noopener\">neabi@itaberaba.ifbaiano.edu.br<\/a><\/p>\n\n\n\n<hr class=\"wp-block-separator has-css-opacity\" \/>\n\n\n\n<p><strong>N\u00daCLEO DE ESTUDOS DE G\u00caNERO E SEXUALIDADE (GENI)<\/strong><br>COORDENA\u00c7\u00c3O COLEGIADA:<br>Leonardo Augusto Paulino<br>E-mail: <a rel=\"noopener\" href=\"mailto:leonardo.paulino@ifbaiano.edu.br\" target=\"_blank\">leonardo.paulino@ifbaiano.edu.br<\/a><br>Jairo Oliveira dos Santos<br>Maria Carolina Scartezini Cruz<br>E-mail setorial: <a href=\"mailto:geni@itaberaba.ifbaiano.edu.br\" target=\"_blank\" rel=\"noreferrer noopener\">geni@itaberaba.ifbaiano.edu.br<\/a><\/p>\n\n\n\n<hr class=\"wp-block-separator has-css-opacity\" \/>\n\n\n\n<p><strong>COORDENA\u00c7\u00c3O DE PESQUISA (COPES)<\/strong><br>Respons\u00e1vel: Renato Batista dos Santos<br>Substituto: Jefferson Oliveira de S\u00e1<br>E-mail setorial: <a rel=\"noopener\" href=\"mailto:pesquisa@itaberaba.ifbaiano.edu.br\" target=\"_blank\">pesquisa@itaberaba.ifbaiano.edu.br<\/a><\/p>\n\n\n\n<hr class=\"wp-block-separator has-alpha-channel-opacity\" \/>\n\n\n\n<p><strong>COORDENA\u00c7\u00d5ES DE CURSOS<\/strong>:<br><strong>Meio Ambiente &#8211; Subsequente<br><\/strong>Titular: F\u00e1bio Gon\u00e7alves da Silva<br>Substituto: \u00c9lton Linton Oliveira Magalh\u00e3es<br>E-mail setorial: <a rel=\"noreferrer noopener\" href=\"mailto:meioambiente@itaberaba.ifbaiano.edu.br\" target=\"_blank\">meioambiente@itaberaba.ifbaiano.edu.br<\/a><\/p>\n\n\n\n<p><br><strong>Agroind\u00fastria &#8211; Integrado<br><\/strong>Titular: Cristovam Alves de Lima J\u00fanior<br>Substituto: Renato Batista dos Santos<br>E-mail setorial: <a href=\"mailto:tecnico.agroindustria@itaberaba.ifbaiano.edu.br\" target=\"_blank\" rel=\"noreferrer noopener\">tecnico.agroindustria@itaberaba.ifbaiano.edu.br<\/a><\/p>\n\n\n\n<p><br><strong>Agropecu\u00e1ria &#8211; Integrado<br><\/strong>Titular: Maria Auric\u00e9lia Ferreira Marques da Silva<br>Substituto: Su\u00eade Santos Barbosa<br>E-mail setorial: <a href=\"mailto:integrado.agropecuaria@itaberaba.ifbaiano.edu.br\" target=\"_blank\" rel=\"noreferrer noopener\">integrado.agropecuaria@itaberaba.ifbaiano.edu.br<\/a><\/p>\n\n\n\n<p><br><strong>Agropecu\u00e1ria &#8211; Subsequente<br><\/strong>Titular: Ubiratan Oliveira Souza<br>Substituto: Evandro Ferreira Cardoso<br>E-mail setorial: <a href=\"mailto:subsequente.agropecuaria@itaberaba.ifbaiano.edu.br\" target=\"_blank\" rel=\"noreferrer noopener\">subsequente.agropecuaria@itaberaba.ifbaiano.edu.br<\/a><\/p>\n\n\n\n<hr class=\"wp-block-separator has-css-opacity\" \/>\n\n\n\n<p><strong>N\u00daCLEO DE COMUNICA\u00c7\u00c3O E EVENTOS (NCE)<\/strong><br>Respons\u00e1vel: Alex Sandro Batista dos Santos<br>E-mail setorial:&nbsp;<a href=\"mailto:nce@itaberaba.ifbaiano.edu.br\" target=\"_blank\" rel=\"noreferrer noopener\">nce@itaberaba.ifbaiano.edu.br<\/a><\/p>\n\n\n\n<hr class=\"wp-block-separator has-css-opacity\" \/>\n\n\n\n<p><strong>COMISS\u00c3O LOCAL DO PROCESSO DE INGRESSO DE ESTUDANTES<\/strong><br>Presidente: Pedro Henrique Silva Santos Machado<br>Suplente do Presidente: Tiago Yamazaki Izumida Andrade<br>Membros:<br>&#8211; Alex Sandro Batista dos Santos<br>&#8211; Ana Catarina Magalh\u00e3es dos Santos&nbsp;<br>&#8211; Carlos Moreno dos Santos Moreira Lima<br>&#8211; Emerson Pereira da Silva&nbsp;<br>&#8211; F\u00e1bio Gon\u00e7alves da Silva&nbsp;<br>&#8211; Helo\u00edsa Helena de Abreu Martins<br>&#8211; Jo\u00e3o Carlos Nepomuceno Costa<br>&#8211; Jorge Augusto de Jesus Silva<br>&#8211; Leonardo Augusto Paulino<br>&#8211; Renato Salgado de Melo Oliveira<br>&#8211; Thayse Macedo dos Santos Lima<br>E -mail setorial: <a href=\"mailto:prosel@itaberaba.ifbaiano.edu.br\" target=\"_blank\" rel=\"noreferrer noopener\">prosel@itaberaba.ifbaiano.edu.br<\/a> <\/p>\n\n\n\n<p><\/p>\n","protected":false},"excerpt":{"rendered":"<p>DIRE\u00c7\u00c3O GERAL (DG)Titular: Ozenice Silva dos SantosE-mail: ozenice.silva@ifbaiano.edu.brSubstituto: Arlem Souto BarrosE-mail: arlem.souto@ifbaiano.edu.brTel.: (75) 3253-1650 DIRE\u00c7\u00c3O ADMINISTRATIVA E PLANEJAMENTO (DAP)Titular: Arlem Souto BarrosE-mail: arlem.souto@ifbaiano.edu.brSubstituto: Mario Madielson Varj\u00e3o Rom\u00e3oE-mail: mario.romao@ifbaiano.edu.brTel.:&nbsp; (75) 3253-1651 E-mail Setorial: dadm@itaberaba.ifbaiano.edu.br DIRE\u00c7\u00c3O ACAD\u00caMICA (DA)Titular: Helo\u00edsa Helena de Abreu MartinsSubstituto: Leonardo Augusto PaulinoE-mail setorial: da@itaberaba.ifbaiano.edu.br COORDENA\u00c7\u00c3O DE ENSINO (CE)Titular: Suede Santos BarbosaSubstituto: N\u00e3o h\u00e1.E-mail [&hellip;]<\/p>\n","protected":false},"author":105,"featured_media":0,"parent":0,"menu_order":0,"comment_status":"closed","ping_status":"closed","template":"","meta":[],"_links":{"self":[{"href":"https:\/\/www.ifbaiano.edu.br\/unidades\/itaberaba\/wp-json\/wp\/v2\/pages\/630"}],"collection":[{"href":"https:\/\/www.ifbaiano.edu.br\/unidades\/itaberaba\/wp-json\/wp\/v2\/pages"}],"about":[{"href":"https:\/\/www.ifbaiano.edu.br\/unidades\/itaberaba\/wp-json\/wp\/v2\/types\/page"}],"author":[{"embeddable":true,"href":"https:\/\/www.ifbaiano.edu.br\/unidades\/itaberaba\/wp-json\/wp\/v2\/users\/105"}],"replies":[{"embeddable":true,"href":"https:\/\/www.ifbaiano.edu.br\/unidades\/itaberaba\/wp-json\/wp\/v2\/comments?post=630"}],"version-history":[{"count":55,"href":"https:\/\/www.ifbaiano.edu.br\/unidades\/itaberaba\/wp-json\/wp\/v2\/pages\/630\/revisions"}],"predecessor-version":[{"id":9394,"href":"https:\/\/www.ifbaiano.edu.br\/unidades\/itaberaba\/wp-json\/wp\/v2\/pages\/630\/revisions\/9394"}],"wp:attachment":[{"href":"https:\/\/www.ifbaiano.edu.br\/unidades\/itaberaba\/wp-json\/wp\/v2\/media?parent=630"}],"curies":[{"name":"wp","href":"https:\/\/api.w.org\/{rel}","templated":true}]}}