{"id":6897,"date":"2023-01-23T15:16:14","date_gmt":"2023-01-23T18:16:14","guid":{"rendered":"https:\/\/www.ifbaiano.edu.br\/unidades\/itaberaba\/?page_id=6897"},"modified":"2023-01-23T15:20:50","modified_gmt":"2023-01-23T18:20:50","slug":"2022-2","status":"publish","type":"page","link":"https:\/\/www.ifbaiano.edu.br\/unidades\/itaberaba\/2022-2\/","title":{"rendered":"2022"},"content":{"rendered":"\n<p><a href=\"https:\/\/www.ifbaiano.edu.br\/unidades\/itaberaba\/files\/2023\/01\/Calendario-Academico-Letivo-do-Ano-2022_Integrado-agroindustria-e-agropecuaria.pdf\" data-type=\"URL\" data-id=\"https:\/\/www.ifbaiano.edu.br\/unidades\/itaberaba\/files\/2023\/01\/Calendario-Academico-Letivo-do-Ano-2022_Integrado-agroindustria-e-agropecuaria.pdf\" target=\"_blank\" rel=\"noreferrer noopener\">Calend\u00e1rio Acad\u00eamico Letivo do Ano 2022  &#8211; Integrado Agroind\u00fastria e Agropecu\u00e1ria<\/a><\/p>\n\n\n\n<p><a href=\"https:\/\/www.ifbaiano.edu.br\/unidades\/itaberaba\/files\/2023\/01\/Calendario-Subsequente-2022_Ingressantes-anterior-a-18-de-Abril-2022.pdf\" data-type=\"URL\" data-id=\"https:\/\/www.ifbaiano.edu.br\/unidades\/itaberaba\/files\/2023\/01\/Calendario-Subsequente-2022_Ingressantes-anterior-a-18-de-Abril-2022.pdf\" target=\"_blank\" rel=\"noreferrer noopener\">Calend\u00e1rio Subsequente 2022 &#8211; Ingressantes anterior a 18-04-2022<\/a><\/p>\n\n\n\n<p><a href=\"https:\/\/www.ifbaiano.edu.br\/unidades\/itaberaba\/files\/2023\/01\/Calendario-Subsequente_Turmas-Ingressantes-em-18-04-2022.pdf\" data-type=\"URL\" data-id=\"https:\/\/www.ifbaiano.edu.br\/unidades\/itaberaba\/files\/2023\/01\/Calendario-Subsequente_Turmas-Ingressantes-em-18-04-2022.pdf\" target=\"_blank\" rel=\"noreferrer noopener\">Calend\u00e1rio Subsequente &#8211; Turmas Ingressantes em 18-04-2022<\/a><\/p>\n","protected":false},"excerpt":{"rendered":"<p>Calend\u00e1rio Acad\u00eamico Letivo do Ano 2022 &#8211; Integrado Agroind\u00fastria e Agropecu\u00e1ria Calend\u00e1rio Subsequente 2022 &#8211; Ingressantes anterior a 18-04-2022 Calend\u00e1rio Subsequente &#8211; Turmas Ingressantes em 18-04-2022<\/p>\n","protected":false},"author":164,"featured_media":0,"parent":0,"menu_order":0,"comment_status":"closed","ping_status":"closed","template":"","meta":[],"_links":{"self":[{"href":"https:\/\/www.ifbaiano.edu.br\/unidades\/itaberaba\/wp-json\/wp\/v2\/pages\/6897"}],"collection":[{"href":"https:\/\/www.ifbaiano.edu.br\/unidades\/itaberaba\/wp-json\/wp\/v2\/pages"}],"about":[{"href":"https:\/\/www.ifbaiano.edu.br\/unidades\/itaberaba\/wp-json\/wp\/v2\/types\/page"}],"author":[{"embeddable":true,"href":"https:\/\/www.ifbaiano.edu.br\/unidades\/itaberaba\/wp-json\/wp\/v2\/users\/164"}],"replies":[{"embeddable":true,"href":"https:\/\/www.ifbaiano.edu.br\/unidades\/itaberaba\/wp-json\/wp\/v2\/comments?post=6897"}],"version-history":[{"count":3,"href":"https:\/\/www.ifbaiano.edu.br\/unidades\/itaberaba\/wp-json\/wp\/v2\/pages\/6897\/revisions"}],"predecessor-version":[{"id":6907,"href":"https:\/\/www.ifbaiano.edu.br\/unidades\/itaberaba\/wp-json\/wp\/v2\/pages\/6897\/revisions\/6907"}],"wp:attachment":[{"href":"https:\/\/www.ifbaiano.edu.br\/unidades\/itaberaba\/wp-json\/wp\/v2\/media?parent=6897"}],"curies":[{"name":"wp","href":"https:\/\/api.w.org\/{rel}","templated":true}]}}