{"id":8270,"date":"2024-01-29T17:17:05","date_gmt":"2024-01-29T20:17:05","guid":{"rendered":"https:\/\/www.ifbaiano.edu.br\/unidades\/itaberaba\/?page_id=8270"},"modified":"2025-07-08T06:56:27","modified_gmt":"2025-07-08T09:56:27","slug":"secretaria-escolar-ead","status":"publish","type":"page","link":"https:\/\/www.ifbaiano.edu.br\/unidades\/itaberaba\/ead\/secretaria-escolar-ead\/","title":{"rendered":"Secretaria Escolar"},"content":{"rendered":"\n<p><strong>SOBRE O CURSO<\/strong><strong><\/strong><\/p>\n\n\n\n<p>O Curso T\u00e9cnico em Secretaria Escolar do IF Baiano \u00e9 ofertado na modalidade a dist\u00e2ncia, articulado de forma subsequente, com regime de matr\u00edcula semestral. Sua carga hor\u00e1ria total \u00e9 de 1.200 horas, distribu\u00eddas em 80% de estudos\/atividades virtuais e 20% de encontros presenciais, estes que ocorrem nos polos de EaD, conforme turnos e dias definidos por cada campus.<\/p>\n\n\n\n<p>Durante o per\u00edodo de distanciamento social imposto pela pandemia da Covid-19, os encontros presenciais est\u00e3o sendo substitu\u00eddos temporariamente por atividades pedag\u00f3gicas n\u00e3o presenciais que ocorrem prioritariamente na Plataforma Moodle.<\/p>\n\n\n\n<p><strong>OBJETIVO<\/strong><strong><\/strong><\/p>\n\n\n\n<p>Promover forma\u00e7\u00e3o profissional t\u00e9cnica para profissionais da educa\u00e7\u00e3o, que atuam em \u00e1reas de apoio \u00e0s atividades pedag\u00f3gicas e administrativas nas escolas p\u00fablicas de educa\u00e7\u00e3o b\u00e1sica, dando-lhes condi\u00e7\u00f5es para um entendimento da educa\u00e7\u00e3o e da escola como espa\u00e7os coletivos de forma\u00e7\u00e3o humana, de diversidade \u00e9tnico-cultural, bem como de desenvolvimento de compet\u00eancias para atuar numa habilita\u00e7\u00e3o espec\u00edfica, sem perder a no\u00e7\u00e3o da totalidade da fun\u00e7\u00e3o social da educa\u00e7\u00e3o.&nbsp;<\/p>\n\n\n\n<p><strong>PERFIL DO EGRESSO<\/strong><strong><\/strong><\/p>\n\n\n\n<p>O profissional do T\u00e9cnico em Secretaria Escolar, na forma subsequente ser\u00e1 credenciado como educador e gestor escolar e dever\u00e1 realizar atividades de registro e controle escolar, organizar registros escolares, controlar os arquivos da vida acad\u00eamica dos alunos, elaborar o mapeamento de acad\u00eamicos para conclus\u00e3o de cursos e operacionalizar os processos de matr\u00edcula e transfer\u00eancia de alunos.&nbsp;<\/p>\n\n\n\n<p><strong>\u00c1REA DE ATUA\u00c7\u00c3O<\/strong><strong><\/strong><\/p>\n\n\n\n<p>O T\u00e9cnico em Secretaria Escolar pode atuar em escolas e centros de forma\u00e7\u00e3o profissional, associa\u00e7\u00f5es comunit\u00e1rias, \u00f3rg\u00e3os de sistemas educacionais e redes de ensino.\u202f&nbsp;<\/p>\n\n\n\n<p><strong>P\u00daBLICO-ALVO<\/strong><\/p>\n\n\n\n<p>Egressos do ensino m\u00e9dio interessados em atuar ou que j\u00e1 atuem como funcion\u00e1rios de escolas ou em fun\u00e7\u00f5es correlatas da \u00e1rea educacional.<\/p>\n\n\n\n<p><strong>FORMA DE INGRESSO<\/strong><\/p>\n\n\n\n<p>Processo Seletivo Unificado ou Processo Seletivo Especial do IF Baiano.<\/p>\n\n\n\n<p><strong>DURA\u00c7\u00c3O DO CURSO<\/strong><strong><\/strong><\/p>\n\n\n\n<p>18 meses.<\/p>\n\n\n\n<p><strong>MATRIZ CURRICULAR E CARGA HOR\u00c1RIA DO CURSO<\/strong><\/p>\n\n\n\n<p><strong>M\u00d3DULO I<\/strong><\/p>\n\n\n\n<figure class=\"wp-block-table\"><table><thead><tr><th>COMPONENTE CURRICULAR<\/th><th>CARGA HOR\u00c1RIA PRESENCIAL<\/th><th>CARGA HOR\u00c1RIA A DIST\u00c2NCIA<\/th><th>CARGA HOR\u00c1RIA TOTAL<\/th><\/tr><\/thead><tbody><tr><td>Orienta\u00e7\u00f5es Gerais do Curso<\/td><td>8<\/td><td>32<\/td><td>40<\/td><\/tr><tr><td>Fundamentos e Pr\u00e1ticas em EaD<\/td><td>8<\/td><td>32<\/td><td>40<\/td><\/tr><tr><td>Inform\u00e1tica B\u00e1sica<\/td><td>12<\/td><td>48<\/td><td>60<\/td><\/tr><tr><td>Produ\u00e7\u00e3o Textual na Educa\u00e7\u00e3o Escolar<\/td><td>12<\/td><td>48<\/td><td>60<\/td><\/tr><tr><td>Libras: No\u00e7\u00f5es Introdut\u00f3rias<\/td><td>12<\/td><td>48<\/td><td>60<\/td><\/tr><tr><td>Direito Administrativo e do Trabalho<\/td><td>12<\/td><td>48<\/td><td>60<\/td><\/tr><tr><td>Orienta\u00e7\u00f5es da Pr\u00e1tica Profissional<\/td><td>8<\/td><td>32<\/td><td>40<\/td><\/tr><tr><td>Projeto Integrador I<\/td><td>8<\/td><td>32<\/td><td>40<\/td><\/tr><tr><td><strong>SUBTOTAL<\/strong><\/td><td>80<\/td><td>320<\/td><td>400<\/td><\/tr><\/tbody><\/table><\/figure>\n\n\n\n<p><strong>M\u00d3DULO II<\/strong><\/p>\n\n\n\n<figure class=\"wp-block-table\"><table><thead><tr><th>COMPONENTE CURRICULAR<\/th><th>CARGA HOR\u00c1RIA PRESENCIAL<\/th><th>CARGA HOR\u00c1RIA A DIST\u00c2NCIA<\/th><th>CARGA HOR\u00c1RIA TOTAL<\/th><\/tr><\/thead><tbody><tr><td>Primeiros Socorros<\/td><td>12<\/td><td>48<\/td><td>60<\/td><\/tr><tr><td>Educadores e Educandos: tempos hist\u00f3ricos<\/td><td>12<\/td><td>48<\/td><td>60<\/td><\/tr><tr><td>Homem, Pensamento e Cultura: abordagens filos\u00f3fica e antropol\u00f3gica<\/td><td>12<\/td><td>48<\/td><td>60<\/td><\/tr><tr><td>Rela\u00e7\u00f5es Interpessoais: abordagem psicol\u00f3gica<\/td><td>12<\/td><td>48<\/td><td>60<\/td><\/tr><tr><td>Educa\u00e7\u00e3o, Sociedade e Trabalho: abordagem sociol\u00f3gica da educa\u00e7\u00e3o<\/td><td>12<\/td><td>48<\/td><td>60<\/td><\/tr><tr><td>Gest\u00e3o da Educa\u00e7\u00e3o Escolar<\/td><td>12<\/td><td>48<\/td><td>60<\/td><\/tr><tr><td>Projeto Integrador II<\/td><td>8<\/td><td>32<\/td><td>40<\/td><\/tr><tr><td><strong>SUBTOTAL<\/strong><\/td><td>80<\/td><td>320<\/td><td>400<\/td><\/tr><\/tbody><\/table><\/figure>\n\n\n\n<p><strong>M\u00d3DULO III<\/strong><\/p>\n\n\n\n<figure class=\"wp-block-table\"><table><thead><tr><th>COMPONENTE CURRICULAR<\/th><th>CARGA HOR\u00c1RIA PRESENCIAL<\/th><th>CARGA HOR\u00c1RIA A DIST\u00c2NCIA<\/th><th>CARGA HOR\u00c1RIA TOTAL<\/th><\/tr><\/thead><tbody><tr><td>Trabalho Escolar e Teorias Administrativas<\/td><td>8<\/td><td>32<\/td><td>40<\/td><\/tr><tr><td>Contabilidade na Escola<\/td><td>12<\/td><td>48<\/td><td>60<\/td><\/tr><tr><td>Legisla\u00e7\u00e3o Escolar<\/td><td>8<\/td><td>32<\/td><td>40<\/td><\/tr><tr><td>T\u00e9cnica de Reda\u00e7\u00e3o e Arquivo<\/td><td>12<\/td><td>48<\/td><td>60<\/td><\/tr><tr><td>Estat\u00edstica aplicada \u00e0 Educa\u00e7\u00e3o<\/td><td>12<\/td><td>48<\/td><td>60<\/td><\/tr><tr><td>Administra\u00e7\u00e3o de Materiais<\/td><td>12<\/td><td>48<\/td><td>60<\/td><\/tr><tr><td>Gest\u00e3o Democr\u00e1tica nos Sistemas e na Escola<\/td><td>8<\/td><td>32<\/td><td>40<\/td><\/tr><tr><td>Projeto Integrador III<\/td><td>8<\/td><td>32<\/td><td>40<\/td><\/tr><tr><td><strong>SUBTOTAL<\/strong><\/td><td>80<\/td><td>320<\/td><td>400<\/td><\/tr><\/tbody><\/table><\/figure>\n\n\n\n<p>CARGA HOR\u00c1RIA DO EIXO TECNOL\u00d3GICO:&nbsp;<strong>1200 horas<\/strong><\/p>\n\n\n\n<p><strong>CRIT\u00c9RIOS DE AVALIA\u00c7\u00c3O<\/strong><\/p>\n\n\n\n<p>\u00c9 considerado aprovado o(a) estudante que obtiver nota igual ou superior a 6,0 (seis) e possuir frequ\u00eancia igual ou superior a 75% (setenta e cinco por cento) do total de horas letivas, desenvolvidas em cada componente curricular.<\/p>\n\n\n\n<p><strong>PER\u00cdODO DE INTEGRALIZA\u00c7\u00c3O<\/strong><\/p>\n\n\n\n<p>Per\u00edodo m\u00e1ximo de integraliza\u00e7\u00e3o de 36 meses.<\/p>\n\n\n\n<p><strong>CORPO DOCENTE<\/strong><\/p>\n\n\n\n<figure class=\"wp-block-table\"><table><thead><tr><th>Coordenadora do Curso T\u00e9cnico em Secretaria Escolar Subsequente ao Ensino M\u00e9dio<br>Luciana de Oliveira Sampaio Castro<br>curso.secretaria@ead.ifbaiano.edu.br<\/th><\/tr><\/thead><tbody><tr><td><strong>Andr\u00e9ia R\u00eago da Silva Reis<\/strong><br><strong>Curr\u00edculo Lattes:&nbsp;<\/strong><a href=\"https:\/\/lattes.cnpq.br\/3753032454131722\">http:\/\/lattes.cnpq.br\/3753032454131722<\/a><br><strong>Contato:<\/strong>&nbsp;andreia.reis@ifbaiano.edu.br<br><strong>Disciplina Ministrada no Curso:<\/strong>&nbsp;Libras<\/td><\/tr><tr><td><strong>An\u00edsia Gon\u00e7alves Dias Neta<\/strong><br><strong>Curr\u00edculo Lattes:&nbsp;<\/strong><a href=\"http:\/\/lattes.cnpq.br\/4449234119195798\">http:\/\/lattes.cnpq.br\/4449234119195798<\/a><br><strong>Contato:<\/strong>&nbsp;anisia.dias@ifbaiano.edu.br<br><strong>Disciplina Ministrada no Curso:<\/strong>&nbsp;Homem, Pensamento e Cultura: abordagens<\/td><\/tr><tr><td><strong>Ant\u00f4nio Carlos da Silva Costa de Souza<\/strong><br><strong>Curr\u00edculo Lattes:<\/strong>&nbsp;<a href=\"http:\/\/lattes.cnpq.br\/4151027122048780\">http:\/\/lattes.cnpq.br\/4151027122048780<\/a><br><strong>Contato:<\/strong>&nbsp;antonio.costa@ifbaiano.edu.br<br><strong>Disciplinas Ministradas no Curso:<\/strong>&nbsp;Produ\u00e7\u00e3o Textual da Educa\u00e7\u00e3o Escolar e Direito Administrativo e do Trabalho<\/td><\/tr><tr><td><strong>Cristiane Brito Machado<\/strong><br><strong>Curr\u00edculo Lattes:<\/strong>&nbsp;<a href=\"http:\/\/lattes.cnpq.br\/8900177927669355\">http:\/\/lattes.cnpq.br\/8900177927669355<\/a><br><strong>Contato:<\/strong>&nbsp;cristiane.brito@ifbaiano.edu.br<br><strong>Disciplinas Ministradas no Curso:<\/strong>&nbsp;Gest\u00e3o da Educa\u00e7\u00e3o Escolar, Administra\u00e7\u00e3o de Materiais e Orienta\u00e7\u00f5es Gerais do Curso.<\/td><\/tr><tr><td><strong>Est\u00e1cio Moreira da Silva<\/strong><br><strong>Curr\u00edculo Lattes:<\/strong>&nbsp;<a href=\"http:\/\/lattes.cnpq.br\/7160508991144289\">http:\/\/lattes.cnpq.br\/7160508991144289<\/a><br><strong>Contato:<\/strong>&nbsp;estacio.moreira@ifbaiano.edu.br<br><strong>Disciplina Ministrada no Curso:<\/strong>&nbsp;Contabilidade na Escola<\/td><\/tr><tr><td><strong>Eudes Oliveira Cunha<\/strong><br><strong>Curr\u00edculo Lattes:<\/strong>&nbsp;<a href=\"http:\/\/lattes.cnpq.br\/0412180516817093\">http:\/\/lattes.cnpq.br\/0412180516817093<\/a><br><strong>Contato:<\/strong>&nbsp;eudes.cunha@ifbaiano.edu.br<br><strong>Disciplina Ministrada no Curso:<\/strong>&nbsp;T\u00e9cnicas de Reda\u00e7\u00e3o e Arquivo<\/td><\/tr><tr><td><strong>Fernanda Caroline Cerqueira Palmeira<\/strong><br><strong>Curr\u00edculo Lattes:<\/strong>&nbsp;<a href=\"http:\/\/lattes.cnpq.br\/2997684055661266\">http:\/\/lattes.cnpq.br\/2997684055661266<\/a><br><strong>Contato:<\/strong>&nbsp;fernanda.cerqueira@ifbaiano.edu.br<br><strong>Disciplina Ministrada no Curso:<\/strong>&nbsp;Primeiros Socorros<\/td><\/tr><tr><td><strong>Gilvan Martins Dur\u00e3es<\/strong><br><strong>Curr\u00edculo Lattes:<\/strong>&nbsp;<a href=\"http:\/\/lattes.cnpq.br\/2100862803602149\">http:\/\/lattes.cnpq.br\/2100862803602149<\/a><br><strong>Contato:<\/strong>&nbsp;gilvan.duraes@ifbaiano.edu.br<br><strong>Disciplina Ministrada no Curso:<\/strong>&nbsp;Inform\u00e1tica B\u00e1sica<\/td><\/tr><tr><td><strong>Karina Nery Embirussu<\/strong><br><strong>Curr\u00edculo Lattes:<\/strong>&nbsp;<a href=\"http:\/\/lattes.cnpq.br\/2296726503400909\">http:\/\/lattes.cnpq.br\/2296726503400909<\/a><br><strong>Contato:<\/strong>&nbsp;curso.multimeios@ead.ifbaiano.edu.br<br><strong>Disciplinas Ministradas no Curso:<\/strong>&nbsp;Orienta\u00e7\u00f5es da Pr\u00e1tica Profissional e Rela\u00e7\u00f5es Interpessoais: abordagem psicol\u00f3gica<\/td><\/tr><tr><td><strong>L\u00edvia Tavares Mendes Froes<\/strong><br><strong>Curr\u00edculo Lattes:<\/strong>&nbsp;<a href=\"http:\/\/lattes.cnpq.br\/2733656699839435\">http:\/\/lattes.cnpq.br\/2733656699839435<\/a><br><strong>Contato:<\/strong>&nbsp;livia.froes@ifbaiano.edu.br<br><strong>Disciplina Ministrada no Curso:<\/strong>&nbsp;Educa\u00e7\u00e3o, Sociedade e Trabalho: abordagem<\/td><\/tr><tr><td><strong>Luciana de Oliveira Sampaio Castro<\/strong><br><strong>Curr\u00edculo Lattes:<\/strong>&nbsp;<a href=\"http:\/\/lattes.cnpq.br\/4741373753599571\">http:\/\/lattes.cnpq.br\/4741373753599571<\/a><br><strong>Contato:<\/strong>&nbsp;luciana.castro@ifbaiano.edu.br<br><strong>Disciplina Ministrada no Curso:<\/strong>&nbsp;Fundamentos e Pr\u00e1ticas na EaD<\/td><\/tr><tr><td><strong>Mirna Ribeiro Lima da Silva<\/strong><br><strong>Curr\u00edculo Lattes:<\/strong>&nbsp;<a href=\"http:\/\/lattes.cnpq.br\/5506010971493309\">http:\/\/lattes.cnpq.br\/5506010971493309<\/a><br><strong>Contato:<\/strong>&nbsp;mirna.ribeiro@ifbaiano.edu.br<br><strong>Disciplina Ministrada no Curso:<\/strong>&nbsp;Trabalho Escolar e Teorias Administrativas<\/td><\/tr><tr><td><strong>Rosemeire Barauna Meira de Ara\u00fajo<\/strong><br><strong>Curr\u00edculo Lattes:<\/strong><a href=\"http:\/\/lattes.cnpq.br\/7470134396941426\">http:\/\/lattes.cnpq.br\/7470134396941426<\/a><br><strong>Contato:<\/strong>rosemeire.araujo@ifbaiano.edu.br<br><strong>Disciplina Ministrada no Curso:<\/strong>&nbsp;Projeto Integrador III<\/td><\/tr><tr><td><strong>T\u00e2nia Miranda Nepomucena<\/strong><br><strong>Curr\u00edculo Lattes:<\/strong><a href=\"http:\/\/lattes.cnpq.br\/3280853106796880\">http:\/\/lattes.cnpq.br\/3280853106796880<\/a><br><strong>Contato:<\/strong>tania.miranda@ifbaiano.edu.br<br><strong>Disciplina Ministrada no Curso:<\/strong>&nbsp;Estat\u00edstica Aplicada \u00e0 Educa\u00e7\u00e3o<\/td><\/tr><\/tbody><\/table><\/figure>\n\n\n\n<p><strong>INFORMA\u00c7\u00d5ES SOBRE T\u00cdTULO E CERTIFICADO<\/strong><\/p>\n\n\n\n<p>Diploma de T\u00e9cnico em Secretaria Escolar emitido pelo Instituto Federal Baiano.<\/p>\n\n\n\n<p><strong>PROJETO PEDAG\u00d3GICO DO CURSO<\/strong><\/p>\n\n\n\n<p>O Projeto Pedag\u00f3gico do Curso (PPC) T\u00e9cnico em Secretaria Escolar Subsequente ao Ensino M\u00e9dio, na modalidade a dist\u00e2ncia, tem perspectiva de educa\u00e7\u00e3o interativa, significativa e flex\u00edvel, pertencente ao Eixo Tecnol\u00f3gico de Desenvolvimento Educacional e Social do Cat\u00e1logo Nacional de Cursos T\u00e9cnicos (CNCT).<\/p>\n\n\n\n<p><a href=\"https:\/\/diretorias.ifbaiano.edu.br\/portal\/ead\/files\/2022\/04\/PPC-Secretaria-Escolar-3.pdf\" target=\"_blank\" rel=\"noreferrer noopener\">Projeto Pedag\u00f3gico do Curso<\/a><\/p>\n","protected":false},"excerpt":{"rendered":"<p>SOBRE O CURSO O Curso T\u00e9cnico em Secretaria Escolar do IF Baiano \u00e9 ofertado na modalidade a dist\u00e2ncia, articulado de forma subsequente, com regime de matr\u00edcula semestral. Sua carga hor\u00e1ria total \u00e9 de 1.200 horas, distribu\u00eddas em 80% de estudos\/atividades virtuais e 20% de encontros presenciais, estes que ocorrem nos polos de EaD, conforme turnos [&hellip;]<\/p>\n","protected":false},"author":105,"featured_media":0,"parent":8244,"menu_order":0,"comment_status":"closed","ping_status":"closed","template":"","meta":[],"_links":{"self":[{"href":"https:\/\/www.ifbaiano.edu.br\/unidades\/itaberaba\/wp-json\/wp\/v2\/pages\/8270"}],"collection":[{"href":"https:\/\/www.ifbaiano.edu.br\/unidades\/itaberaba\/wp-json\/wp\/v2\/pages"}],"about":[{"href":"https:\/\/www.ifbaiano.edu.br\/unidades\/itaberaba\/wp-json\/wp\/v2\/types\/page"}],"author":[{"embeddable":true,"href":"https:\/\/www.ifbaiano.edu.br\/unidades\/itaberaba\/wp-json\/wp\/v2\/users\/105"}],"replies":[{"embeddable":true,"href":"https:\/\/www.ifbaiano.edu.br\/unidades\/itaberaba\/wp-json\/wp\/v2\/comments?post=8270"}],"version-history":[{"count":3,"href":"https:\/\/www.ifbaiano.edu.br\/unidades\/itaberaba\/wp-json\/wp\/v2\/pages\/8270\/revisions"}],"predecessor-version":[{"id":8286,"href":"https:\/\/www.ifbaiano.edu.br\/unidades\/itaberaba\/wp-json\/wp\/v2\/pages\/8270\/revisions\/8286"}],"up":[{"embeddable":true,"href":"https:\/\/www.ifbaiano.edu.br\/unidades\/itaberaba\/wp-json\/wp\/v2\/pages\/8244"}],"wp:attachment":[{"href":"https:\/\/www.ifbaiano.edu.br\/unidades\/itaberaba\/wp-json\/wp\/v2\/media?parent=8270"}],"curies":[{"name":"wp","href":"https:\/\/api.w.org\/{rel}","templated":true}]}}