{"id":8545,"date":"2024-08-12T13:12:20","date_gmt":"2024-08-12T16:12:20","guid":{"rendered":"https:\/\/www.ifbaiano.edu.br\/unidades\/itaberaba\/?page_id=8545"},"modified":"2024-08-12T13:17:15","modified_gmt":"2024-08-12T16:17:15","slug":"pgd-2023","status":"publish","type":"page","link":"https:\/\/www.ifbaiano.edu.br\/unidades\/itaberaba\/servidores\/programa-de-gestao-do-teletrabalho-if-baiano-campus-itaberaba\/pgd-2023\/","title":{"rendered":"Programa de Gest\u00e3o do Teletrabalho (TAE) IF Baiano &#8211; Campus Itaberaba &#8211; 2023 (Arquivo)"},"content":{"rendered":"\n<div id=\"ProreitoriaTopoTitulo\">\n\t\t\t\t\tEDITAIS E DOCUMENTOS 2023\n\t\t\t\t<\/div>\n\n\n\n<div class=\"wp-block-file\"><a id=\"wp-block-file--media-49ee2f13-741d-4f91-8de0-8413a93a2e6d\" href=\"https:\/\/www.ifbaiano.edu.br\/unidades\/itaberaba\/files\/2023\/07\/Edital-34_2023-Programa-de-Gestao-2023-Integral_TAE.pdf\" target=\"_blank\" rel=\"noreferrer noopener\">Edital 34\/2023 &#8211; Programa de Gest\u00e3o 2023 &#8211; Integral_TAE<\/a><a href=\"https:\/\/www.ifbaiano.edu.br\/unidades\/itaberaba\/files\/2023\/07\/Edital-34_2023-Programa-de-Gestao-2023-Integral_TAE.pdf\" class=\"wp-block-file__button wp-element-button\" download aria-describedby=\"wp-block-file--media-49ee2f13-741d-4f91-8de0-8413a93a2e6d\">Baixar<\/a><\/div>\n\n\n\n<div class=\"wp-block-file\"><a id=\"wp-block-file--media-4ba2f4b8-5f30-41f4-b499-b193d4553f40\" href=\"https:\/\/www.ifbaiano.edu.br\/unidades\/itaberaba\/files\/2023\/07\/Edital-35_2023-Programa-de-Gestao-2023-Parcial_TAE.pdf\" target=\"_blank\" rel=\"noreferrer noopener\">Edital 35\/2023 &#8211; Programa de Gest\u00e3o 2023 &#8211; Parcial_TAE<\/a><a href=\"https:\/\/www.ifbaiano.edu.br\/unidades\/itaberaba\/files\/2023\/07\/Edital-35_2023-Programa-de-Gestao-2023-Parcial_TAE.pdf\" class=\"wp-block-file__button wp-element-button\" download aria-describedby=\"wp-block-file--media-4ba2f4b8-5f30-41f4-b499-b193d4553f40\">Baixar<\/a><\/div>\n\n\n\n<div class=\"wp-block-file\"><a id=\"wp-block-file--media-75899c36-b48d-4609-aab1-170d67fd4a8c\" href=\"https:\/\/www.ifbaiano.edu.br\/unidades\/itaberaba\/files\/2023\/07\/Resultado-Impugnacao-ao-Edital-34_2023-TAE_Regime-Integral.pdf\" target=\"_blank\" rel=\"noreferrer noopener\">Resultado Impugna\u00e7\u00e3o ao Edital 34\/2023 &#8211; TAE_Regime Integral<\/a><a href=\"https:\/\/www.ifbaiano.edu.br\/unidades\/itaberaba\/files\/2023\/07\/Resultado-Impugnacao-ao-Edital-34_2023-TAE_Regime-Integral.pdf\" class=\"wp-block-file__button wp-element-button\" download aria-describedby=\"wp-block-file--media-75899c36-b48d-4609-aab1-170d67fd4a8c\">Baixar<\/a><\/div>\n\n\n\n<div class=\"wp-block-file\"><a id=\"wp-block-file--media-5e026187-93c9-4823-bffd-50a8c1abd3ab\" href=\"https:\/\/www.ifbaiano.edu.br\/unidades\/itaberaba\/files\/2023\/07\/Resultado-Impugnacao-ao-Edital-35_2023-TAE_Regime-Parcial.pdf\" target=\"_blank\" rel=\"noreferrer noopener\">Resultado Impugna\u00e7\u00e3o ao Edital 35\/2023 &#8211; TAE_Regime Parcial<\/a><a href=\"https:\/\/www.ifbaiano.edu.br\/unidades\/itaberaba\/files\/2023\/07\/Resultado-Impugnacao-ao-Edital-35_2023-TAE_Regime-Parcial.pdf\" class=\"wp-block-file__button wp-element-button\" download aria-describedby=\"wp-block-file--media-5e026187-93c9-4823-bffd-50a8c1abd3ab\">Baixar<\/a><\/div>\n\n\n\n<div class=\"wp-block-file\"><a id=\"wp-block-file--media-d9ef3d65-0910-4129-b523-f94d78c79ea0\" href=\"https:\/\/www.ifbaiano.edu.br\/unidades\/itaberaba\/files\/2023\/07\/Homologacao-do-Edital-34_2023-TAE_Regime-Integral.pdf\" target=\"_blank\" rel=\"noreferrer noopener\">Homologa\u00e7\u00e3o do Edital 34\/2023 &#8211; TAE_Regime Integral<\/a><a href=\"https:\/\/www.ifbaiano.edu.br\/unidades\/itaberaba\/files\/2023\/07\/Homologacao-do-Edital-34_2023-TAE_Regime-Integral.pdf\" class=\"wp-block-file__button wp-element-button\" download aria-describedby=\"wp-block-file--media-d9ef3d65-0910-4129-b523-f94d78c79ea0\">Baixar<\/a><\/div>\n\n\n\n<div class=\"wp-block-file\"><a id=\"wp-block-file--media-b4482b10-badd-44e0-bf58-10c4577002cf\" href=\"https:\/\/www.ifbaiano.edu.br\/unidades\/itaberaba\/files\/2023\/07\/Homologacao-do-Edital-35_2023-TAE_Regime-Parcial.pdf\" target=\"_blank\" rel=\"noreferrer noopener\">Homologa\u00e7\u00e3o do Edital 35\/2023 &#8211; TAE_Regime Parcial<\/a><a href=\"https:\/\/www.ifbaiano.edu.br\/unidades\/itaberaba\/files\/2023\/07\/Homologacao-do-Edital-35_2023-TAE_Regime-Parcial.pdf\" class=\"wp-block-file__button wp-element-button\" download aria-describedby=\"wp-block-file--media-b4482b10-badd-44e0-bf58-10c4577002cf\">Baixar<\/a><\/div>\n\n\n\n<div class=\"wp-block-file\"><a id=\"wp-block-file--media-5f02a411-cecb-4ef5-abbb-9deeac3a15d9\" href=\"https:\/\/www.ifbaiano.edu.br\/unidades\/itaberaba\/files\/2023\/08\/1\u00b0-Retificacao-ao-Edital-no-35_2023.pdf\" target=\"_blank\" rel=\"noreferrer noopener\">1\u00b0 Retifica\u00e7\u00e3o ao Edital n\u00ba 35\/2023<\/a><a href=\"https:\/\/www.ifbaiano.edu.br\/unidades\/itaberaba\/files\/2023\/08\/1\u00b0-Retificacao-ao-Edital-no-35_2023.pdf\" class=\"wp-block-file__button wp-element-button\" download aria-describedby=\"wp-block-file--media-5f02a411-cecb-4ef5-abbb-9deeac3a15d9\">Baixar<\/a><\/div>\n\n\n\n<div class=\"wp-block-file\"><a id=\"wp-block-file--media-c84f8ee8-eae5-4d43-a746-d3bc850d27a3\" href=\"https:\/\/www.ifbaiano.edu.br\/unidades\/itaberaba\/files\/2023\/08\/Resultado-Preliminar-das-Inscricoes-Editais-34-e-35-de-24-de-julho-de-2023.pdf\" target=\"_blank\" rel=\"noreferrer noopener\">Resultado Preliminar das Inscri\u00e7\u00f5es &#8211; Editais 34 e 35<\/a><a href=\"https:\/\/www.ifbaiano.edu.br\/unidades\/itaberaba\/files\/2023\/08\/Resultado-Preliminar-das-Inscricoes-Editais-34-e-35-de-24-de-julho-de-2023.pdf\" class=\"wp-block-file__button wp-element-button\" download aria-describedby=\"wp-block-file--media-c84f8ee8-eae5-4d43-a746-d3bc850d27a3\">Baixar<\/a><\/div>\n\n\n\n<div class=\"wp-block-file\"><a id=\"wp-block-file--media-2a821792-e9b2-4062-aa28-f57db997b9a1\" href=\"https:\/\/www.ifbaiano.edu.br\/unidades\/itaberaba\/files\/2023\/08\/1a-Retificacao-a-divulgacao-ao-Resultado-Preliminar-das-Inscricoes-Editais-34-e-35.pdf\" target=\"_blank\" rel=\"noreferrer noopener\">1\u00aa Retifica\u00e7\u00e3o \u00e0 divulga\u00e7\u00e3o ao Resultado Preliminar das Inscri\u00e7\u00f5es &#8211; Editais 34 e 35<\/a><a href=\"https:\/\/www.ifbaiano.edu.br\/unidades\/itaberaba\/files\/2023\/08\/1a-Retificacao-a-divulgacao-ao-Resultado-Preliminar-das-Inscricoes-Editais-34-e-35.pdf\" class=\"wp-block-file__button wp-element-button\" download aria-describedby=\"wp-block-file--media-2a821792-e9b2-4062-aa28-f57db997b9a1\">Baixar<\/a><\/div>\n\n\n\n<div class=\"wp-block-file\"><a id=\"wp-block-file--media-c3b50a08-b4a4-4364-95b3-b6bfe5d3eeb0\" href=\"https:\/\/www.ifbaiano.edu.br\/unidades\/itaberaba\/files\/2023\/08\/Divulgacao-do-julgamento-de-recursos-contra-o-resultado-preliminar-das-inscricoes-Editais-34-e-35.pdf\" target=\"_blank\" rel=\"noreferrer noopener\">Divulga\u00e7\u00e3o do julgamento de recursos contra o resultado preliminar das inscri\u00e7\u00f5es &#8211; Editais 34 e 35<\/a><a href=\"https:\/\/www.ifbaiano.edu.br\/unidades\/itaberaba\/files\/2023\/08\/Divulgacao-do-julgamento-de-recursos-contra-o-resultado-preliminar-das-inscricoes-Editais-34-e-35.pdf\" class=\"wp-block-file__button wp-element-button\" download aria-describedby=\"wp-block-file--media-c3b50a08-b4a4-4364-95b3-b6bfe5d3eeb0\">Baixar<\/a><\/div>\n\n\n\n<div class=\"wp-block-file\"><a id=\"wp-block-file--media-49dcd51e-bd82-42c6-ad49-a66c177f0b44\" href=\"https:\/\/www.ifbaiano.edu.br\/unidades\/itaberaba\/files\/2023\/08\/Resultado-Preliminar-das-classificacoes-Editais-34-e-35.pdf\" target=\"_blank\" rel=\"noreferrer noopener\">Resultado Preliminar das classifica\u00e7\u00f5es &#8211; Editais 34 e 35<\/a><a href=\"https:\/\/www.ifbaiano.edu.br\/unidades\/itaberaba\/files\/2023\/08\/Resultado-Preliminar-das-classificacoes-Editais-34-e-35.pdf\" class=\"wp-block-file__button wp-element-button\" download aria-describedby=\"wp-block-file--media-49dcd51e-bd82-42c6-ad49-a66c177f0b44\">Baixar<\/a><\/div>\n\n\n\n<div class=\"wp-block-file\"><a id=\"wp-block-file--media-9d1a0ea0-c294-4288-895d-fd6b45d26f48\" href=\"https:\/\/www.ifbaiano.edu.br\/unidades\/itaberaba\/files\/2023\/08\/Divulgacao-do-julgamento-de-recursos-contra-o-resultado-preliminar-de-Classificacao-Editais-no-34-e-35_2023.pdf\" target=\"_blank\" rel=\"noreferrer noopener\">Divulga\u00e7\u00e3o do julgamento de recursos contra o resultado preliminar de Classifica\u00e7\u00e3o &#8211; Editais n\u00ba 34 e 35_2023<\/a><a href=\"https:\/\/www.ifbaiano.edu.br\/unidades\/itaberaba\/files\/2023\/08\/Divulgacao-do-julgamento-de-recursos-contra-o-resultado-preliminar-de-Classificacao-Editais-no-34-e-35_2023.pdf\" class=\"wp-block-file__button wp-element-button\" download aria-describedby=\"wp-block-file--media-9d1a0ea0-c294-4288-895d-fd6b45d26f48\">Baixar<\/a><\/div>\n\n\n\n<div class=\"wp-block-file\"><a id=\"wp-block-file--media-50b60d05-90a4-4896-9ac6-156d64afb521\" href=\"https:\/\/www.ifbaiano.edu.br\/unidades\/itaberaba\/files\/2023\/08\/Resultado-final-de-classificacao-Editais-no-34-e-35_2023.pdf\" target=\"_blank\" rel=\"noreferrer noopener\">Resultado final de classifica\u00e7\u00e3o &#8211; Editais n\u00ba 34 e 35_2023<\/a><a href=\"https:\/\/www.ifbaiano.edu.br\/unidades\/itaberaba\/files\/2023\/08\/Resultado-final-de-classificacao-Editais-no-34-e-35_2023.pdf\" class=\"wp-block-file__button wp-element-button\" download aria-describedby=\"wp-block-file--media-50b60d05-90a4-4896-9ac6-156d64afb521\">Baixar<\/a><\/div>\n\n\n\n<div class=\"wp-block-file\"><a id=\"wp-block-file--media-23f51924-ebfb-4c35-a520-f773b12fa76a\" href=\"https:\/\/www.ifbaiano.edu.br\/unidades\/itaberaba\/files\/2023\/08\/Homologa-os-resultados-finais-Editais-no-34-e-35_2023.pdf\" target=\"_blank\" rel=\"noreferrer noopener\">Homologa os resultados finais &#8211; Editais n\u00ba 34 e 35_2023<\/a><a href=\"https:\/\/www.ifbaiano.edu.br\/unidades\/itaberaba\/files\/2023\/08\/Homologa-os-resultados-finais-Editais-no-34-e-35_2023.pdf\" class=\"wp-block-file__button wp-element-button\" download aria-describedby=\"wp-block-file--media-23f51924-ebfb-4c35-a520-f773b12fa76a\">Baixar<\/a><\/div>\n","protected":false},"excerpt":{"rendered":"<p>EDITAIS E DOCUMENTOS 2023<\/p>\n","protected":false},"author":105,"featured_media":0,"parent":6251,"menu_order":0,"comment_status":"closed","ping_status":"closed","template":"","meta":[],"_links":{"self":[{"href":"https:\/\/www.ifbaiano.edu.br\/unidades\/itaberaba\/wp-json\/wp\/v2\/pages\/8545"}],"collection":[{"href":"https:\/\/www.ifbaiano.edu.br\/unidades\/itaberaba\/wp-json\/wp\/v2\/pages"}],"about":[{"href":"https:\/\/www.ifbaiano.edu.br\/unidades\/itaberaba\/wp-json\/wp\/v2\/types\/page"}],"author":[{"embeddable":true,"href":"https:\/\/www.ifbaiano.edu.br\/unidades\/itaberaba\/wp-json\/wp\/v2\/users\/105"}],"replies":[{"embeddable":true,"href":"https:\/\/www.ifbaiano.edu.br\/unidades\/itaberaba\/wp-json\/wp\/v2\/comments?post=8545"}],"version-history":[{"count":2,"href":"https:\/\/www.ifbaiano.edu.br\/unidades\/itaberaba\/wp-json\/wp\/v2\/pages\/8545\/revisions"}],"predecessor-version":[{"id":8547,"href":"https:\/\/www.ifbaiano.edu.br\/unidades\/itaberaba\/wp-json\/wp\/v2\/pages\/8545\/revisions\/8547"}],"up":[{"embeddable":true,"href":"https:\/\/www.ifbaiano.edu.br\/unidades\/itaberaba\/wp-json\/wp\/v2\/pages\/6251"}],"wp:attachment":[{"href":"https:\/\/www.ifbaiano.edu.br\/unidades\/itaberaba\/wp-json\/wp\/v2\/media?parent=8545"}],"curies":[{"name":"wp","href":"https:\/\/api.w.org\/{rel}","templated":true}]}}