{"id":9372,"date":"2025-07-08T05:46:36","date_gmt":"2025-07-08T08:46:36","guid":{"rendered":"https:\/\/www.ifbaiano.edu.br\/unidades\/itaberaba\/?page_id=9372"},"modified":"2025-07-13T01:29:14","modified_gmt":"2025-07-13T04:29:14","slug":"pincel-2025","status":"publish","type":"page","link":"https:\/\/www.ifbaiano.edu.br\/unidades\/itaberaba\/programas\/pincel\/pincel-2025\/","title":{"rendered":"Programa de Incentivo \u00e0 Cultura, Esporte e Lazer (PINCEL 2025) \u2013 Edital 24\/2025"},"content":{"rendered":"\n<p style=\"text-align: justify\" class=\"has-small-font-size\">A\u00a0<strong>DIRETORA-GERAL DO INSTITUTO FEDERAL DE EDUCA\u00c7\u00c3O, CI\u00caNCIA E TECNOLOGIA BAIANO,\u00a0<em>CAMPUS\u00a0<\/em>ITABERABA<\/strong>, nomeada pela Portaria n\u00ba 279, de 18 de mar\u00e7o de 2022, publicada no DOU em 21 de mar\u00e7o de 2022, no uso de suas atribui\u00e7\u00f5es, e em conformidade com as atribui\u00e7\u00f5es delegadas pela\u00a0<strong>Portaria Normativa n\u00ba 13\/2022 &#8211; RET-GAB\/RET\/IFBAIANO<\/strong>, de 11 de mar\u00e7o de 2022, e suas altera\u00e7\u00f5es, em aten\u00e7\u00e3o \u00e0s diretrizes estabelecidas pelo\u00a0<strong>Decreto n\u00ba 7.234<\/strong>, de 19 de julho de 2010, e pela<strong>\u00a0Resolu\u00e7\u00e3o n\u00ba 1\/2019 &#8211; OS-CONSUP\/IFBAIANO<\/strong>, de 29 de janeiro de 2019, que institui a Pol\u00edtica de Assist\u00eancia Estudantil no \u00e2mbito do IF Baiano, torna p\u00fablico o presente Edital de Fluxo Cont\u00ednuo que estabelece as normas e crit\u00e9rios para a sele\u00e7\u00e3o priorit\u00e1ria de estudantes em vulnerabilidade socioecon\u00f4mica, de cursos presenciais e a dist\u00e2ncia, com a finalidade de participa\u00e7\u00e3o na Pol\u00edtica de Assist\u00eancia Estudantil deste Instituto, por meio do\u00a0<strong>Programa de Incentivo \u00e0 Cultura, Esporte e Lazer (PINCEL)<\/strong>, exerc\u00edcio 2025.<\/p>\n\n\n\n<div id=\"ProreitoriaTopoTitulo\">\n\t\t\t\t\tDocumentos importantes:\n\n\t\t\t\t<\/div>\n\n\n\n<div class=\"wp-block-file\"><a id=\"wp-block-file--media-d1a52245-f8e5-4c58-912d-fa39d6d6a82b\" href=\"https:\/\/www.ifbaiano.edu.br\/unidades\/itaberaba\/files\/2025\/07\/Edital-24_2025-PINCEL-2025.pdf\" target=\"_blank\" rel=\"noreferrer noopener\">Edital 24\/2025 &#8211; PINCEL 2025<\/a><a href=\"https:\/\/www.ifbaiano.edu.br\/unidades\/itaberaba\/files\/2025\/07\/Edital-24_2025-PINCEL-2025.pdf\" class=\"wp-block-file__button wp-element-button\" download aria-describedby=\"wp-block-file--media-d1a52245-f8e5-4c58-912d-fa39d6d6a82b\">Baixar<\/a><\/div>\n\n\n\n<hr class=\"wp-block-separator has-alpha-channel-opacity\" \/>\n\n\n\n<p class=\"has-small-font-size\">\ud83c\udf10 <strong>Conhe\u00e7a mais sobre o Programa PINCEL:<\/strong><br>\ud83d\udc49 <a class=\"\" href=\"https:\/\/www.ifbaiano.edu.br\/unidades\/itaberaba\/pincel\/\">P\u00e1gina oficial do Programa PINCEL no <em>Campus<\/em> Itaberaba<\/a><\/p>\n\n\n\n<p class=\"has-small-font-size\">D\u00favidas e demais informa\u00e7\u00f5es devem ser enviadas para o e-mail:&nbsp;<strong><em><strong>ncel@itaberaba.ifbaiano.edu.br<\/strong><\/em><\/strong><\/p>\n\n\n\n<hr class=\"wp-block-separator has-alpha-channel-opacity\" \/>\n\n\n\n<p class=\"has-small-font-size\" id=\"block-25edc71c-be4a-4b32-8460-db456cc96d4c\">Siga-nos nas nossas redes sociais:<\/p>\n\n\n\n<p class=\"has-small-font-size\" id=\"block-6a22882e-fdbb-4aef-b03f-aa2822df5e04\"><strong>Youtube:<\/strong>&nbsp;<a href=\"https:\/\/www.youtube.com\/channel\/UCLiYZOl-Y4XolyuZyjVwgqg\">IF Baiano Itaberaba<\/a><\/p>\n\n\n\n<p class=\"has-small-font-size\" id=\"block-82e53c8b-85c6-499c-9796-4178319c0603\"><strong>Instagram:<\/strong>&nbsp;<a href=\"https:\/\/www.instagram.com\/ifbaiano.itaberaba\/\">@ifbaiano.itaberaba<\/a><\/p>\n\n\n\n<p class=\"has-small-font-size\" id=\"block-2ed0dc64-d422-422d-ba7e-fd9a83c03be2\"><strong>Facebook:<\/strong>&nbsp;<a href=\"https:\/\/www.facebook.com\/ifbaiano.itaberaba\">@ifbaiano.itaberaba<\/a><\/p>\n","protected":false},"excerpt":{"rendered":"<p>A\u00a0DIRETORA-GERAL DO INSTITUTO FEDERAL DE EDUCA\u00c7\u00c3O, CI\u00caNCIA E TECNOLOGIA BAIANO,\u00a0CAMPUS\u00a0ITABERABA, nomeada pela Portaria n\u00ba 279, de 18 de mar\u00e7o de 2022, publicada no DOU em 21 de mar\u00e7o de 2022, no uso de suas atribui\u00e7\u00f5es, e em conformidade com as atribui\u00e7\u00f5es delegadas pela\u00a0Portaria Normativa n\u00ba 13\/2022 &#8211; RET-GAB\/RET\/IFBAIANO, de 11 de mar\u00e7o de 2022, e [&hellip;]<\/p>\n","protected":false},"author":105,"featured_media":0,"parent":8834,"menu_order":1,"comment_status":"open","ping_status":"closed","template":"","meta":[],"_links":{"self":[{"href":"https:\/\/www.ifbaiano.edu.br\/unidades\/itaberaba\/wp-json\/wp\/v2\/pages\/9372"}],"collection":[{"href":"https:\/\/www.ifbaiano.edu.br\/unidades\/itaberaba\/wp-json\/wp\/v2\/pages"}],"about":[{"href":"https:\/\/www.ifbaiano.edu.br\/unidades\/itaberaba\/wp-json\/wp\/v2\/types\/page"}],"author":[{"embeddable":true,"href":"https:\/\/www.ifbaiano.edu.br\/unidades\/itaberaba\/wp-json\/wp\/v2\/users\/105"}],"replies":[{"embeddable":true,"href":"https:\/\/www.ifbaiano.edu.br\/unidades\/itaberaba\/wp-json\/wp\/v2\/comments?post=9372"}],"version-history":[{"count":7,"href":"https:\/\/www.ifbaiano.edu.br\/unidades\/itaberaba\/wp-json\/wp\/v2\/pages\/9372\/revisions"}],"predecessor-version":[{"id":9424,"href":"https:\/\/www.ifbaiano.edu.br\/unidades\/itaberaba\/wp-json\/wp\/v2\/pages\/9372\/revisions\/9424"}],"up":[{"embeddable":true,"href":"https:\/\/www.ifbaiano.edu.br\/unidades\/itaberaba\/wp-json\/wp\/v2\/pages\/8834"}],"wp:attachment":[{"href":"https:\/\/www.ifbaiano.edu.br\/unidades\/itaberaba\/wp-json\/wp\/v2\/media?parent=9372"}],"curies":[{"name":"wp","href":"https:\/\/api.w.org\/{rel}","templated":true}]}}