{"id":9395,"date":"2025-07-09T16:05:52","date_gmt":"2025-07-09T19:05:52","guid":{"rendered":"https:\/\/www.ifbaiano.edu.br\/unidades\/itaberaba\/?page_id=9395"},"modified":"2025-07-13T01:28:13","modified_gmt":"2025-07-13T04:28:13","slug":"propac-2025","status":"publish","type":"page","link":"https:\/\/www.ifbaiano.edu.br\/unidades\/itaberaba\/programas\/propac\/propac-2025\/","title":{"rendered":"Programa de Incentivo \u00e0 Participa\u00e7\u00e3o Pol\u00edtico Acad\u00eamica (PROPAC 2025) \u2013 Edital 25\/2025"},"content":{"rendered":"\n<p class=\"has-small-font-size\"><strong>A DIRETORA-GERAL\u00a0DO INSTITUTO FEDERAL DE EDUCA\u00c7\u00c3O, CI\u00caNCIA E TECNOLOGIA BAIANO \u2013\u00a0<em>CAMPUS<\/em>\u00a0ITABERABA<\/strong>, nomeada pela\u00a0<strong>Portaria n\u00ba 279<\/strong>, de 18 de mar\u00e7o de 2022, publica\u00e7\u00e3o no DOU em 21 de mar\u00e7o\u00a0de 2022, e consoante as atribui\u00e7\u00f5es\u00a0delegadas pela\u00a0<strong>Portaria Normativa n\u00ba 13\/2022 \u2013 RET-GAB\/RET\/IFBAIANO<\/strong>, de 11 de mar\u00e7o de 2022, e suas altera\u00e7\u00f5es,\u00a0considerando ainda a Lei n\u00b0 14.914, de 03 de julho de 2024, que cria a Pol\u00edtica Nacional de Assist\u00eancia Estudantil e a Resolu\u00e7\u00e3o n\u00ba 01, de 29 de janeiro de 2019, que institui a Pol\u00edtica de Assist\u00eancia Estudantil no \u00e2mbito do IF Baiano, torna p\u00fablico o presente Edital de Fluxo Cont\u00ednuo que estabelece as normas e crit\u00e9rios para sele\u00e7\u00e3o priorit\u00e1ria de estudantes em vulnerabilidade socioecon\u00f4mica, de cursos presenciais e a dist\u00e2ncia, de gradua\u00e7\u00e3o e da educa\u00e7\u00e3o profissional t\u00e9cnica de n\u00edvel m\u00e9dio, com a finalidade de participa\u00e7\u00e3o na Pol\u00edtica de Assist\u00eancia Estudantil deste Instituto, por meio do Programa de Incentivo \u00e0 Participa\u00e7\u00e3o Pol\u00edtico Acad\u00eamica (PROPAC),\u00a0exerc\u00edcio 2025.<\/p>\n\n\n\n<div id=\"ProreitoriaTopoTitulo\">\n\t\t\t\t\tDocumentos importantes:\n\n\t\t\t\t<\/div>\n\n\n\n<div class=\"wp-block-file\"><a id=\"wp-block-file--media-c36a044b-5dce-4873-ab18-9a3c42155eac\" href=\"https:\/\/www.ifbaiano.edu.br\/unidades\/itaberaba\/files\/2025\/07\/Edital-25_2025-PROPAC-2025.pdf\" target=\"_blank\" rel=\"noreferrer noopener\">Edital 25\/2025 &#8211; PROPAC 2025<\/a><a href=\"https:\/\/www.ifbaiano.edu.br\/unidades\/itaberaba\/files\/2025\/07\/Edital-25_2025-PROPAC-2025.pdf\" class=\"wp-block-file__button wp-element-button\" download aria-describedby=\"wp-block-file--media-c36a044b-5dce-4873-ab18-9a3c42155eac\">Baixar<\/a><\/div>\n\n\n\n<hr class=\"wp-block-separator has-alpha-channel-opacity\" \/>\n\n\n\n<p class=\"has-small-font-size\">\ud83c\udf10 <strong>Conhe\u00e7a mais sobre o Programa PROPAC:<\/strong><br>\ud83d\udc49 <a href=\"https:\/\/www.ifbaiano.edu.br\/unidades\/itaberaba\/propac\/\">P\u00e1gina oficial do Programa (PROPAC) no <em>Campus<\/em> Itaberaba<\/a><\/p>\n\n\n\n<p class=\"has-small-font-size\">D\u00favidas e demais informa\u00e7\u00f5es devem ser enviadas para o e-mail:&nbsp;<strong><em><strong>clae@itaberaba.ifbaiano.edu.br<\/strong><\/em><\/strong><\/p>\n\n\n\n<hr class=\"wp-block-separator has-alpha-channel-opacity\" \/>\n\n\n\n<p class=\"has-small-font-size\" id=\"block-25edc71c-be4a-4b32-8460-db456cc96d4c\">Siga-nos nas nossas redes sociais:<\/p>\n\n\n\n<p class=\"has-small-font-size\" id=\"block-6a22882e-fdbb-4aef-b03f-aa2822df5e04\"><strong>Youtube:<\/strong>&nbsp;<a href=\"https:\/\/www.youtube.com\/channel\/UCLiYZOl-Y4XolyuZyjVwgqg\">IF Baiano Itaberaba<\/a><\/p>\n\n\n\n<p class=\"has-small-font-size\" id=\"block-82e53c8b-85c6-499c-9796-4178319c0603\"><strong>Instagram:<\/strong>&nbsp;<a href=\"https:\/\/www.instagram.com\/ifbaiano.itaberaba\/\">@ifbaiano.itaberaba<\/a><\/p>\n\n\n\n<p class=\"has-small-font-size\" id=\"block-2ed0dc64-d422-422d-ba7e-fd9a83c03be2\"><strong>Facebook:<\/strong>&nbsp;<a href=\"https:\/\/www.facebook.com\/ifbaiano.itaberaba\">@ifbaiano.itaberaba<\/a><\/p>\n\n\n\n<p class=\"has-small-font-size\"><br><\/p>\n","protected":false},"excerpt":{"rendered":"<p>A DIRETORA-GERAL\u00a0DO INSTITUTO FEDERAL DE EDUCA\u00c7\u00c3O, CI\u00caNCIA E TECNOLOGIA BAIANO \u2013\u00a0CAMPUS\u00a0ITABERABA, nomeada pela\u00a0Portaria n\u00ba 279, de 18 de mar\u00e7o de 2022, publica\u00e7\u00e3o no DOU em 21 de mar\u00e7o\u00a0de 2022, e consoante as atribui\u00e7\u00f5es\u00a0delegadas pela\u00a0Portaria Normativa n\u00ba 13\/2022 \u2013 RET-GAB\/RET\/IFBAIANO, de 11 de mar\u00e7o de 2022, e suas altera\u00e7\u00f5es,\u00a0considerando ainda a Lei n\u00b0 14.914, de 03 [&hellip;]<\/p>\n","protected":false},"author":105,"featured_media":0,"parent":8835,"menu_order":0,"comment_status":"closed","ping_status":"closed","template":"","meta":[],"_links":{"self":[{"href":"https:\/\/www.ifbaiano.edu.br\/unidades\/itaberaba\/wp-json\/wp\/v2\/pages\/9395"}],"collection":[{"href":"https:\/\/www.ifbaiano.edu.br\/unidades\/itaberaba\/wp-json\/wp\/v2\/pages"}],"about":[{"href":"https:\/\/www.ifbaiano.edu.br\/unidades\/itaberaba\/wp-json\/wp\/v2\/types\/page"}],"author":[{"embeddable":true,"href":"https:\/\/www.ifbaiano.edu.br\/unidades\/itaberaba\/wp-json\/wp\/v2\/users\/105"}],"replies":[{"embeddable":true,"href":"https:\/\/www.ifbaiano.edu.br\/unidades\/itaberaba\/wp-json\/wp\/v2\/comments?post=9395"}],"version-history":[{"count":2,"href":"https:\/\/www.ifbaiano.edu.br\/unidades\/itaberaba\/wp-json\/wp\/v2\/pages\/9395\/revisions"}],"predecessor-version":[{"id":9407,"href":"https:\/\/www.ifbaiano.edu.br\/unidades\/itaberaba\/wp-json\/wp\/v2\/pages\/9395\/revisions\/9407"}],"up":[{"embeddable":true,"href":"https:\/\/www.ifbaiano.edu.br\/unidades\/itaberaba\/wp-json\/wp\/v2\/pages\/8835"}],"wp:attachment":[{"href":"https:\/\/www.ifbaiano.edu.br\/unidades\/itaberaba\/wp-json\/wp\/v2\/media?parent=9395"}],"curies":[{"name":"wp","href":"https:\/\/api.w.org\/{rel}","templated":true}]}}