{"id":9527,"date":"2025-09-26T09:18:36","date_gmt":"2025-09-26T12:18:36","guid":{"rendered":"https:\/\/www.ifbaiano.edu.br\/unidades\/itaberaba\/?page_id=9527"},"modified":"2025-10-25T03:13:34","modified_gmt":"2025-10-25T06:13:34","slug":"chamada-publica-01-2025-pnae-2025","status":"publish","type":"page","link":"https:\/\/www.ifbaiano.edu.br\/unidades\/itaberaba\/chamada-publica-01-2025-pnae-2025\/","title":{"rendered":"Edital de Chamada P\u00fablica n\u00ba 01\/2025 \u2013 Aquisi\u00e7\u00e3o de Alimentos \u2013 Programa Nacional de Alimenta\u00e7\u00e3o Escolar (PNAE)"},"content":{"rendered":"\n<p class=\"has-small-font-size\">O Instituto Federal Baiano \u2013&nbsp;<em>Campus<\/em>&nbsp;Itaberaba \u2013 torna p\u00fablica a&nbsp;<strong>Chamada P\u00fablica n\u00ba 01\/2025<\/strong>.<\/p>\n\n\n\n<p class=\"has-small-font-size\"><strong>Objeto:&nbsp;<\/strong>Aquisi\u00e7\u00e3o de g\u00eaneros aliment\u00edcios da Agricultura Familiar e do Empreendedor Familiar Rural em atendimento ao Programa Nacional de Alimenta\u00e7\u00e3o Escolar \u2013 PNAE.<\/p>\n\n\n\n<div id=\"ProreitoriaTopoTitulo\">\n\t\t\t\t\tDatas, Hor\u00e1rios e Local do Evento:\n\t\t\t\t<\/div>\n\n\n\n<p class=\"has-small-font-size\"><strong>Per\u00edodo da divulga\u00e7\u00e3o da Chamada P\u00fablica:<\/strong>&nbsp;de 26 de setembro a 15 de outubro de 2025<br><strong>Entrega dos envelopes:<\/strong>&nbsp;at\u00e9 09:00h do dia 16 de outubro de 2025.<br><strong>Sess\u00e3o p\u00fablica e abertura dos envelopes:<\/strong>&nbsp;09:00h do dia 16 de outubro de 2025.<\/p>\n\n\n\n<p class=\"has-small-font-size\"><strong>Endere\u00e7o da Sess\u00e3o p\u00fablica:<\/strong>&nbsp;Diretoria administrativa \u2013 Instituto Federal de Educa\u00e7\u00e3o, Ci\u00eancia e Tecnologia Baiano \u2013 <em>Campus<\/em> Itaberaba<br>Rodovia BA-233, Km 04, Itaberaba \u2013 BA, CEP 46880-000.<br><strong>E-mail:<\/strong>&nbsp;compras@itaberaba.ifbaiano.edu.br<br><strong>Telefone:&nbsp;<\/strong>(75) 98302-6658&nbsp;|&nbsp;(71) 98141-5536<\/p>\n\n\n\n<div id=\"ProreitoriaTopoTitulo\">\n\t\t\t\t\tDocumentos Publicados:\n\t\t\t\t<\/div>\n\n\n\n<div class=\"wp-block-file\"><a id=\"wp-block-file--media-da41ce60-0774-41c5-9682-8318fa66ea42\" href=\"https:\/\/www.ifbaiano.edu.br\/unidades\/itaberaba\/files\/2025\/09\/Edital-de-Chamada-Publica-01_2025.pdf\" target=\"_blank\" rel=\"noreferrer noopener\">Edital de Chamada P\u00fablica 01\/2025<\/a><\/div>\n\n\n\n<div class=\"wp-block-file\"><a id=\"wp-block-file--media-942f9f14-96a0-4359-bde7-0a2fe2a56de7\" href=\"https:\/\/www.ifbaiano.edu.br\/unidades\/itaberaba\/files\/2025\/09\/Anexo-I-Edital-de-Chamada-Publica-01_2025.pdf\" target=\"_blank\" rel=\"noreferrer noopener\">Anexo I &#8211; Projeto B\u00e1sico<\/a><\/div>\n\n\n\n<div class=\"wp-block-file\"><a id=\"wp-block-file--media-09753188-72bc-4da4-aaf7-06f552127334\" href=\"https:\/\/www.ifbaiano.edu.br\/unidades\/itaberaba\/files\/2025\/09\/Anexo-II-Edital-de-Chamada-Publica-01_2025.pdf\" target=\"_blank\" rel=\"noreferrer noopener\">Anexo II \u2013 Modelo de Proposta de venda<\/a><\/div>\n\n\n\n<div class=\"wp-block-file\"><a id=\"wp-block-file--media-36adc597-654d-4548-94ca-f4e48b8d5a65\" href=\"https:\/\/www.ifbaiano.edu.br\/unidades\/itaberaba\/files\/2025\/09\/Anexo-III-Edital-de-Chamada-Publica-01_2025.pdf\" target=\"_blank\" rel=\"noreferrer noopener\">Anexo III \u2013 Modelo de Declara\u00e7\u00e3o de Produ\u00e7\u00e3o Pr\u00f3pria do Agricultor Familiar para Organiza\u00e7\u00f5es Fornecedoras<\/a><\/div>\n\n\n\n<div class=\"wp-block-file\"><a id=\"wp-block-file--media-aa8fd07e-d00a-43f5-ad54-b9483e317733\" href=\"https:\/\/www.ifbaiano.edu.br\/unidades\/itaberaba\/files\/2025\/09\/Anexo-IV-Edital-de-Chamada-Publica-01_2025.pdf\" target=\"_blank\" rel=\"noreferrer noopener\">Anexo IV \u2013 Declara\u00e7\u00e3o de Produ\u00e7\u00e3o Pr\u00f3pria do Agricultor Familiar para Benefici\u00e1rios Fornecedores \u2013 Individual<\/a><\/div>\n\n\n\n<div class=\"wp-block-file\"><a id=\"wp-block-file--media-4f3ad9ff-ad6b-4cc4-a69d-520ea0f8a312\" href=\"https:\/\/www.ifbaiano.edu.br\/unidades\/itaberaba\/files\/2025\/09\/Anexo-V-Edital-de-Chamada-Publica-01_2025.pdf\" target=\"_blank\" rel=\"noreferrer noopener\">Anexo V \u2013 Declara\u00e7\u00e3o de Responsabilidade pelo Controle do Atendimento do Limite Individual de Venda dos Cooperados &#8211; Associados<\/a><\/div>\n\n\n\n<div class=\"wp-block-file\"><a id=\"wp-block-file--media-ea38e952-9c30-4b4e-a1f4-6be30ee1de6a\" href=\"https:\/\/www.ifbaiano.edu.br\/unidades\/itaberaba\/files\/2025\/09\/Anexo-VI-Edital-de-Chamada-Publica-01_2025.pdf\" target=\"_blank\" rel=\"noreferrer noopener\">Anexo VI \u2013 Declara\u00e7\u00e3o de Responsabilidade pelo Controle do Atendimento do Limite Individual de Venda dos Cooperados_Associados &#8211; Grupos Formais<\/a><\/div>\n\n\n\n<div class=\"wp-block-file\"><a id=\"wp-block-file--media-4e5dcda9-92f1-4dda-82c3-f0c499713032\" href=\"https:\/\/www.ifbaiano.edu.br\/unidades\/itaberaba\/files\/2025\/09\/Anexo-VII-Edital-de-Chamada-Publica-01_2025.pdf\" target=\"_blank\" rel=\"noreferrer noopener\">Anexo VII \u2013 Modelo de Declara\u00e7\u00e3o do Agricultor Familiar \u2013 Produ\u00e7\u00e3o Pr\u00f3pria &#8211; Grupos Formais<\/a><\/div>\n\n\n\n<div class=\"wp-block-file\"><a id=\"wp-block-file--media-401e37cc-3f7c-43d5-a6f5-de89d4aa9586\" href=\"https:\/\/www.ifbaiano.edu.br\/unidades\/itaberaba\/files\/2025\/09\/Anexo-VIII-Edital-de-Chamada-Publica-01_2025.pdf\" target=\"_blank\" rel=\"noreferrer noopener\">Anexo VIII \u2013 Modelo de Declara\u00e7\u00e3o do Agricultor Familiar \u2013 Produ\u00e7\u00e3o Pr\u00f3pria para Grupos Informais ou Fornecedores Individuais<\/a><\/div>\n\n\n\n<div class=\"wp-block-file\"><a id=\"wp-block-file--media-f2aed83a-6ef7-4976-b391-c8ecaa96a2c5\" href=\"https:\/\/www.ifbaiano.edu.br\/unidades\/itaberaba\/files\/2025\/10\/Extrato-DOU-\u2013-Aviso-da-CHAMADA-PUBLICA-no-1_2025-\u2013-PNAE.pdf\" target=\"_blank\" rel=\"noreferrer noopener\">Extrato DOU \u2013 Aviso da CHAMADA P\u00daBLICA n\u00ba 1\/2025 \u2013 PNAE<\/a><\/div>\n\n\n\n<div class=\"wp-block-file\"><a id=\"wp-block-file--media-ec334118-16b9-4d9d-a7dd-abe28810d638\" href=\"https:\/\/www.ifbaiano.edu.br\/unidades\/itaberaba\/files\/2025\/10\/Ata-da-Sessao-Publica-Chamada-Publica-n\u00b0-001_2025.pdf\" target=\"_blank\" rel=\"noreferrer noopener\">Ata da Sess\u00e3o P\u00fablica &#8211; Chamada P\u00fablica n\u00b0 001\/2025<\/a><\/div>\n","protected":false},"excerpt":{"rendered":"<p>O Instituto Federal Baiano \u2013&nbsp;Campus&nbsp;Itaberaba \u2013 torna p\u00fablica a&nbsp;Chamada P\u00fablica n\u00ba 01\/2025. Objeto:&nbsp;Aquisi\u00e7\u00e3o de g\u00eaneros aliment\u00edcios da Agricultura Familiar e do Empreendedor Familiar Rural em atendimento ao Programa Nacional de Alimenta\u00e7\u00e3o Escolar \u2013 PNAE. Datas, Hor\u00e1rios e Local do Evento: Per\u00edodo da divulga\u00e7\u00e3o da Chamada P\u00fablica:&nbsp;de 26 de setembro a 15 de outubro de 2025Entrega [&hellip;]<\/p>\n","protected":false},"author":105,"featured_media":0,"parent":0,"menu_order":0,"comment_status":"closed","ping_status":"closed","template":"","meta":[],"_links":{"self":[{"href":"https:\/\/www.ifbaiano.edu.br\/unidades\/itaberaba\/wp-json\/wp\/v2\/pages\/9527"}],"collection":[{"href":"https:\/\/www.ifbaiano.edu.br\/unidades\/itaberaba\/wp-json\/wp\/v2\/pages"}],"about":[{"href":"https:\/\/www.ifbaiano.edu.br\/unidades\/itaberaba\/wp-json\/wp\/v2\/types\/page"}],"author":[{"embeddable":true,"href":"https:\/\/www.ifbaiano.edu.br\/unidades\/itaberaba\/wp-json\/wp\/v2\/users\/105"}],"replies":[{"embeddable":true,"href":"https:\/\/www.ifbaiano.edu.br\/unidades\/itaberaba\/wp-json\/wp\/v2\/comments?post=9527"}],"version-history":[{"count":5,"href":"https:\/\/www.ifbaiano.edu.br\/unidades\/itaberaba\/wp-json\/wp\/v2\/pages\/9527\/revisions"}],"predecessor-version":[{"id":9568,"href":"https:\/\/www.ifbaiano.edu.br\/unidades\/itaberaba\/wp-json\/wp\/v2\/pages\/9527\/revisions\/9568"}],"wp:attachment":[{"href":"https:\/\/www.ifbaiano.edu.br\/unidades\/itaberaba\/wp-json\/wp\/v2\/media?parent=9527"}],"curies":[{"name":"wp","href":"https:\/\/api.w.org\/{rel}","templated":true}]}}