{"id":9664,"date":"2025-12-27T07:58:29","date_gmt":"2025-12-27T10:58:29","guid":{"rendered":"https:\/\/www.ifbaiano.edu.br\/unidades\/itaberaba\/?page_id=9664"},"modified":"2026-02-08T15:38:52","modified_gmt":"2026-02-08T18:38:52","slug":"processo-seletivo-professor-substituto-matematica-edital-260-2025","status":"publish","type":"page","link":"https:\/\/www.ifbaiano.edu.br\/unidades\/itaberaba\/processo-seletivo-professor-substituto-matematica-edital-260-2025\/","title":{"rendered":"Processo Seletivo Simplificado \u2013 Professor Substituto \u2013 Matem\u00e1tica (Edital 260\/2025)"},"content":{"rendered":"\n<div id=\"ProreitoriaTopoTitulo\">\n\t\t\t\t\tApresenta\u00e7\u00e3o:\n\t\t\t\t<\/div>\n\n\n\n<p style=\"text-align: justify\" class=\"has-small-font-size\">O <span style=\"font-weight: bold\">REITOR DO INSTITUTO FEDERAL DE EDUCA\u00c7\u00c3O, CI\u00caNCIA E TECNOLOGIA BAIANO<\/span>, no uso das suas atribui\u00e7\u00f5es delegadas pelo Decreto de 26\/04\/2022, publicado no DOU de 27\/04\/2022, Se\u00e7\u00e3o 2, p\u00e1gina 1, e de acordo com as disposi\u00e7\u00f5es contidas na Lei n\u00ba 11.892, de 29\/12\/2008; na Lei n\u00ba 8.112\/1990, de 11\/12\/1990; nos termos da Lei n\u00ba 8.745\/93, de 9\/12\/1993 e suas altera\u00e7\u00f5es, e nas demais legisla\u00e7\u00f5es que regem a mat\u00e9ria, torna p\u00fablica a realiza\u00e7\u00e3o de Processo Seletivo Simplificado, dirigido \u00e0 contrata\u00e7\u00e3o, por tempo determinado, de Professor Substituto na \u00c1rea: Matem\u00e1tica (20h), Campus Itaberaba, conforme condi\u00e7\u00f5es estabelecidas neste Edital.<\/p>\n\n\n\n<div id=\"ProreitoriaTopoTitulo\">\n\t\t\t\t\tVagas Ofertadas:\n\t\t\t\t<\/div>\n\n\n\n<table border=\"1\" style=\"border-collapse: collapse;font-family: Calibri;font-size: 10pt;text-align: center;vertical-align: middle;width: 100%\">\n\t<tbody>\n\t\t<tr>\n\t\t\t<td><strong>TIPO DE CONTRATO<\/strong><\/td>\n\t\t\t<td><strong>&Aacute;REA DE CONHECIMENTO<\/strong><\/td>\n\t\t\t<td><strong>N&ordm; DE VAGAS<\/strong><\/td>\n\t\t\t<td><strong>HABILITA&Ccedil;&Atilde;O M&Iacute;NIMA REQUERIDA<\/strong><\/td>\n\t\t\t<td><strong>TEMPO DE CONTRATO<\/strong><\/td>\n\t\t\t<td><strong>CARGA HOR&Aacute;RIA SEMANAL<\/strong><\/td>\n\t\t<\/tr>\n\t\t<tr>\n\t\t\t<td>Professor Substituto<\/td>\n\t\t\t<td>Matem&aacute;tica<\/td>\n\t\t\t<td>1<\/td>\n\t\t\t<td>Licenciatura em Matem&aacute;tica<\/td>\n\t\t\t<td>12 meses<\/td>\n\t\t\t<td>20 horas<\/td>\n\t\t<\/tr>\n\t<\/tbody>\n<\/table><br>\n\n\n\n<div id=\"ProreitoriaTopoTitulo\">\n\t\t\t\t\t Inscri\u00e7\u00f5es:\n\t\t\t\t<\/div>\n\n\n\n<p style=\"text-align: justify\"><span style=\"font-size:10pt\"><span style=\"font-family:Calibri\">Inscri&ccedil;&otilde;es: <strong>29 de dezembro de 2025<\/strong> at&eacute; &agrave;s 23h59min do dia <strong>16 de janeiro de 2026<\/strong><\/span><\/span><\/p>\n\n<p style=\"text-align: justify\"><span style=\"font-size:10pt\"><span style=\"font-family:Calibri\">Site Reitoria: <a href=\"https:\/\/concurso.ifbaiano.edu.br\/portal\/substituto-itaberaba-dezembro-2025\/\" target=\"_blank\" rel=\"noopener\">https:\/\/concurso.ifbaiano.edu.br\/portal\/substituto-itaberaba-dezembro-2025\/<\/a><\/span><\/span><\/p>\n\n<p style=\"text-align: justify\"><span style=\"font-size:10pt\"><span style=\"font-family:Calibri\">Para realiza&ccedil;&atilde;o da inscri&ccedil;&atilde;o no processo seletivo, objeto deste edital, o candidato dever&aacute; enviar por e-mail, em documento &uacute;nico, para o endere&ccedil;o eletr&ocirc;nico <strong>selecao.professor@itaberaba.ifbaiano.edu.br<\/strong> em formato PDF<\/span><\/span><\/p>\n\n<p style=\"text-align: justify\"><span style=\"font-size:10pt\"><span style=\"font-family:Calibri\">Consulte o <strong>item 4<\/strong> do edital<\/span><\/span><\/p>\n\n\n\n<div id=\"ProreitoriaTopoTitulo\">\n\t\t\t\t\t  Editais e Documentos: \n\t\t\t\t<\/div>\n\n\n\n<div class=\"wp-block-file\"><a id=\"wp-block-file--media-f8736a65-6128-43ce-8ec0-f79956991b28\" href=\"https:\/\/www.ifbaiano.edu.br\/unidades\/itaberaba\/files\/2025\/12\/Edital-260_2025.pdf\" target=\"_blank\" rel=\"noreferrer noopener\">Edital &#8211; 260\/2025<\/a><\/div>\n\n\n\n<div class=\"wp-block-file\"><a id=\"wp-block-file--media-cbd32e94-606e-4301-ac4c-3d5a953496ac\" href=\"https:\/\/www.ifbaiano.edu.br\/unidades\/itaberaba\/files\/2025\/12\/Resultado-a-interposicao-de-recursos-contra-o-Edital-260_2025.pdf\" target=\"_blank\" rel=\"noreferrer noopener\">Resultado \u00e0 interposi\u00e7\u00e3o de recursos contra o Edital 260\/2025<\/a><\/div>\n\n\n\n<div class=\"wp-block-file\"><a id=\"wp-block-file--media-4141ec6e-9f56-492d-9537-f30c7dda445d\" href=\"https:\/\/www.ifbaiano.edu.br\/unidades\/itaberaba\/files\/2026\/01\/Portaria-de-Homologacao-do-Edital-no-260_2025.pdf\" target=\"_blank\" rel=\"noreferrer noopener\">Portaria de Homologa\u00e7\u00e3o do Edital n\u00ba 260\/2025<\/a><\/div>\n\n\n\n<div class=\"wp-block-file\"><a id=\"wp-block-file--media-87132c02-95e7-44d1-a759-8637b7726655\" href=\"https:\/\/www.ifbaiano.edu.br\/unidades\/itaberaba\/files\/2026\/01\/Homologacao-preliminar-das-inscricoes-Edital-260_2025.pdf\" target=\"_blank\" rel=\"noreferrer noopener\">Homologa\u00e7\u00e3o preliminar das inscri\u00e7\u00f5es &#8211; Edital 260\/2025<\/a><\/div>\n\n\n\n<div class=\"wp-block-file\"><a id=\"wp-block-file--media-9741b6e2-18f7-468b-94dd-f4bd98753bca\" href=\"https:\/\/www.ifbaiano.edu.br\/unidades\/itaberaba\/files\/2026\/01\/Resultado-da-Interposicao-de-Recursos-Edital-260_2025.pdf\" target=\"_blank\" rel=\"noreferrer noopener\">Resultado da Interposi\u00e7\u00e3o de Recursos &#8211; Edital 260\/2025<\/a><\/div>\n\n\n\n<div class=\"wp-block-file\"><a id=\"wp-block-file--media-52031710-39df-4ddc-b833-f9bc0a891020\" href=\"https:\/\/www.ifbaiano.edu.br\/unidades\/itaberaba\/files\/2026\/01\/Homologacao-Final-das-Inscricoes-Edital-260_2025.pdf\" target=\"_blank\" rel=\"noreferrer noopener\">Homologa\u00e7\u00e3o Final das Inscri\u00e7\u00f5es &#8211; Edital 260\/2025<\/a><\/div>\n\n\n\n<div class=\"wp-block-file\"><a id=\"wp-block-file--media-cb4db657-a9bf-4e8a-b361-921c3c05e6dc\" href=\"https:\/\/www.ifbaiano.edu.br\/unidades\/itaberaba\/files\/2026\/01\/Divulgacao-do-dia-e-horario-para-sorteio-e-prova-de-desempenho-didatico-Edital-260_2025.pdf\" target=\"_blank\" rel=\"noreferrer noopener\">Divulga\u00e7\u00e3o do dia e hor\u00e1rio para sorteio e prova de desempenho did\u00e1tico &#8211; Edital 260\/2025<\/a><\/div>\n\n\n\n<div class=\"wp-block-file\"><a id=\"wp-block-file--media-2ddcaddc-f39b-4376-ac05-f6007d2a871b\" href=\"https:\/\/www.ifbaiano.edu.br\/unidades\/itaberaba\/files\/2026\/01\/Edital-de-Retificacao-n\u00b0-12-ao-Edital-260_2025.pdf\" target=\"_blank\" rel=\"noreferrer noopener\">1\u00aa Retifica\u00e7\u00e3o &#8211; Edital de Retifica\u00e7\u00e3o n\u00b0 12\/2026 ao Edital 260\/2025<\/a><\/div>\n\n\n\n<div class=\"wp-block-file\"><a id=\"wp-block-file--media-961e68b1-e6ff-4319-a37b-e9d2ab065734\" href=\"https:\/\/www.ifbaiano.edu.br\/unidades\/itaberaba\/files\/2026\/01\/Banca-de-Avaliacao-do-Processo-Seletivo-Simplificado-Edital-260_2025.pdf\" target=\"_blank\" rel=\"noreferrer noopener\">Banca de Avalia\u00e7\u00e3o do Processo Seletivo Simplificado &#8211; Edital 260\/2025<\/a><\/div>\n\n\n\n<div class=\"wp-block-file\"><a id=\"wp-block-file--media-1be4eec7-7fdf-43b3-b832-2b10de0b9fab\" href=\"https:\/\/www.ifbaiano.edu.br\/unidades\/itaberaba\/files\/2026\/02\/Resultado-Preliminar-Prova-de-Desempenho-Didatico-e-Prova-de-Titulos-Edital-260_2025.pdf\" target=\"_blank\" rel=\"noreferrer noopener\">Resultado Preliminar (Prova de Desempenho Did\u00e1tico e Prova de T\u00edtulos) &#8211; Edital 260\/2025<\/a><\/div>\n\n\n\n<div class=\"wp-block-file\"><a id=\"wp-block-file--media-110e6740-af6c-45b2-a48b-5e1eb417802d\" href=\"https:\/\/www.ifbaiano.edu.br\/unidades\/itaberaba\/files\/2026\/02\/Resultado-da-Interposicao-de-Recursos-contra-o-Resultado-Preliminar-Prova-de-Desempenho-Didatico-e-Prova-de-Titulos-Edital-n\u00b0-260_2025.pdf\" target=\"_blank\" rel=\"noreferrer noopener\">Resultado da Interposi\u00e7\u00e3o de Recursos contra o Resultado Preliminar Prova de Desempenho Did\u00e1tico e Prova de T\u00edtulos Edital n\u00b0 260\/2025<\/a><\/div>\n\n\n\n<div class=\"wp-block-file\"><a id=\"wp-block-file--media-a337590d-b017-41ad-b239-e148a1346787\" href=\"https:\/\/www.ifbaiano.edu.br\/unidades\/itaberaba\/files\/2026\/02\/Edital-de-Retificacao-n\u00b0-19-ao-Edital-260_2025.pdf\" target=\"_blank\" rel=\"noreferrer noopener\">2\u00aa Retifica\u00e7\u00e3o &#8211; Edital de Retifica\u00e7\u00e3o n\u00b0 19\/2026 ao Edital 260\/2025<\/a><\/div>\n","protected":false},"excerpt":{"rendered":"<p>Apresenta\u00e7\u00e3o: O REITOR DO INSTITUTO FEDERAL DE EDUCA\u00c7\u00c3O, CI\u00caNCIA E TECNOLOGIA BAIANO, no uso das suas atribui\u00e7\u00f5es delegadas pelo Decreto de 26\/04\/2022, publicado no DOU de 27\/04\/2022, Se\u00e7\u00e3o 2, p\u00e1gina 1, e de acordo com as disposi\u00e7\u00f5es contidas na Lei n\u00ba 11.892, de 29\/12\/2008; na Lei n\u00ba 8.112\/1990, de 11\/12\/1990; nos termos da Lei n\u00ba [&hellip;]<\/p>\n","protected":false},"author":105,"featured_media":0,"parent":0,"menu_order":0,"comment_status":"closed","ping_status":"closed","template":"","meta":[],"_links":{"self":[{"href":"https:\/\/www.ifbaiano.edu.br\/unidades\/itaberaba\/wp-json\/wp\/v2\/pages\/9664"}],"collection":[{"href":"https:\/\/www.ifbaiano.edu.br\/unidades\/itaberaba\/wp-json\/wp\/v2\/pages"}],"about":[{"href":"https:\/\/www.ifbaiano.edu.br\/unidades\/itaberaba\/wp-json\/wp\/v2\/types\/page"}],"author":[{"embeddable":true,"href":"https:\/\/www.ifbaiano.edu.br\/unidades\/itaberaba\/wp-json\/wp\/v2\/users\/105"}],"replies":[{"embeddable":true,"href":"https:\/\/www.ifbaiano.edu.br\/unidades\/itaberaba\/wp-json\/wp\/v2\/comments?post=9664"}],"version-history":[{"count":11,"href":"https:\/\/www.ifbaiano.edu.br\/unidades\/itaberaba\/wp-json\/wp\/v2\/pages\/9664\/revisions"}],"predecessor-version":[{"id":9746,"href":"https:\/\/www.ifbaiano.edu.br\/unidades\/itaberaba\/wp-json\/wp\/v2\/pages\/9664\/revisions\/9746"}],"wp:attachment":[{"href":"https:\/\/www.ifbaiano.edu.br\/unidades\/itaberaba\/wp-json\/wp\/v2\/media?parent=9664"}],"curies":[{"name":"wp","href":"https:\/\/api.w.org\/{rel}","templated":true}]}}

Processo Seletivo Simplificado – Professor Substituto – Matemática (Edital 260/2025)

<div id="ProreitoriaTopoTitulo">
					Apresentação:
				</div>



<p style="text-align: justify" class="has-small-font-size">O <span style="font-weight: bold">REITOR DO INSTITUTO FEDERAL DE EDUCAÇÃO, CIÊNCIA E TECNOLOGIA BAIANO</span>, no uso das suas atribuições delegadas pelo Decreto de 26/04/2022, publicado no DOU de 27/04/2022, Seção 2, página 1, e de acordo com as disposições contidas na Lei nº 11.892, de 29/12/2008; na Lei nº 8.112/1990, de 11/12/1990; nos termos da Lei nº 8.745/93, de 9/12/1993 e suas alterações, e nas demais legislações que regem a matéria, torna pública a realização de Processo Seletivo Simplificado, dirigido à contratação, por tempo determinado, de Professor Substituto na Área: Matemática (20h), Campus Itaberaba, conforme condições estabelecidas neste Edital.</p>



<div id="ProreitoriaTopoTitulo">
					Vagas Ofertadas:
				</div>



<table border="1" style="border-collapse: collapse;font-family: Calibri;font-size: 10pt;text-align: center;vertical-align: middle;width: 100%">
	<tbody>
		<tr>
			<td><strong>TIPO DE CONTRATO</strong></td>
			<td><strong>&Aacute;REA DE CONHECIMENTO</strong></td>
			<td><strong>N&ordm; DE VAGAS</strong></td>
			<td><strong>HABILITA&Ccedil;&Atilde;O M&Iacute;NIMA REQUERIDA</strong></td>
			<td><strong>TEMPO DE CONTRATO</strong></td>
			<td><strong>CARGA HOR&Aacute;RIA SEMANAL</strong></td>
		</tr>
		<tr>
			<td>Professor Substituto</td>
			<td>Matem&aacute;tica</td>
			<td>1</td>
			<td>Licenciatura em Matem&aacute;tica</td>
			<td>12 meses</td>
			<td>20 horas</td>
		</tr>
	</tbody>
</table><br>



<div id="ProreitoriaTopoTitulo">
					 Inscrições:
				</div>



<p style="text-align: justify"><span style="font-size:10pt"><span style="font-family:Calibri">Inscri&ccedil;&otilde;es: <strong>29 de dezembro de 2025</strong> at&eacute; &agrave;s 23h59min do dia <strong>16 de janeiro de 2026</strong></span></span></p>

<p style="text-align: justify"><span style="font-size:10pt"><span style="font-family:Calibri">Site Reitoria: <a href="https://concurso.ifbaiano.edu.br/portal/substituto-itaberaba-dezembro-2025/" target="_blank" rel="noopener">https://concurso.ifbaiano.edu.br/portal/substituto-itaberaba-dezembro-2025/</a></span></span></p>

<p style="text-align: justify"><span style="font-size:10pt"><span style="font-family:Calibri">Para realiza&ccedil;&atilde;o da inscri&ccedil;&atilde;o no processo seletivo, objeto deste edital, o candidato dever&aacute; enviar por e-mail, em documento &uacute;nico, para o endere&ccedil;o eletr&ocirc;nico <strong>selecao.professor@itaberaba.ifbaiano.edu.br</strong> em formato PDF</span></span></p>

<p style="text-align: justify"><span style="font-size:10pt"><span style="font-family:Calibri">Consulte o <strong>item 4</strong> do edital</span></span></p>



<div id="ProreitoriaTopoTitulo">
					  Editais e Documentos: 
				</div>



<div class="wp-block-file"><a id="wp-block-file--media-f8736a65-6128-43ce-8ec0-f79956991b28" href="https://www.ifbaiano.edu.br/unidades/itaberaba/files/2025/12/Edital-260_2025.pdf" target="_blank" rel="noreferrer noopener">Edital &#8211; 260/2025</a></div>



<div class="wp-block-file"><a id="wp-block-file--media-cbd32e94-606e-4301-ac4c-3d5a953496ac" href="https://www.ifbaiano.edu.br/unidades/itaberaba/files/2025/12/Resultado-a-interposicao-de-recursos-contra-o-Edital-260_2025.pdf" target="_blank" rel="noreferrer noopener">Resultado à interposição de recursos contra o Edital 260/2025</a></div>



<div class="wp-block-file"><a id="wp-block-file--media-4141ec6e-9f56-492d-9537-f30c7dda445d" href="https://www.ifbaiano.edu.br/unidades/itaberaba/files/2026/01/Portaria-de-Homologacao-do-Edital-no-260_2025.pdf" target="_blank" rel="noreferrer noopener">Portaria de Homologação do Edital nº 260/2025</a></div>



<div class="wp-block-file"><a id="wp-block-file--media-87132c02-95e7-44d1-a759-8637b7726655" href="https://www.ifbaiano.edu.br/unidades/itaberaba/files/2026/01/Homologacao-preliminar-das-inscricoes-Edital-260_2025.pdf" target="_blank" rel="noreferrer noopener">Homologação preliminar das inscrições &#8211; Edital 260/2025</a></div>



<div class="wp-block-file"><a id="wp-block-file--media-9741b6e2-18f7-468b-94dd-f4bd98753bca" href="https://www.ifbaiano.edu.br/unidades/itaberaba/files/2026/01/Resultado-da-Interposicao-de-Recursos-Edital-260_2025.pdf" target="_blank" rel="noreferrer noopener">Resultado da Interposição de Recursos &#8211; Edital 260/2025</a></div>



<div class="wp-block-file"><a id="wp-block-file--media-52031710-39df-4ddc-b833-f9bc0a891020" href="https://www.ifbaiano.edu.br/unidades/itaberaba/files/2026/01/Homologacao-Final-das-Inscricoes-Edital-260_2025.pdf" target="_blank" rel="noreferrer noopener">Homologação Final das Inscrições &#8211; Edital 260/2025</a></div>



<div class="wp-block-file"><a id="wp-block-file--media-cb4db657-a9bf-4e8a-b361-921c3c05e6dc" href="https://www.ifbaiano.edu.br/unidades/itaberaba/files/2026/01/Divulgacao-do-dia-e-horario-para-sorteio-e-prova-de-desempenho-didatico-Edital-260_2025.pdf" target="_blank" rel="noreferrer noopener">Divulgação do dia e horário para sorteio e prova de desempenho didático &#8211; Edital 260/2025</a></div>



<div class="wp-block-file"><a id="wp-block-file--media-2ddcaddc-f39b-4376-ac05-f6007d2a871b" href="https://www.ifbaiano.edu.br/unidades/itaberaba/files/2026/01/Edital-de-Retificacao-n°-12-ao-Edital-260_2025.pdf" target="_blank" rel="noreferrer noopener">1ª Retificação &#8211; Edital de Retificação n° 12/2026 ao Edital 260/2025</a></div>



<div class="wp-block-file"><a id="wp-block-file--media-961e68b1-e6ff-4319-a37b-e9d2ab065734" href="https://www.ifbaiano.edu.br/unidades/itaberaba/files/2026/01/Banca-de-Avaliacao-do-Processo-Seletivo-Simplificado-Edital-260_2025.pdf" target="_blank" rel="noreferrer noopener">Banca de Avaliação do Processo Seletivo Simplificado &#8211; Edital 260/2025</a></div>



<div class="wp-block-file"><a id="wp-block-file--media-1be4eec7-7fdf-43b3-b832-2b10de0b9fab" href="https://www.ifbaiano.edu.br/unidades/itaberaba/files/2026/02/Resultado-Preliminar-Prova-de-Desempenho-Didatico-e-Prova-de-Titulos-Edital-260_2025.pdf" target="_blank" rel="noreferrer noopener">Resultado Preliminar (Prova de Desempenho Didático e Prova de Títulos) &#8211; Edital 260/2025</a></div>



<div class="wp-block-file"><a id="wp-block-file--media-110e6740-af6c-45b2-a48b-5e1eb417802d" href="https://www.ifbaiano.edu.br/unidades/itaberaba/files/2026/02/Resultado-da-Interposicao-de-Recursos-contra-o-Resultado-Preliminar-Prova-de-Desempenho-Didatico-e-Prova-de-Titulos-Edital-n°-260_2025.pdf" target="_blank" rel="noreferrer noopener">Resultado da Interposição de Recursos contra o Resultado Preliminar Prova de Desempenho Didático e Prova de Títulos Edital n° 260/2025</a></div>



<div class="wp-block-file"><a id="wp-block-file--media-a337590d-b017-41ad-b239-e148a1346787" href="https://www.ifbaiano.edu.br/unidades/itaberaba/files/2026/02/Edital-de-Retificacao-n°-19-ao-Edital-260_2025.pdf" target="_blank" rel="noreferrer noopener">2ª Retificação &#8211; Edital de Retificação n° 19/2026 ao Edital 260/2025</a></div>

<p>Apresentação: O REITOR DO INSTITUTO FEDERAL DE EDUCAÇÃO, CIÊNCIA E TECNOLOGIA BAIANO, no uso das suas atribuições delegadas pelo Decreto de 26/04/2022, publicado no DOU de 27/04/2022, Seção 2, página 1, e de acordo com as disposições contidas na Lei nº 11.892, de 29/12/2008; na Lei nº 8.112/1990, de 11/12/1990; nos termos da Lei nº [&hellip;]</p>
