{"id":9709,"date":"2026-02-04T00:37:16","date_gmt":"2026-02-04T03:37:16","guid":{"rendered":"https:\/\/www.ifbaiano.edu.br\/unidades\/itaberaba\/?page_id=9709"},"modified":"2026-02-04T00:48:05","modified_gmt":"2026-02-04T03:48:05","slug":"pgd-2-0-campus-itaberaba","status":"publish","type":"page","link":"https:\/\/www.ifbaiano.edu.br\/unidades\/itaberaba\/documentos-e-informacoes\/pgd-2-0-campus-itaberaba\/","title":{"rendered":"Programa de Gest\u00e3o e Desempenho 2.0"},"content":{"rendered":"\n<div id=\"textoNoticia\" style=\"text-align: center\">\n    <div class=\"wp-block-columns are-vertically-aligned-center btns-pgd is-layout-flex wp-container-4\" style=\"justify-content: center\">\n        <div class=\"wp-block-column is-vertically-aligned-center is-layout-flow\" style=\"flex-basis:200px;text-align: center\">\n            <div class=\"wp-block-image\">\n                <figure class=\"aligncenter size-full\">\n                    <a href=\"https:\/\/ifbaiano.edu.br\/portal\/servidor\/pgd-2-0\/legislacao\/\" target=\"_blank\" rel=\"noreferrer noopener\">\n                        <img decoding=\"async\" loading=\"lazy\" width=\"200\" height=\"144\" src=\"https:\/\/ifbaiano.edu.br\/portal\/servidor\/wp-content\/uploads\/sites\/5\/2024\/10\/btn-legislacao.png\" alt=\"Legisla\u00e7\u00e3o\" class=\"wp-image-4804\">\n                    <\/a>\n                    <figcaption class=\"wp-element-caption\" style=\"text-align: center\"><strong><a href=\"https:\/\/ifbaiano.edu.br\/portal\/servidor\/pgd-2-0\/legislacao\/\" target=\"_blank\" rel=\"noreferrer noopener\">Legisla\u00e7\u00e3o<\/a><\/strong><\/figcaption>\n                <\/figure>\n            <\/div>\n        <\/div>\n        <div class=\"wp-block-column is-vertically-aligned-center is-layout-flow\" style=\"flex-basis:200px;text-align: center\">\n            <div class=\"wp-block-image\">\n                <figure class=\"aligncenter size-full\">\n                    <a href=\"https:\/\/www.gov.br\/servidor\/pt-br\/assuntos\/programa-de-gestao\/nova-in-2023\/faq\" target=\"_blank\" rel=\"noreferrer noopener\">\n                        <img decoding=\"async\" loading=\"lazy\" width=\"200\" height=\"144\" src=\"https:\/\/ifbaiano.edu.br\/portal\/servidor\/wp-content\/uploads\/sites\/5\/2024\/10\/btn-perguntas-e-respostas.png\" alt=\"Perguntas e Respostas\" class=\"wp-image-4806\">\n                    <\/a>\n                    <figcaption class=\"wp-element-caption\" style=\"text-align: center\"><strong><a href=\"https:\/\/www.gov.br\/servidor\/pt-br\/assuntos\/programa-de-gestao\/nova-in-2023\/faq\" target=\"_blank\" rel=\"noreferrer noopener\">Perguntas e Respostas<\/a><\/strong><\/figcaption>\n                <\/figure>\n            <\/div>\n        <\/div>\n        <div class=\"wp-block-column is-vertically-aligned-center is-layout-flow\" style=\"flex-basis:200px;text-align: center\">\n            <div class=\"wp-block-image\">\n                <figure class=\"aligncenter size-full\">\n                    <a href=\"https:\/\/ifbaiano.edu.br\/portal\/servidor\/pgd-2-0\/gravacoes-reunioes-e-treinamentos\/\" target=\"_blank\" rel=\"noreferrer noopener\">\n                        <img decoding=\"async\" loading=\"lazy\" width=\"200\" height=\"144\" src=\"https:\/\/ifbaiano.edu.br\/portal\/servidor\/wp-content\/uploads\/sites\/5\/2024\/10\/btn-gravacoes.png\" alt=\"Grava\u00e7\u00f5es\" class=\"wp-image-4805\">\n                    <\/a>\n                    <figcaption class=\"wp-element-caption\" style=\"text-align: center\"><strong><a href=\"https:\/\/ifbaiano.edu.br\/portal\/servidor\/pgd-2-0\/gravacoes-reunioes-e-treinamentos\/\" target=\"_blank\" rel=\"noreferrer noopener\">Grava\u00e7\u00f5es<\/a><\/strong><\/figcaption>\n                <\/figure>\n            <\/div>\n        <\/div>\n    <\/div>\n\n    <div class=\"wp-block-columns btns-pgd is-layout-flex wp-container-8\" style=\"justify-content: center\">\n        <div class=\"wp-block-column is-vertically-aligned-center is-layout-flow\" style=\"flex-basis:200px;text-align: center\">\n            <div class=\"wp-block-image\">\n                <figure class=\"aligncenter size-full\">\n                    <a href=\"https:\/\/ifbaiano.edu.br\/portal\/servidor\/pgd-2-0\/manuais\/\" target=\"_blank\" rel=\"noreferrer noopener\">\n                        <img decoding=\"async\" loading=\"lazy\" width=\"200\" height=\"144\" src=\"https:\/\/ifbaiano.edu.br\/portal\/servidor\/wp-content\/uploads\/sites\/5\/2024\/10\/btn-manuais.png\" alt=\"Manuais\" class=\"wp-image-4807\">\n                    <\/a>\n                    <figcaption class=\"wp-element-caption\" style=\"text-align: center\"><strong><a href=\"https:\/\/ifbaiano.edu.br\/portal\/servidor\/pgd-2-0\/manuais\/\" target=\"_blank\" rel=\"noreferrer noopener\">Manuais<\/a><\/strong><\/figcaption>\n                <\/figure>\n            <\/div>\n        <\/div>\n        <div class=\"wp-block-column is-layout-flow\" style=\"flex-basis:200px;text-align: center\">\n            <div class=\"wp-block-image\">\n                <figure class=\"aligncenter size-full\">\n                    <img decoding=\"async\" loading=\"lazy\" width=\"200\" height=\"144\" src=\"https:\/\/ifbaiano.edu.br\/portal\/servidor\/wp-content\/uploads\/sites\/5\/2024\/10\/btn-servidores.png\" alt=\"Servidores Ativos no PGD\" class=\"wp-image-4808\">\n                    <figcaption class=\"wp-element-caption\" style=\"text-align: center\">\n                        <strong>Servidores Ativos &#8211; Itaberaba<\/strong><br> \n                        <a rel=\"noreferrer noopener\" href=\"https:\/\/www.ifbaiano.edu.br\/unidades\/itaberaba\/files\/2026\/02\/Relacao-de-Servidores-do-Campus-Itaberaba-em-PGD-fevereiro_2026.pdf\" target=\"_blank\">fevereiro-2026<\/a><br>\n                    \n                    <\/figcaption>\n                <\/figure>\n            <\/div>\n        <\/div>\n        <div class=\"wp-block-column is-layout-flow\" style=\"flex-basis:200px;text-align: center\">\n            <div class=\"wp-block-image\">\n                <figure class=\"aligncenter size-full\">\n                    <a href=\"https:\/\/ifbaiano.edu.br\/portal\/servidor\/pgd-2-0\/calendarios-pgd\/\" target=\"_blank\" rel=\"noreferrer noopener\">\n                        <img decoding=\"async\" loading=\"lazy\" width=\"200\" height=\"144\" src=\"https:\/\/ifbaiano.edu.br\/portal\/servidor\/wp-content\/uploads\/sites\/5\/2024\/12\/btn-calendario.png\" alt=\"Calend\u00e1rios\" class=\"wp-image-4928\">\n                    <\/a>\n                    <figcaption class=\"wp-element-caption\" style=\"text-align: center\"><strong><a href=\"https:\/\/ifbaiano.edu.br\/portal\/servidor\/pgd-2-0\/calendarios-pgd\/\" target=\"_blank\" rel=\"noreferrer noopener\">Calend\u00e1rios PGD<\/a><\/strong><\/figcaption>\n                <\/figure>\n            <\/div>\n        <\/div>\n    <\/div>\n\n    <hr class=\"wp-block-separator has-text-color has-alpha-channel-opacity has-background is-style-wide\" style=\"background-color:#e9e9e9;color:#e9e9e9\">\n\n    <h2 class=\"wp-block-heading\" style=\"text-align: center\"><strong>Programa de Gest\u00e3o e Desempenho 2.0 \u2013 Campus Itaberaba<\/strong><\/h2>\n    <p style=\"text-align: justify\">O <strong>Programa de Gest\u00e3o e Desempenho (PGD)<\/strong> do Campus Itaberaba segue as diretrizes institu\u00eddas pelo <a href=\"https:\/\/www.in.gov.br\/en\/web\/dou\/-\/decreto-n-11.072-de-17-de-maio-de-2022-401056788\" target=\"_blank\" rel=\"noreferrer noopener\">Decreto n\u00ba 11.072\/2022<\/a> e pela <a href=\"http:\/\/www.in.gov.br\/web\/dou\/-\/instrucao-normativa-conjunta-seges-sgprt-\/mgi-n-24-de-28-de-julho-de-2023-499593248\" target=\"_blank\" rel=\"noreferrer noopener\">Instru\u00e7\u00e3o Normativa n\u00ba 24\/2023<\/a>.<\/p>\n    <p style=\"text-align: justify\">Nossa meta \u00e9 aprimorar a gest\u00e3o de pessoas, focando na entrega de resultados e na efici\u00eancia dos servi\u00e7os prestados \u00e0 comunidade acad\u00eamica de Itaberaba e regi\u00e3o.<\/p>\n<\/div>\n\n\n","protected":false},"excerpt":{"rendered":"<p>Legisla\u00e7\u00e3o Perguntas e Respostas Grava\u00e7\u00f5es Manuais Servidores Ativos &#8211; Itaberaba fevereiro-2026 Calend\u00e1rios PGD Programa de Gest\u00e3o e Desempenho 2.0 \u2013 Campus Itaberaba O Programa de Gest\u00e3o e Desempenho (PGD) do Campus Itaberaba segue as diretrizes institu\u00eddas pelo Decreto n\u00ba 11.072\/2022 e pela Instru\u00e7\u00e3o Normativa n\u00ba 24\/2023. Nossa meta \u00e9 aprimorar a gest\u00e3o de pessoas, focando [&hellip;]<\/p>\n","protected":false},"author":105,"featured_media":0,"parent":5322,"menu_order":0,"comment_status":"closed","ping_status":"closed","template":"","meta":[],"_links":{"self":[{"href":"https:\/\/www.ifbaiano.edu.br\/unidades\/itaberaba\/wp-json\/wp\/v2\/pages\/9709"}],"collection":[{"href":"https:\/\/www.ifbaiano.edu.br\/unidades\/itaberaba\/wp-json\/wp\/v2\/pages"}],"about":[{"href":"https:\/\/www.ifbaiano.edu.br\/unidades\/itaberaba\/wp-json\/wp\/v2\/types\/page"}],"author":[{"embeddable":true,"href":"https:\/\/www.ifbaiano.edu.br\/unidades\/itaberaba\/wp-json\/wp\/v2\/users\/105"}],"replies":[{"embeddable":true,"href":"https:\/\/www.ifbaiano.edu.br\/unidades\/itaberaba\/wp-json\/wp\/v2\/comments?post=9709"}],"version-history":[{"count":7,"href":"https:\/\/www.ifbaiano.edu.br\/unidades\/itaberaba\/wp-json\/wp\/v2\/pages\/9709\/revisions"}],"predecessor-version":[{"id":9721,"href":"https:\/\/www.ifbaiano.edu.br\/unidades\/itaberaba\/wp-json\/wp\/v2\/pages\/9709\/revisions\/9721"}],"up":[{"embeddable":true,"href":"https:\/\/www.ifbaiano.edu.br\/unidades\/itaberaba\/wp-json\/wp\/v2\/pages\/5322"}],"wp:attachment":[{"href":"https:\/\/www.ifbaiano.edu.br\/unidades\/itaberaba\/wp-json\/wp\/v2\/media?parent=9709"}],"curies":[{"name":"wp","href":"https:\/\/api.w.org\/{rel}","templated":true}]}}