{"id":23,"date":"2011-05-18T18:47:43","date_gmt":"2011-05-18T18:47:43","guid":{"rendered":"http:\/\/localhost\/unidades\/bonfim\/?page_id=23"},"modified":"2024-03-26T07:29:41","modified_gmt":"2024-03-26T10:29:41","slug":"historico","status":"publish","type":"page","link":"https:\/\/www.ifbaiano.edu.br\/unidades\/itapetinga\/historico\/","title":{"rendered":"Hist\u00f3rico"},"content":{"rendered":"\n<p>O Campus Itapetinga do Instituto Federal de Educa\u00e7\u00e3o, Ci\u00eancia e Tecnologia Baiano (IF Baiano) est\u00e1 instalado onde funcionava a antiga Escola M\u00e9dia de Agropecu\u00e1ria Regional da Comiss\u00e3o Executiva do Plano da Lavoura Cacaueira \u2013 EMARC IT, fundada em 07 de maio de 1980.<\/p>\n\n\n\n<p>Como Centro de Treinamento de M\u00e3o-de-obra e de Forma\u00e7\u00e3o de N\u00edvel M\u00e9dio para atender \u00e0s demandas agropecu\u00e1rias da regi\u00e3o sul da Bahia, a Escola formou, ao longo de sua hist\u00f3ria, em torno de 1.300 T\u00e9cnicos em Agropecu\u00e1ria e treinou mais de 8.000 pessoas em cursos diversos.<\/p>\n\n\n\n<p>Com a cria\u00e7\u00e3o dos Institutos Federais de Educa\u00e7\u00e3o, Ci\u00eancia e Tecnologia (Lei 11.892 de 29 de dezembro de 2008), a Unidade de Ensino integrou-se \u00e0 Rede Federal de Educa\u00e7\u00e3o Profissional, Cient\u00edfica e Tecnol\u00f3gica, mudando seu perfil institucional para campus do IF Baiano.<\/p>\n\n\n\n<p>A completa gest\u00e3o do Campus Itapetinga aconteceu em 2010, com a posse do diretor-geral pro-tempore, Jos\u00e9 Assun\u00e7\u00e3o Silveira J\u00fanior. Nesse sentido, houve estrutura\u00e7\u00e3o dos setores administrativo e pedag\u00f3gico e maior incentivo ao ensino, pesquisa e extens\u00e3o.\u201d<\/p>\n\n\n\n<p>Em mar\u00e7o de 2013 assumiu o Professor Jos\u00e9 Dion\u00edsio Borges de Mac\u00eado e em novembro de 2013, a Professora Lizziane da Silva Arg\u00f4lo, assumiu a Dire\u00e7\u00e3o Geral do Campus Itapetinga, se tornando a primeira mulher que desenvolve suas atividades no seu local de lota\u00e7\u00e3o, a dirigir um Campus do IF Baiano.<\/p>\n\n\n\n<p>Em mar\u00e7o de 2017, assumiu a Dire\u00e7\u00e3o Geral o Professor R\u00f4mulo Sp\u00f3sito das Virgens. Durante esta gest\u00e3o, foi inaugurado o novo m\u00f3dulo de aulas do campus que conclui etapa importante do trabalho cont\u00ednuo e a supera\u00e7\u00e3o de desafios que perdurou o mandato de tr\u00eas equipes gestoras locais.<\/p>\n\n\n\n<p>Em junho de 2018, assumiu a Dire\u00e7\u00e3o Geral o Professor Emilson Batista da Silva.<\/p>\n\n\n\n<p>Em mar\u00e7o de 2022, assumiu a Dire\u00e7\u00e3o Geral o Professor R\u00f4mulo Sp\u00f3sito das Virgens, atual diretor.<\/p>\n\n\n\n<p>No seu prop\u00f3sito de servir \u00e0 Bahia, em especial o Territ\u00f3rio M\u00e9dio Sudoeste, o IF Baiano Campus Itapetinga vem trabalhando com a\u00e7\u00f5es fortalecedoras e com um di\u00e1logo pr\u00f3ximo com l\u00edderes do territ\u00f3rio e dos munic\u00edpios, sindicatos dos trabalhadores rurais, associa\u00e7\u00e3o de agricultores, produtores e comunidades, como as Quilombolas, al\u00e9m de pais e estudantes, como forma de socializar as atividades de ensino, pesquisa e extens\u00e3o.<\/p>\n\n\n\n<p><\/p>\n","protected":false},"excerpt":{"rendered":"<p>O Campus Itapetinga do Instituto Federal de Educa\u00e7\u00e3o, Ci\u00eancia e Tecnologia Baiano (IF Baiano) est\u00e1 instalado onde funcionava a antiga Escola M\u00e9dia de Agropecu\u00e1ria Regional da Comiss\u00e3o Executiva do Plano da Lavoura Cacaueira \u2013 EMARC IT, fundada em 07 de maio de 1980. Como Centro de Treinamento de M\u00e3o-de-obra e de Forma\u00e7\u00e3o de N\u00edvel M\u00e9dio [&hellip;]<\/p>\n","protected":false},"author":1,"featured_media":35507,"parent":0,"menu_order":0,"comment_status":"closed","ping_status":"closed","template":"","meta":[],"_links":{"self":[{"href":"https:\/\/www.ifbaiano.edu.br\/unidades\/itapetinga\/wp-json\/wp\/v2\/pages\/23"}],"collection":[{"href":"https:\/\/www.ifbaiano.edu.br\/unidades\/itapetinga\/wp-json\/wp\/v2\/pages"}],"about":[{"href":"https:\/\/www.ifbaiano.edu.br\/unidades\/itapetinga\/wp-json\/wp\/v2\/types\/page"}],"author":[{"embeddable":true,"href":"https:\/\/www.ifbaiano.edu.br\/unidades\/itapetinga\/wp-json\/wp\/v2\/users\/1"}],"replies":[{"embeddable":true,"href":"https:\/\/www.ifbaiano.edu.br\/unidades\/itapetinga\/wp-json\/wp\/v2\/comments?post=23"}],"version-history":[{"count":115,"href":"https:\/\/www.ifbaiano.edu.br\/unidades\/itapetinga\/wp-json\/wp\/v2\/pages\/23\/revisions"}],"predecessor-version":[{"id":42035,"href":"https:\/\/www.ifbaiano.edu.br\/unidades\/itapetinga\/wp-json\/wp\/v2\/pages\/23\/revisions\/42035"}],"wp:featuredmedia":[{"embeddable":true,"href":"https:\/\/www.ifbaiano.edu.br\/unidades\/itapetinga\/wp-json\/wp\/v2\/media\/35507"}],"wp:attachment":[{"href":"https:\/\/www.ifbaiano.edu.br\/unidades\/itapetinga\/wp-json\/wp\/v2\/media?parent=23"}],"curies":[{"name":"wp","href":"https:\/\/api.w.org\/{rel}","templated":true}]}}