{"id":32709,"date":"2016-10-05T16:14:40","date_gmt":"2016-10-05T19:14:40","guid":{"rendered":"http:\/\/www.ifbaiano.edu.br\/unidades\/itapetinga\/?page_id=32709"},"modified":"2025-05-08T09:14:00","modified_gmt":"2025-05-08T12:14:00","slug":"licitacoes-compras","status":"publish","type":"page","link":"https:\/\/www.ifbaiano.edu.br\/unidades\/itapetinga\/licitacoes-compras\/","title":{"rendered":"Licita\u00e7\u00f5es"},"content":{"rendered":"\n<p>E-mail: Licita\u00e7\u00f5es@itapetinga.ifbaiano.edu.br<\/p>\n\n\n\n<p>Ramal:211<\/p>\n\n\n\n<hr class=\"wp-block-separator has-css-opacity\" \/>\n\n\n\n<p class=\"has-medium-font-size\"> <strong>Preg\u00f5es Eletr\u00f4nicos<\/strong><\/p>\n\n\n\n<p><a href=\"https:\/\/www.ifbaiano.edu.br\/unidades\/itapetinga\/licitacoes-compras\/pregoes-2025\/\" data-type=\"page\" data-id=\"44100\">2025<\/a><\/p>\n\n\n\n<p><a href=\"https:\/\/www.ifbaiano.edu.br\/unidades\/itapetinga\/licitacoes-compras\/pregoes-2024\/\" data-type=\"page\" data-id=\"41564\">2024<\/a><\/p>\n\n\n\n<p><a href=\"https:\/\/www.ifbaiano.edu.br\/unidades\/itapetinga\/licitacoes-compras\/pregoes-2023\/\" data-type=\"page\" data-id=\"41184\">2023<\/a><\/p>\n\n\n\n<p><a href=\"https:\/\/www.ifbaiano.edu.br\/unidades\/itapetinga\/licitacoes-compras\/pregoes-2022\/\" data-type=\"page\" data-id=\"39692\">2022<\/a><\/p>\n\n\n\n<p><a href=\"https:\/\/www.ifbaiano.edu.br\/unidades\/itapetinga\/2022\/03\/17\/pregoes-2021\/\" data-type=\"post\" data-id=\"38766\">2021<\/a><\/p>\n\n\n\n<p><a href=\"https:\/\/www.ifbaiano.edu.br\/unidades\/itapetinga\/licitacoes-compras\/pregoes-2020\/\" data-type=\"page\" data-id=\"39719\">2020<\/a><\/p>\n\n\n\n<p><a href=\"https:\/\/www.ifbaiano.edu.br\/unidades\/itapetinga\/licitacoes-compras\/pregoes-2019\/\" data-type=\"page\" data-id=\"35628\">2019<\/a><\/p>\n\n\n\n<p><a href=\"https:\/\/www.ifbaiano.edu.br\/unidades\/itapetinga\/licitacoes-compras\/pregoes-2018\/\" data-type=\"page\" data-id=\"35636\">2018<\/a><\/p>\n\n\n\n<hr class=\"wp-block-separator has-css-opacity\" \/>\n\n\n\n<p class=\"has-medium-font-size\"><strong>Contrata\u00e7\u00f5es<\/strong><\/p>\n\n\n\n<p><a href=\"https:\/\/www.ifbaiano.edu.br\/unidades\/itapetinga\/contratacoes\/\" data-type=\"URL\" data-id=\"https:\/\/www.ifbaiano.edu.br\/unidades\/itapetinga\/contratacoes\/\">Acesse aqui<\/a><\/p>\n\n\n\n<hr class=\"wp-block-separator has-alpha-channel-opacity\" \/>\n\n\n\n<p class=\"has-medium-font-size\"><strong>Compras Diretas<\/strong><\/p>\n\n\n\n<hr class=\"wp-block-separator has-css-opacity\" \/>\n\n\n\n<div class=\"wp-block-group is-layout-flow\"><div class=\"wp-block-group__inner-container\">\n<p class=\"has-medium-font-size\"><strong>Dispensa de<\/strong> <strong>Licita\u00e7\u00e3o<\/strong><\/p>\n\n\n\n<p><a href=\"https:\/\/www.ifbaiano.edu.br\/unidades\/itapetinga\/diretoria-administrativa\/licitacoescompras\/dispensas-de-licitacao-2023\/\" target=\"_blank\" rel=\"noreferrer noopener\">2023<\/a><\/p>\n\n\n\n<p><a href=\"https:\/\/www.ifbaiano.edu.br\/unidades\/itapetinga\/diretoria-administrativa\/licitacoescompras\/dispensas-de-licitacao-2022\/\">2022<\/a><\/p>\n\n\n\n<p><a href=\"https:\/\/www.ifbaiano.edu.br\/unidades\/itapetinga\/2022\/03\/21\/dispensas-de-licitacao-2021\/\">2021<\/a><\/p>\n\n\n\n<p><a href=\"https:\/\/www.ifbaiano.edu.br\/unidades\/itapetinga\/files\/2023\/01\/Dispensa-licitacao-2020.pdf\">2020<\/a><\/p>\n\n\n\n<p><a href=\"https:\/\/www.ifbaiano.edu.br\/unidades\/itapetinga\/files\/2023\/01\/Dispensa-licitacao-2019.pdf\">2019<\/a><\/p>\n\n\n\n<hr class=\"wp-block-separator has-css-opacity\" \/>\n\n\n\n<p class=\"has-medium-font-size\"><strong>Inexigibilidade de Licita\u00e7\u00e3o<\/strong><\/p>\n\n\n\n<p><strong><a href=\"https:\/\/www.ifbaiano.edu.br\/unidades\/itapetinga\/diretoria-administrativa\/licitacoescompras\/inexigibilidade-de-licitacao-2022\/\">2022<\/a><\/strong><\/p>\n\n\n\n<hr class=\"wp-block-separator has-css-opacity\" \/>\n\n\n\n<p class=\"has-medium-font-size\"><strong>Ades\u00e3o \u00e0 Ata de Registro de Pre\u00e7os<\/strong><\/p>\n\n\n\n<p><a href=\"https:\/\/www.ifbaiano.edu.br\/unidades\/itapetinga\/diretoria-administrativa\/licitacoescompras\/adesao-a-ata-de-registro-de-precos-2022\/\">2022<\/a><\/p>\n\n\n\n<hr class=\"wp-block-separator has-alpha-channel-opacity\" \/>\n\n\n\n<p class=\"has-medium-font-size\"><strong>Modelo de Solicita\u00e7\u00e3o de Proposta de Pre\u00e7os<\/strong><\/p>\n\n\n\n<p><a href=\"https:\/\/www.ifbaiano.edu.br\/unidades\/itapetinga\/files\/2024\/10\/MODELO-DE-SOLICITACAO-DE-PROPOSTA-DE-PRECO.docx\" data-type=\"URL\" data-id=\"https:\/\/www.ifbaiano.edu.br\/unidades\/itapetinga\/files\/2024\/10\/MODELO-DE-SOLICITACAO-DE-PROPOSTA-DE-PRECO.docx\" target=\"_blank\" rel=\"noreferrer noopener\">Clique aqui<\/a><\/p>\n\n\n\n<hr class=\"wp-block-separator has-alpha-channel-opacity\" \/>\n\n\n\n<p><\/p>\n<\/div><\/div>\n","protected":false},"excerpt":{"rendered":"<p>E-mail: Licita\u00e7\u00f5es@itapetinga.ifbaiano.edu.br Ramal:211 Preg\u00f5es Eletr\u00f4nicos 2025 2024 2023 2022 2021 2020 2019 2018 Contrata\u00e7\u00f5es Acesse aqui Compras Diretas Dispensa de Licita\u00e7\u00e3o 2023 2022 2021 2020 2019 Inexigibilidade de Licita\u00e7\u00e3o 2022 Ades\u00e3o \u00e0 Ata de Registro de Pre\u00e7os 2022 Modelo de Solicita\u00e7\u00e3o de Proposta de Pre\u00e7os Clique aqui<\/p>\n","protected":false},"author":48,"featured_media":0,"parent":0,"menu_order":1,"comment_status":"open","ping_status":"open","template":"","meta":[],"_links":{"self":[{"href":"https:\/\/www.ifbaiano.edu.br\/unidades\/itapetinga\/wp-json\/wp\/v2\/pages\/32709"}],"collection":[{"href":"https:\/\/www.ifbaiano.edu.br\/unidades\/itapetinga\/wp-json\/wp\/v2\/pages"}],"about":[{"href":"https:\/\/www.ifbaiano.edu.br\/unidades\/itapetinga\/wp-json\/wp\/v2\/types\/page"}],"author":[{"embeddable":true,"href":"https:\/\/www.ifbaiano.edu.br\/unidades\/itapetinga\/wp-json\/wp\/v2\/users\/48"}],"replies":[{"embeddable":true,"href":"https:\/\/www.ifbaiano.edu.br\/unidades\/itapetinga\/wp-json\/wp\/v2\/comments?post=32709"}],"version-history":[{"count":142,"href":"https:\/\/www.ifbaiano.edu.br\/unidades\/itapetinga\/wp-json\/wp\/v2\/pages\/32709\/revisions"}],"predecessor-version":[{"id":44110,"href":"https:\/\/www.ifbaiano.edu.br\/unidades\/itapetinga\/wp-json\/wp\/v2\/pages\/32709\/revisions\/44110"}],"wp:attachment":[{"href":"https:\/\/www.ifbaiano.edu.br\/unidades\/itapetinga\/wp-json\/wp\/v2\/media?parent=32709"}],"curies":[{"name":"wp","href":"https:\/\/api.w.org\/{rel}","templated":true}]}}