{"id":35253,"date":"2018-06-28T15:06:14","date_gmt":"2018-06-28T18:06:14","guid":{"rendered":"http:\/\/www.ifbaiano.edu.br\/unidades\/itapetinga\/?page_id=35253"},"modified":"2023-02-14T09:58:05","modified_gmt":"2023-02-14T12:58:05","slug":"secretaria-de-registros-academicos","status":"publish","type":"page","link":"https:\/\/www.ifbaiano.edu.br\/unidades\/itapetinga\/secretaria-de-registros-academicos\/","title":{"rendered":"Secretaria de Registros Acad\u00eamicos"},"content":{"rendered":"\n<div class=\"wp-block-columns is-layout-flex wp-container-2\">\n<div class=\"wp-block-column is-layout-flow\">\n<p>A Secretaria de Registros Acad\u00eamicos (SRA) \u00e9 um setor vinculado \u00e0 Dire\u00e7\u00e3o Acad\u00eamica, respons\u00e1vel pelo registro, verifica\u00e7\u00e3o, controle, manuten\u00e7\u00e3o e arquivamento documentos que integram a vida acad\u00eamica dos discentes, desde o ingresso na institui\u00e7\u00e3o at\u00e9 a conclus\u00e3o do curso; receber protocolos acad\u00eamicos referentes \u00e0 solicita\u00e7\u00f5es discentes;&nbsp;tramitar as solicita\u00e7\u00f5es discentes: declara\u00e7\u00f5es, hist\u00f3rico escolar, diplomas e outros renova\u00e7\u00e3o de matr\u00edcula, trancamento de matr\u00edcula, mudan\u00e7a de turno, <em>aproveitamento de estudos,<\/em> exerc\u00edcio domiciliar, revis\u00e3o de avalia\u00e7\u00e3o, segunda chamada de avalia\u00e7\u00f5es, cola\u00e7\u00e3o de grau e demais documentos referentes \u00e0 quest\u00f5es acad\u00eamicas. Compete ainda \u00e0 SRA realizar atendimentos a servidores, discentes e \u00e0 comunidade externa fornecendo informa\u00e7\u00f5es e encaminhando solicita\u00e7\u00f5es.<\/p>\n\n\n\n<p>Toda solicita\u00e7\u00e3o dos alunos, deve ser feita mediamente requerimento especifico a ser preenchido e entregue na Secretaria de Registros Acad\u00eamicos, que o encaminhar\u00e1 aos setores competentes. Devem ser anexados ao requerimento documentos que comprovem e justifiquem, quando for o caso, os motivos da solicita\u00e7\u00e3o, respeitadas as datas e os prazos estabelecidos.<\/p>\n\n\n\n<p><strong>O ALUNO, POSTERIORMENTE, DEVER\u00c1 RETORNAR \u00c0 SECRETARIA DO CURSO PARA SABER SE O PEDIDO FOI ACEITO (DEFERIDO) OU N\u00c3O ACEITO (INDEFERIDO)<\/strong><\/p>\n\n\n\n<p><\/p>\n\n\n\n<p class=\"has-text-align-center\"><strong>Documentos importantes<\/strong><\/p>\n\n\n\n<ul><li><strong><a href=\"http:\/\/www.ifbaiano.edu.br\/unidades\/itapetinga\/files\/2018\/06\/Rela\u00e7\u00e3o-de-Documentos-para-Matr\u00edcula-de-Novos-Alunos-1.pdf\" data-type=\"URL\" data-id=\"http:\/\/www.ifbaiano.edu.br\/unidades\/itapetinga\/files\/2018\/06\/Rela\u00e7\u00e3o-de-Documentos-para-Matr\u00edcula-de-Novos-Alunos-1.pdf\">Formul\u00e1rio de Requerimento<\/a><\/strong><\/li><li><strong><a href=\"http:\/\/www.ifbaiano.edu.br\/unidades\/itapetinga\/files\/2018\/06\/Rela\u00e7\u00e3o-de-Documentos-para-Matr\u00edcula-de-Novos-Alunos-1.pdf\" data-type=\"URL\" data-id=\"http:\/\/www.ifbaiano.edu.br\/unidades\/itapetinga\/files\/2018\/06\/Rela\u00e7\u00e3o-de-Documentos-para-Matr\u00edcula-de-Novos-Alunos-1.pdf\">Rela\u00e7\u00e3o Documentos para Matr\u00edcula Alunos Novos<\/a><\/strong><\/li><\/ul>\n<\/div>\n<\/div>\n\n\n\n<p class=\"has-black-color has-text-color has-medium-font-size\"><strong>Hor\u00e1rio de funcionamento<\/strong><\/p>\n\n\n\n<p>Segunda-feira \u00e0 Sexta-feita das<strong> 07h30<\/strong>min \u00e0s <strong>20h00<\/strong>min.<\/p>\n\n\n\n<p class=\"has-text-align-center has-black-color has-text-color has-medium-font-size\"><strong>Algumas Especificidades<\/strong><\/p>\n\n\n\n<div class=\"wp-block-columns is-layout-flex wp-container-5\">\n<div class=\"wp-block-column is-layout-flow\">\n<p> <strong style=\"font-size: revert;color: initial\">Matr\u00edcula<\/strong> <\/p>\n\n\n\n<p> A matr\u00edcula \u00e9 o ato formal pelo qual se inicia a vincula\u00e7\u00e3o acad\u00eamica do estudante \u00e0 Institui\u00e7\u00e3o de Ensino. Ela pode ser efetuada pelo estudante, por seu respons\u00e1vel legal ou por procurador legalmente constitu\u00eddo. <\/p>\n\n\n\n<p> <strong style=\"font-size: revert;color: initial\">Renova\u00e7\u00e3o de matr\u00edcula<\/strong><\/p>\n\n\n\n<p> A matr\u00edcula dever\u00e1 ser renovada a cada novo per\u00edodo letivo, sendo que a n\u00e3o renova\u00e7\u00e3o da matr\u00edcula pelo estudante, sem justificativa legal, caracterizar\u00e1 o abandono do curso e consequente desvincula\u00e7\u00e3o da institui\u00e7\u00e3o. Para efetivar a renova\u00e7\u00e3o da matr\u00edcula, o estudante ou seu respons\u00e1vel dever\u00e1 se apresentar \u00e0 SRA portando o requerimento e a carteira de identidade.<\/p>\n\n\n\n<p> <strong style=\"font-size: revert;color: initial\">Mudan\u00e7a de turno<\/strong><span style=\"font-size: revert;color: initial\"> (apenas para alunos do subsequente)<\/span>   <\/p>\n\n\n\n<p>O aluno poder\u00e1 requerer mudan\u00e7a de turno, desde que sejam atendidos o seguinte requisito:<\/p>\n\n\n\n<p>Impossibilidade comprovada de frequentar as aulas no turno em que esteja matriculado por problemas de sa\u00fade, por motivo de trabalho ou por quest\u00e3o disciplinar ou pedag\u00f3gica.<\/p>\n\n\n\n<p> <strong style=\"font-size: revert;color: initial\">Exerc\u00edcio domiciliar<\/strong> <\/p>\n\n\n\n<p>O exerc\u00edcio domiciliar corresponde a equival\u00eancia de estudos, por aus\u00eancia \u00e0s aulas, concedida ao estudante amparado pelo Decreto Lei n\u00ba 1.044\/69 e pela Lei n\u00ba 6.202\/75.<\/p>\n\n\n\n<p>Para requerer o exerc\u00edcio domiciliar, o estudante dever\u00e1 preencher formul\u00e1rio na SRA e instru\u00ed-lo com laudo m\u00e9dico que comprove uma das situa\u00e7\u00f5es estabelecidas pelo Decreto Lei n\u00ba 1.044\/69 e na Lei n\u00ba 6.202\/75.<\/p>\n<\/div>\n\n\n\n<div class=\"wp-block-column is-layout-flow\">\n<p> <strong style=\"font-size: revert;color: initial\">Trancamento de matr\u00edcula<\/strong><span style=\"font-size: revert;color: initial\"> (apenas para alunos do subsequente)<\/span> <\/p>\n\n\n\n<p> O trancamento da matr\u00edcula poder\u00e1 ser feito atrav\u00e9s de requerimento do estudante, para interrup\u00e7\u00e3o tempor\u00e1ria dos estudos, respeitados o processo legal e os prazos estabelecidos. <\/p>\n\n\n\n<p> <strong style=\"font-size: revert;color: initial\">Aproveitamento de estudos<\/strong><span style=\"font-size: revert;color: initial\"> (apenas para alunos do subsequente)<\/span> <\/p>\n\n\n\n<p>O aproveitamento de estudos \u00e9 o processo de reconhecimento de componentes curriculares cursados com aprova\u00e7\u00e3o em cursos de EPTNM, desde que diretamente relacionados com o perfil profissional de conclus\u00e3o da respectiva habilita\u00e7\u00e3o profissional.<\/p>\n\n\n\n<p>Para esta solicita\u00e7\u00e3o, o estudante dever\u00e1 adotar os procedimentos a seguir:<\/p>\n\n\n\n<p>1. Preencher na SRA formul\u00e1rio pr\u00f3prio, especificando o(s) componente(s) curricular(es) pretendido(s); e<\/p>\n\n\n\n<p>2. Anexar os seguintes documentos devidamente autenticados e assinados pela Institui\u00e7\u00e3o de origem: Hist\u00f3rico Escolar e Plano de Curso da EPTNM, no qual est\u00e1 inserida a qualifica\u00e7\u00e3o, aprovado pelos \u00f3rg\u00e3os competentes do sistema de ensino, ou programa dos componentes curriculares cursados com aprova\u00e7\u00e3o, com registro de carga hor\u00e1ria total das aulas te\u00f3ricas e pr\u00e1ticas.<\/p>\n\n\n\n<p> <strong style=\"font-size: revert;color: initial\">Revis\u00e3o de avalia\u00e7\u00e3o<\/strong> <\/p>\n\n\n\n<p> O estudante ter\u00e1 direito \u00e0 revis\u00e3o da avalia\u00e7\u00e3o, atrav\u00e9s de requerimento \u00e0 SRA, no prazo de at\u00e9 dois dias \u00fateis, ap\u00f3s a divulga\u00e7\u00e3o do resultado. <\/p>\n\n\n\n<p><strong style=\"font-size: revert;color: initial\">Segunda chamada de avalia\u00e7\u00e3o<\/strong> <\/p>\n\n\n\n<p> O estudante que faltar a qualquer das avalia\u00e7\u00f5es da aprendizagem tem direito \u00e0 segunda chamada. A segunda chamada de avalia\u00e7\u00e3o dever\u00e1 ser solicitada na SRA, por meio do preenchimento de requerimento no prazo de at\u00e9 um dia \u00fatil, ap\u00f3s o t\u00e9rmino do afastamento, desde que comprove, atrav\u00e9s de documentos o motivo do afastamento. <\/p>\n<\/div>\n<\/div>\n\n\n\n<p><\/p>\n\n\n\n<p class=\"has-text-align-center\"><strong>PRAZOS PARA EMISS\u00c3O E SOLICITA\u00c7\u00c3O DE DOCUMENTOS NA SRA<\/strong><\/p>\n\n\n\n<div class=\"wp-block-image\"><figure class=\"aligncenter size-large\"><img decoding=\"async\" loading=\"lazy\" width=\"584\" height=\"472\" src=\"https:\/\/www.ifbaiano.edu.br\/unidades\/itapetinga\/files\/2020\/10\/SRA-pz-docs.png\" alt=\"\" class=\"wp-image-37026\" \/><\/figure><\/div>\n\n\n\n<p><\/p>\n","protected":false},"excerpt":{"rendered":"<p>A Secretaria de Registros Acad\u00eamicos (SRA) \u00e9 um setor vinculado \u00e0 Dire\u00e7\u00e3o Acad\u00eamica, respons\u00e1vel pelo registro, verifica\u00e7\u00e3o, controle, manuten\u00e7\u00e3o e arquivamento documentos que integram a vida acad\u00eamica dos discentes, desde o ingresso na institui\u00e7\u00e3o at\u00e9 a conclus\u00e3o do curso; receber protocolos acad\u00eamicos referentes \u00e0 solicita\u00e7\u00f5es discentes;&nbsp;tramitar as solicita\u00e7\u00f5es discentes: declara\u00e7\u00f5es, hist\u00f3rico escolar, diplomas e outros [&hellip;]<\/p>\n","protected":false},"author":158,"featured_media":0,"parent":0,"menu_order":0,"comment_status":"closed","ping_status":"closed","template":"","meta":[],"_links":{"self":[{"href":"https:\/\/www.ifbaiano.edu.br\/unidades\/itapetinga\/wp-json\/wp\/v2\/pages\/35253"}],"collection":[{"href":"https:\/\/www.ifbaiano.edu.br\/unidades\/itapetinga\/wp-json\/wp\/v2\/pages"}],"about":[{"href":"https:\/\/www.ifbaiano.edu.br\/unidades\/itapetinga\/wp-json\/wp\/v2\/types\/page"}],"author":[{"embeddable":true,"href":"https:\/\/www.ifbaiano.edu.br\/unidades\/itapetinga\/wp-json\/wp\/v2\/users\/158"}],"replies":[{"embeddable":true,"href":"https:\/\/www.ifbaiano.edu.br\/unidades\/itapetinga\/wp-json\/wp\/v2\/comments?post=35253"}],"version-history":[{"count":36,"href":"https:\/\/www.ifbaiano.edu.br\/unidades\/itapetinga\/wp-json\/wp\/v2\/pages\/35253\/revisions"}],"predecessor-version":[{"id":40445,"href":"https:\/\/www.ifbaiano.edu.br\/unidades\/itapetinga\/wp-json\/wp\/v2\/pages\/35253\/revisions\/40445"}],"wp:attachment":[{"href":"https:\/\/www.ifbaiano.edu.br\/unidades\/itapetinga\/wp-json\/wp\/v2\/media?parent=35253"}],"curies":[{"name":"wp","href":"https:\/\/api.w.org\/{rel}","templated":true}]}}