{"id":41910,"date":"2024-03-21T07:43:02","date_gmt":"2024-03-21T10:43:02","guid":{"rendered":"https:\/\/www.ifbaiano.edu.br\/unidades\/itapetinga\/?page_id=41910"},"modified":"2025-05-27T21:02:15","modified_gmt":"2025-05-28T00:02:15","slug":"guia-do-usuario","status":"publish","type":"page","link":"https:\/\/www.ifbaiano.edu.br\/unidades\/itapetinga\/biblioteca\/guia-do-usuario\/","title":{"rendered":"Guia do Usu\u00e1rio"},"content":{"rendered":"\n<p>Guia do usu\u00e1rio(a) conforme o Regulamento Unificado das Bibliotecas do IF baiano, que pode ser acessado<strong> <\/strong><strong><a href=\"https:\/\/www.ifbaiano.edu.br\/unidades\/itapetinga\/files\/2024\/03\/Regimento-Geral-das-Bibliotecas.pdf\"><strong>aqui<\/strong><\/a><\/strong><strong>:<\/strong><\/p>\n\n\n\n<p><a><\/a> <strong>Empr\u00e9stimo domiciliar <\/strong>\u2013 Os usu\u00e1rios da biblioteca (devidamente cadastrados) podem realizar o empr\u00e9stimo domiciliar de at\u00e9 03 (tr\u00eas) obras de diferentes t\u00edtulos por um per\u00edodo de 07 (sete) dias corridos.<\/p>\n\n\n\n<p><strong>Consulta local \u2013 <\/strong>Est\u00e1 dispon\u00edvel para o p\u00fablico em geral. O usu\u00e1rio tem acesso \u00e0s estantes, peri\u00f3dicos, livros, mapas dentre outros materiais dispon\u00edveis.<\/p>\n\n\n\n<p><strong>Reserva de Exemplar<\/strong><\/p>\n\n\n\n<p>Voc\u00ea pode reservar livros diretamente pelo Sistema Pergamum, de forma pr\u00e1tica e on-line. A reserva pode ser feita a qualquer momento, pelo seu dispositivo, sem precisar ir at\u00e9 a Biblioteca do Campus. Para saber como, <a href=\"https:\/\/www.canva.com\/design\/DAGmlPQ8WPE\/9x2Ihd7jpmDvgWm6C2NfoQ\/view?utm_content=DAGmlPQ8WPE&amp;utm_campaign=designshare&amp;utm_medium=link2&amp;utm_source=uniquelinks&amp;utlId=hc52981a3b0\" data-type=\"URL\" data-id=\"https:\/\/www.canva.com\/design\/DAGmlPQ8WPE\/9x2Ihd7jpmDvgWm6C2NfoQ\/view?utm_content=DAGmlPQ8WPE&amp;utm_campaign=designshare&amp;utm_medium=link2&amp;utm_source=uniquelinks&amp;utlId=hc52981a3b0\">clique aqui<\/a>.<\/p>\n\n\n\n<p><strong>Renova\u00e7\u00e3o online<\/strong><\/p>\n\n\n\n<p>A obra pode ser renovada pela internet, por meio do <a href=\"https:\/\/pergamum.ifbaiano.edu.br\/\"><strong>Pergamum<\/strong><\/a>, estando dentro do prazo de devolu\u00e7\u00e3o por at\u00e9 tr\u00eas vezes consecutivas, exceto:<\/p>\n\n\n\n<p>\u2022 Prazo de devolu\u00e7\u00e3o vencido \u2013 n\u00e3o ser\u00e1 poss\u00edvel efetivar a renova\u00e7\u00e3o.<\/p>\n\n\n\n<p>\u2022 Dentro do prazo de devolu\u00e7\u00e3o \/ obra reservada \u2013 a renova\u00e7\u00e3o n\u00e3o \u00e9 permitida.<\/p>\n\n\n\n<p><strong>Renova\u00e7\u00e3o no Balc\u00e3o de atendimento<\/strong><\/p>\n\n\n\n<p>A renova\u00e7\u00e3o pode ser feita no balc\u00e3o de atendimento da biblioteca. Para isso, ser\u00e1 necess\u00e1rio apresentar a obra.<\/p>\n\n\n\n<p><strong>Penalidade<\/strong><\/p>\n\n\n\n<p>O usu\u00e1rio \u00e9 respons\u00e1vel pelas obras em seu poder e tem a obriga\u00e7\u00e3o de devolv\u00ea-las dentro do prazo. Caso isso n\u00e3o ocorra, aqueles com obras em atraso ficam suspensos do servi\u00e7o de empr\u00e9stimo domiciliar.<\/p>\n\n\n\n<p>Conforme prev\u00ea o art. 23 do Regulamento Geral das Bibliotecas do IF Baiano, o usu\u00e1rio \u201cindenizar\u00e1 obrigatoriamente a biblioteca, mediante substitui\u00e7\u00e3o do mesmo material\u201d em casos de danos e\/ou extravio.<\/p>\n\n\n\n<p>A substitui\u00e7\u00e3o do material dever\u00e1 ocorrer no prazo de 30 dias corridos.<\/p>\n\n\n\n<p><strong>FICHA CATALOGR\u00c1FICA<\/strong><\/p>\n\n\n\n<p>A Cataloga\u00e7\u00e3o na Fonte \u00e9 a elabora\u00e7\u00e3o da ficha catalogr\u00e1fica impressa no verso da p\u00e1gina de rosto de um livro, tese ou disserta\u00e7\u00e3o. Essa ficha, recomendada pela ABNT, deve ser feita quando a obra est\u00e1 em fase de impress\u00e3o e \u00e9 obrigat\u00f3ria para efeito de dep\u00f3sito legal.<\/p>\n\n\n\n<p>\u00bbFormul\u00e1rio online para solicita\u00e7\u00e3o da ficha catalogr\u00e1fica, <a href=\"https:\/\/pergamum.ifbaiano.edu.br\/meupergamum\/ficha-catalografica\">clique<\/a>aqui<\/p>\n\n\n\n<p>A ficha catalogr\u00e1fica ficar\u00e1 pronta em at\u00e9 05 (cinco) dias.<\/p>\n\n\n\n<p>D\u00favidas com rela\u00e7\u00e3o ao preenchimento, <a href=\"https:\/\/recuperacaodesenha.my.canva.site\/fichacatalografica\" target=\"_blank\" rel=\"noreferrer noopener\"><strong>clique aqui.<\/strong><\/a><\/p>\n\n\n\n<p><strong>Informa\u00e7\u00f5es: <\/strong>biblioteca@itapetinga.ifbaiano.edu.br<\/p>\n\n\n\n<p> <\/p>\n","protected":false},"excerpt":{"rendered":"<p>Guia do usu\u00e1rio(a) conforme o Regulamento Unificado das Bibliotecas do IF baiano, que pode ser acessado aqui: Empr\u00e9stimo domiciliar \u2013 Os usu\u00e1rios da biblioteca (devidamente cadastrados) podem realizar o empr\u00e9stimo domiciliar de at\u00e9 03 (tr\u00eas) obras de diferentes t\u00edtulos por um per\u00edodo de 07 (sete) dias corridos. Consulta local \u2013 Est\u00e1 dispon\u00edvel para o p\u00fablico [&hellip;]<\/p>\n","protected":false},"author":158,"featured_media":0,"parent":42524,"menu_order":0,"comment_status":"closed","ping_status":"closed","template":"","meta":[],"_links":{"self":[{"href":"https:\/\/www.ifbaiano.edu.br\/unidades\/itapetinga\/wp-json\/wp\/v2\/pages\/41910"}],"collection":[{"href":"https:\/\/www.ifbaiano.edu.br\/unidades\/itapetinga\/wp-json\/wp\/v2\/pages"}],"about":[{"href":"https:\/\/www.ifbaiano.edu.br\/unidades\/itapetinga\/wp-json\/wp\/v2\/types\/page"}],"author":[{"embeddable":true,"href":"https:\/\/www.ifbaiano.edu.br\/unidades\/itapetinga\/wp-json\/wp\/v2\/users\/158"}],"replies":[{"embeddable":true,"href":"https:\/\/www.ifbaiano.edu.br\/unidades\/itapetinga\/wp-json\/wp\/v2\/comments?post=41910"}],"version-history":[{"count":9,"href":"https:\/\/www.ifbaiano.edu.br\/unidades\/itapetinga\/wp-json\/wp\/v2\/pages\/41910\/revisions"}],"predecessor-version":[{"id":44287,"href":"https:\/\/www.ifbaiano.edu.br\/unidades\/itapetinga\/wp-json\/wp\/v2\/pages\/41910\/revisions\/44287"}],"up":[{"embeddable":true,"href":"https:\/\/www.ifbaiano.edu.br\/unidades\/itapetinga\/wp-json\/wp\/v2\/pages\/42524"}],"wp:attachment":[{"href":"https:\/\/www.ifbaiano.edu.br\/unidades\/itapetinga\/wp-json\/wp\/v2\/media?parent=41910"}],"curies":[{"name":"wp","href":"https:\/\/api.w.org\/{rel}","templated":true}]}}