{"id":41971,"date":"2024-03-21T09:25:52","date_gmt":"2024-03-21T12:25:52","guid":{"rendered":"https:\/\/www.ifbaiano.edu.br\/unidades\/itapetinga\/?page_id=41971"},"modified":"2025-01-24T14:50:28","modified_gmt":"2025-01-24T17:50:28","slug":"lato-sensu-leitura-e-producao-textual","status":"publish","type":"page","link":"https:\/\/www.ifbaiano.edu.br\/unidades\/itapetinga\/cursos-lato-sensu\/lato-sensu-leitura-e-producao-textual\/","title":{"rendered":"Leitura e Produ\u00e7\u00e3o Textual Aplicadas \u00e0 EJA"},"content":{"rendered":"\n<p><strong>P\u00d3S-GRADUA\u00c7\u00c3O&nbsp;LATO SENSU&nbsp;EM LEITURA E PRODU\u00c7\u00c3O TEXTUAL APLICADAS \u00c0 EDUCA\u00c7\u00c3O DE JOVENS E ADULTO<\/strong>S<\/p>\n\n\n\n<p><em><strong>Qual o objetivo do curso?<\/strong><\/em><\/p>\n\n\n\n<p>Formar profissionais para atuar com efici\u00eancia na doc\u00eancia em cursos de Educa\u00e7\u00e3o de Jovens e Adultos \u2013 EJA, mediante postura cr\u00edtico-reflexiva voltada para leitura e produ\u00e7\u00e3o de textos, que permita atender as especificidades dessa modalidade de ensino, considerando as peculiaridades, as circunst\u00e2ncias particulares e as situa\u00e7\u00f5es contextuais concretas, a fim de potencializar todos os recursos dispon\u00edveis para a promo\u00e7\u00e3o da aprendizagem dos alunos da EJA.<\/p>\n\n\n\n<p><em><strong>Quem pode se inscrever?<\/strong><\/em><\/p>\n\n\n\n<p>Professores das redes p\u00fablicas de ensino em exerc\u00edcio na Educa\u00e7\u00e3o de Jovens e Adultos, portadores de diploma de Curso Superior; profissionais formados em Pedagogia ou licenciaturas nas \u00e1reas de Ci\u00eancias Humanas (Hist\u00f3ria, Geografia, Sociologia ou Filosofia), Linguagens (Letras, L\u00edngua Estrangeira ou Artes).<\/p>\n\n\n\n<p><em><strong>Qual a carga hor\u00e1ria do curso?<\/strong><\/em><\/p>\n\n\n\n<p>420 horas<\/p>\n\n\n\n<p><em><strong>Quando s\u00e3o as aulas?<\/strong><\/em><\/p>\n\n\n\n<p>Geralmente quinzenais, \u00e0s sextas-feiras \u00e0 noite e s\u00e1bados manh\u00e3 e tarde;<\/p>\n\n\n\n<p><em><strong>Onde posso obter mais informa\u00e7\u00f5es?<\/strong><\/em><\/p>\n\n\n\n<p>especializacao.lpt@itapetinga.ifbaiano.edu.br<\/p>\n\n\n\n<figure class=\"wp-block-image size-full\"><a href=\"https:\/\/www.ifbaiano.edu.br\/unidades\/itapetinga\/files\/2024\/05\/image-2.png\"><img decoding=\"async\" loading=\"lazy\" width=\"665\" height=\"540\" src=\"https:\/\/www.ifbaiano.edu.br\/unidades\/itapetinga\/files\/2024\/05\/image-2.png\" alt=\"\" class=\"wp-image-42350\" \/><\/a><\/figure>\n\n\n\n<hr class=\"wp-block-separator has-alpha-channel-opacity\" \/>\n\n\n\n<p class=\"has-small-font-size\">Editais e Documentos<\/p>\n\n\n\n<p><strong><a href=\"https:\/\/www.ifbaiano.edu.br\/unidades\/itapetinga\/files\/2024\/05\/Informacoes-Pos-Leitura.pdf\" data-type=\"URL\" data-id=\"https:\/\/www.ifbaiano.edu.br\/unidades\/itapetinga\/files\/2024\/05\/Informacoes-Pos-Leitura.pdf\">Informa\u00e7\u00f5es<\/a><\/strong><\/p>\n\n\n\n<p><a href=\"https:\/\/www.ifbaiano.edu.br\/unidades\/itapetinga\/files\/2022\/07\/EDITAL-Retificacao-do-Edital-no-91.pdf\">EDITAL-Retifica\u00e7\u00e3o-do-Edital-no-91<\/a><a href=\"https:\/\/www.ifbaiano.edu.br\/unidades\/itapetinga\/files\/2022\/07\/EDITAL-Retificacao-do-Edital-no-91.pdf\">Baixar<\/a><\/p>\n","protected":false},"excerpt":{"rendered":"<p>P\u00d3S-GRADUA\u00c7\u00c3O&nbsp;LATO SENSU&nbsp;EM LEITURA E PRODU\u00c7\u00c3O TEXTUAL APLICADAS \u00c0 EDUCA\u00c7\u00c3O DE JOVENS E ADULTOS Qual o objetivo do curso? Formar profissionais para atuar com efici\u00eancia na doc\u00eancia em cursos de Educa\u00e7\u00e3o de Jovens e Adultos \u2013 EJA, mediante postura cr\u00edtico-reflexiva voltada para leitura e produ\u00e7\u00e3o de textos, que permita atender as especificidades dessa modalidade de ensino, [&hellip;]<\/p>\n","protected":false},"author":158,"featured_media":0,"parent":41966,"menu_order":0,"comment_status":"closed","ping_status":"closed","template":"","meta":[],"_links":{"self":[{"href":"https:\/\/www.ifbaiano.edu.br\/unidades\/itapetinga\/wp-json\/wp\/v2\/pages\/41971"}],"collection":[{"href":"https:\/\/www.ifbaiano.edu.br\/unidades\/itapetinga\/wp-json\/wp\/v2\/pages"}],"about":[{"href":"https:\/\/www.ifbaiano.edu.br\/unidades\/itapetinga\/wp-json\/wp\/v2\/types\/page"}],"author":[{"embeddable":true,"href":"https:\/\/www.ifbaiano.edu.br\/unidades\/itapetinga\/wp-json\/wp\/v2\/users\/158"}],"replies":[{"embeddable":true,"href":"https:\/\/www.ifbaiano.edu.br\/unidades\/itapetinga\/wp-json\/wp\/v2\/comments?post=41971"}],"version-history":[{"count":10,"href":"https:\/\/www.ifbaiano.edu.br\/unidades\/itapetinga\/wp-json\/wp\/v2\/pages\/41971\/revisions"}],"predecessor-version":[{"id":43880,"href":"https:\/\/www.ifbaiano.edu.br\/unidades\/itapetinga\/wp-json\/wp\/v2\/pages\/41971\/revisions\/43880"}],"up":[{"embeddable":true,"href":"https:\/\/www.ifbaiano.edu.br\/unidades\/itapetinga\/wp-json\/wp\/v2\/pages\/41966"}],"wp:attachment":[{"href":"https:\/\/www.ifbaiano.edu.br\/unidades\/itapetinga\/wp-json\/wp\/v2\/media?parent=41971"}],"curies":[{"name":"wp","href":"https:\/\/api.w.org\/{rel}","templated":true}]}}