{"id":42076,"date":"2024-04-04T13:43:57","date_gmt":"2024-04-04T16:43:57","guid":{"rendered":"https:\/\/www.ifbaiano.edu.br\/unidades\/itapetinga\/?page_id=42076"},"modified":"2025-01-28T14:25:46","modified_gmt":"2025-01-28T17:25:46","slug":"atas-de-reunioes-cpa-2023","status":"publish","type":"page","link":"https:\/\/www.ifbaiano.edu.br\/unidades\/itapetinga\/comissao-propria-de-avaliacao\/atas-de-reunioes-cpa-2023\/","title":{"rendered":"Atas de Reuni\u00f5es \u2013 CPA 2023"},"content":{"rendered":"\n<p><strong><a href=\"https:\/\/www.ifbaiano.edu.br\/unidades\/itapetinga\/files\/2024\/04\/Ata-da-Reuniao-com-a-DG-2023-CPA.pdf\" data-type=\"URL\" data-id=\"https:\/\/www.ifbaiano.edu.br\/unidades\/itapetinga\/files\/2024\/04\/Ata-da-Reuniao-com-a-DG-2023-CPA.pdf\">ATA DA REUNI\u00c3O COM A DIRE\u00c7\u00c3O GERAL -2023<\/a><\/strong><\/p>\n\n\n\n<hr class=\"wp-block-separator has-alpha-channel-opacity\" \/>\n\n\n\n<p><a href=\"https:\/\/www.ifbaiano.edu.br\/unidades\/itapetinga\/files\/2024\/04\/Ata-da-reuniao-ordinaria-2023-CPA.pdf\"><strong>ATA DA REUNI\u00c3O ORDIN\u00c1RIA-2023<\/strong><\/a><\/p>\n\n\n\n<hr class=\"wp-block-separator has-alpha-channel-opacity\" \/>\n\n\n\n<p><a href=\"https:\/\/www.ifbaiano.edu.br\/unidades\/itapetinga\/files\/2024\/04\/Ata-da-reuniao-com-a-DG-DAC-e-DA-2023-CPA.pdf\"><strong>ATA DA 1\u00aa REUNI\u00c3O COM AS DIRE\u00c7\u00d5ES &#8211; 2023<\/strong><\/a><\/p>\n","protected":false},"excerpt":{"rendered":"<p>ATA DA REUNI\u00c3O COM A DIRE\u00c7\u00c3O GERAL -2023 ATA DA REUNI\u00c3O ORDIN\u00c1RIA-2023 ATA DA 1\u00aa REUNI\u00c3O COM AS DIRE\u00c7\u00d5ES &#8211; 2023<\/p>\n","protected":false},"author":158,"featured_media":0,"parent":40804,"menu_order":0,"comment_status":"closed","ping_status":"closed","template":"","meta":[],"_links":{"self":[{"href":"https:\/\/www.ifbaiano.edu.br\/unidades\/itapetinga\/wp-json\/wp\/v2\/pages\/42076"}],"collection":[{"href":"https:\/\/www.ifbaiano.edu.br\/unidades\/itapetinga\/wp-json\/wp\/v2\/pages"}],"about":[{"href":"https:\/\/www.ifbaiano.edu.br\/unidades\/itapetinga\/wp-json\/wp\/v2\/types\/page"}],"author":[{"embeddable":true,"href":"https:\/\/www.ifbaiano.edu.br\/unidades\/itapetinga\/wp-json\/wp\/v2\/users\/158"}],"replies":[{"embeddable":true,"href":"https:\/\/www.ifbaiano.edu.br\/unidades\/itapetinga\/wp-json\/wp\/v2\/comments?post=42076"}],"version-history":[{"count":4,"href":"https:\/\/www.ifbaiano.edu.br\/unidades\/itapetinga\/wp-json\/wp\/v2\/pages\/42076\/revisions"}],"predecessor-version":[{"id":42086,"href":"https:\/\/www.ifbaiano.edu.br\/unidades\/itapetinga\/wp-json\/wp\/v2\/pages\/42076\/revisions\/42086"}],"up":[{"embeddable":true,"href":"https:\/\/www.ifbaiano.edu.br\/unidades\/itapetinga\/wp-json\/wp\/v2\/pages\/40804"}],"wp:attachment":[{"href":"https:\/\/www.ifbaiano.edu.br\/unidades\/itapetinga\/wp-json\/wp\/v2\/media?parent=42076"}],"curies":[{"name":"wp","href":"https:\/\/api.w.org\/{rel}","templated":true}]}}