{"id":42419,"date":"2024-07-26T12:57:32","date_gmt":"2024-07-26T15:57:32","guid":{"rendered":"https:\/\/www.ifbaiano.edu.br\/unidades\/itapetinga\/?page_id=42419"},"modified":"2024-07-26T13:05:24","modified_gmt":"2024-07-26T16:05:24","slug":"processo-seletivo-simplificado-para-contratacao-de-professor-substituto-campus-itapetinga","status":"publish","type":"page","link":"https:\/\/www.ifbaiano.edu.br\/unidades\/itapetinga\/processo-seletivo-simplificado-para-contratacao-de-professor-substituto-campus-itapetinga\/","title":{"rendered":"PROCESSO SELETIVO SIMPLIFICADO PARA CONTRATA\u00c7\u00c3O DE PROFESSOR SUBSTITUTO CAMPUS ITAPETINGA"},"content":{"rendered":"\n<p>O SUBSTITUTO DO REITOR DO INSTITUTO FEDERAL DE EDUCA\u00c7\u00c3O, CI\u00caNCIA E TECNOLOGIA BAIANO , no<br>uso das suas atribui\u00e7\u00f5es delegadas pela Portaria n\u00ba 1352, de 21\/05\/2018, publicada no DOU de 22\/05\/2018, Se\u00e7\u00e3o 2, p\u00e1gina 23, e de acordo com as disposi\u00e7\u00f5es consolidadas na Lei n\u00ba 11.892, de 29\/12\/2008, e na Lei n\u00ba 8.112\/90, e de acordo com o disposto no artigo 37, inciso IX da Constitui\u00e7\u00e3o Federal, dos preceitos espec\u00edficos da Lei n\u00ba 8.745, de 09.12.93 (DOU de 10\/12\/93) com suas altera\u00e7\u00f5es e do disposto no artigo 07, inciso II do Decreto n\u00ba 7.312, de 22.09.10 (DOU de 23\/09\/10), torna p\u00fablica a realiza\u00e7\u00e3o de Processo Seletivo Simplificado, dirigido \u00e0 contrata\u00e7\u00e3o, por tempo determinado, de Professor Substituto &#8211; \u00e1rea de Meio Ambiente, conforme condi\u00e7\u00f5es estabelecidas neste Edital.<\/p>\n\n\n\n<hr class=\"wp-block-separator has-alpha-channel-opacity\" \/>\n\n\n\n<p><strong>Inscri\u00e7\u00f5es: 22\/06\/24 a 14\/07\/24<\/strong><\/p>\n\n\n\n<p>Para realiza\u00e7\u00e3o da inscri\u00e7\u00e3o no processo seletivo, o(a) candidato(a) dever\u00e1 enviar a documenta\u00e7\u00e3o exigida por e-mail, em formato PDF, para o endere\u00e7o eletr\u00f4nico&nbsp;<strong>professor.substituto@itapetinga.ifbaiano.edu.br<\/strong><\/p>\n\n\n\n<hr class=\"wp-block-separator has-alpha-channel-opacity\" \/>\n\n\n\n<p><strong>Edital e Publica\u00e7\u00f5es<\/strong><\/p>\n\n\n\n<p><a href=\"https:\/\/www.ifbaiano.edu.br\/unidades\/itapetinga\/files\/2024\/07\/Resultado-Preliminar-Professor-Substituto-Meio-Ambiente.pdf\" data-type=\"URL\" data-id=\"https:\/\/www.ifbaiano.edu.br\/unidades\/itapetinga\/files\/2024\/07\/Resultado-Preliminar-Professor-Substituto-Meio-Ambiente.pdf\">Resultado Preliminar Prova de Desempenho<\/a><\/p>\n\n\n\n<p><a href=\"https:\/\/www.ifbaiano.edu.br\/unidades\/itapetinga\/files\/2024\/07\/EDITAL-PROF-SUBSTITUTO-MEIO-AMBIENTE.pdf\" data-type=\"URL\" data-id=\"https:\/\/www.ifbaiano.edu.br\/unidades\/itapetinga\/files\/2024\/07\/EDITAL-PROF-SUBSTITUTO-MEIO-AMBIENTE.pdf\">Edital<\/a><\/p>\n","protected":false},"excerpt":{"rendered":"<p>O SUBSTITUTO DO REITOR DO INSTITUTO FEDERAL DE EDUCA\u00c7\u00c3O, CI\u00caNCIA E TECNOLOGIA BAIANO , nouso das suas atribui\u00e7\u00f5es delegadas pela Portaria n\u00ba 1352, de 21\/05\/2018, publicada no DOU de 22\/05\/2018, Se\u00e7\u00e3o 2, p\u00e1gina 23, e de acordo com as disposi\u00e7\u00f5es consolidadas na Lei n\u00ba 11.892, de 29\/12\/2008, e na Lei n\u00ba 8.112\/90, e de acordo [&hellip;]<\/p>\n","protected":false},"author":158,"featured_media":0,"parent":0,"menu_order":0,"comment_status":"closed","ping_status":"closed","template":"","meta":[],"_links":{"self":[{"href":"https:\/\/www.ifbaiano.edu.br\/unidades\/itapetinga\/wp-json\/wp\/v2\/pages\/42419"}],"collection":[{"href":"https:\/\/www.ifbaiano.edu.br\/unidades\/itapetinga\/wp-json\/wp\/v2\/pages"}],"about":[{"href":"https:\/\/www.ifbaiano.edu.br\/unidades\/itapetinga\/wp-json\/wp\/v2\/types\/page"}],"author":[{"embeddable":true,"href":"https:\/\/www.ifbaiano.edu.br\/unidades\/itapetinga\/wp-json\/wp\/v2\/users\/158"}],"replies":[{"embeddable":true,"href":"https:\/\/www.ifbaiano.edu.br\/unidades\/itapetinga\/wp-json\/wp\/v2\/comments?post=42419"}],"version-history":[{"count":2,"href":"https:\/\/www.ifbaiano.edu.br\/unidades\/itapetinga\/wp-json\/wp\/v2\/pages\/42419\/revisions"}],"predecessor-version":[{"id":42427,"href":"https:\/\/www.ifbaiano.edu.br\/unidades\/itapetinga\/wp-json\/wp\/v2\/pages\/42419\/revisions\/42427"}],"wp:attachment":[{"href":"https:\/\/www.ifbaiano.edu.br\/unidades\/itapetinga\/wp-json\/wp\/v2\/media?parent=42419"}],"curies":[{"name":"wp","href":"https:\/\/api.w.org\/{rel}","templated":true}]}}