{"id":42439,"date":"2024-07-31T08:45:07","date_gmt":"2024-07-31T11:45:07","guid":{"rendered":"https:\/\/www.ifbaiano.edu.br\/unidades\/itapetinga\/?page_id=42439"},"modified":"2024-10-29T09:01:07","modified_gmt":"2024-10-29T12:01:07","slug":"selecao-de-candidatosas-para-preenchimento-de-vagas-remanescentes-nos-cursos-de-graduacao-do-if-baiano-campus-itapetinga","status":"publish","type":"page","link":"https:\/\/www.ifbaiano.edu.br\/unidades\/itapetinga\/selecao-de-candidatosas-para-preenchimento-de-vagas-remanescentes-nos-cursos-de-graduacao-do-if-baiano-campus-itapetinga\/","title":{"rendered":"SELE\u00c7\u00c3O DE CANDIDATOS(AS) PARA PREENCHIMENTO DE VAGAS REMANESCENTES NOS CURSOS DE GRADUA\u00c7\u00c3O DO IF BAIANO, CAMPUS ITAPETINGA"},"content":{"rendered":"\n<p>A DIRETORA GERAL SUBSTITUTA DO INSTITUTO FEDERAL DE EDUCA\u00c7\u00c3O, CI\u00caNCIA E TECNOLOGIA BAIANO \u2013 CAMPUS ITAPETINGA, nomeada pela Portaria n\u00b0 1656 de 14\/06\/2018, publicado no DOU de 15\/06\/2018, Se\u00e7\u00e3o 2, p\u00e1gina 21, e de acordo com as disposi\u00e7\u00f5es contidas na Lei n\u00ba 11.892, de 29\/12\/2008, e na Lei n\u00ba 8.112, de 11\/12\/1990, torna p\u00fablico o presente Edital, para preenchimento de vagas remanescentes nos cursos de gradua\u00e7\u00e3o do IF Baiano &#8211; campus Itapetinga (Educa\u00e7\u00e3o F\u00edsica, Letras: Libras e Sistemas de Informa\u00e7\u00e3o), para ingresso em 2024.<\/p>\n\n\n\n<figure class=\"wp-block-image size-full\"><a href=\"https:\/\/www.ifbaiano.edu.br\/unidades\/itapetinga\/files\/2024\/07\/VAGAS-REMANESCENTES.png\"><img decoding=\"async\" loading=\"lazy\" width=\"1050\" height=\"600\" src=\"https:\/\/www.ifbaiano.edu.br\/unidades\/itapetinga\/files\/2024\/07\/VAGAS-REMANESCENTES.png\" alt=\"\" class=\"wp-image-42447\" \/><\/a><\/figure>\n\n\n\n<p class=\"has-black-color has-text-color\">Para concorrer \u00e0s vagas, o candidato deve ter conclu\u00eddo o Ensino M\u00e9dio. As inscri\u00e7\u00f5es podem ser realizadas de <strong>2 a 23 de agosto de 2024<\/strong>, pelo seguinte link: <a rel=\"noreferrer noopener\" href=\"https:\/\/forms.gle\/VAAAcJ3hrDCoWSy59\" target=\"_blank\">https:\/\/forms.gle\/VAAAcJ3hrDCoWSy59<\/a><\/p>\n\n\n\n<p><br>Ao se inscrever pelo formul\u00e1rio (link acima), todos os candidatos dever\u00e3o enviar documento de identidade com foto e hist\u00f3rico escolar do Ensino M\u00e9dio. Os candidatos que optarem pelas reservas de vagas \u2013 a depender do tipo de vaga selecionada \u2013 dever\u00e3o enviar tamb\u00e9m: laudo m\u00e9dico e\/ou autodeclara\u00e7\u00e3o de renda. Os candidatos inscritos ser\u00e3o selecionados com base nas notas das disciplinas L\u00edngua Portuguesa e Matem\u00e1tica constantes em seus hist\u00f3ricos escolares, e o resultado preliminar do processo seletivo ser\u00e1 divulgado, no site do IF Baiano, campus Itapetinga, no dia 18 de setembro de 2024.<\/p>\n\n\n\n<p>O resultado final do processo seletivo ser\u00e1 divulgado em 20 de setembro de 2024, bem como a convoca\u00e7\u00e3o para matr\u00edcula. Para mais informa\u00e7\u00f5es, os interessados devem acessar o edital. Tamb\u00e9m \u00e9 poss\u00edvel entrar em contato diretamente com a institui\u00e7\u00e3o atrav\u00e9s do e-mail prosel@itapetinga.ifbaiano.edu.br.<\/p>\n\n\n\n<p><br><strong>Todos os candidatos devem ler atentamente o edital e acompanhar todas as etapas do processo seletivo.<\/strong><\/p>\n\n\n\n<p><strong>Editais e Documentos:<\/strong><\/p>\n\n\n\n<p><strong><a href=\"https:\/\/www.ifbaiano.edu.br\/unidades\/itapetinga\/files\/2024\/10\/CONVOCACAO_PARA_MATRICULA_4AA_CHAMADA_assinado.pdf\" data-type=\"URL\" data-id=\"https:\/\/www.ifbaiano.edu.br\/unidades\/itapetinga\/files\/2024\/10\/CONVOCACAO_PARA_MATRICULA_4AA_CHAMADA_assinado.pdf\">Rela\u00e7\u00e3o Convocados (4\u00b0 Chamada)<\/a><\/strong><\/p>\n\n\n\n<p><strong><a href=\"https:\/\/www.ifbaiano.edu.br\/unidades\/itapetinga\/files\/2024\/10\/CONVOCACAO_PARA_MATRICULA_VAGAS_REMANESCENTES.pdf\" data-type=\"URL\" data-id=\"https:\/\/www.ifbaiano.edu.br\/unidades\/itapetinga\/files\/2024\/10\/CONVOCACAO_PARA_MATRICULA_VAGAS_REMANESCENTES.pdf\">Lista de Espera &#8211; Convoca\u00e7\u00e3o Matr\u00edcula<\/a><\/strong> (3\u00b0 Chamada)<\/p>\n\n\n\n<p><strong><a href=\"https:\/\/www.ifbaiano.edu.br\/unidades\/itapetinga\/files\/2024\/10\/CONVOCACAO-PARA-LISTA-DE-ESPERA-VAGAS-REMANESCENTES.pdf\" data-type=\"URL\" data-id=\"https:\/\/www.ifbaiano.edu.br\/unidades\/itapetinga\/files\/2024\/10\/CONVOCACAO-PARA-LISTA-DE-ESPERA-VAGAS-REMANESCENTES.pdf\">Convoca\u00e7\u00e3o para Lista de Espera<\/a><\/strong><\/p>\n\n\n\n<p><strong><a href=\"https:\/\/www.ifbaiano.edu.br\/unidades\/itapetinga\/files\/2024\/09\/Edital-de-Matricula-3-2024-Cursos-de-Graduacao-Vagas-Remanescentes.pdf\" data-type=\"URL\" data-id=\"https:\/\/www.ifbaiano.edu.br\/unidades\/itapetinga\/files\/2024\/09\/Edital-de-Matricula-3-2024-Cursos-de-Graduacao-Vagas-Remanescentes.pdf\">Edital de Matr\u00edcula <\/a><\/strong><\/p>\n\n\n\n<p><strong><a href=\"https:\/\/www.ifbaiano.edu.br\/unidades\/itapetinga\/files\/2024\/09\/Anexo-I-Formulario-de-Matricula.pdf\" data-type=\"URL\" data-id=\"https:\/\/www.ifbaiano.edu.br\/unidades\/itapetinga\/files\/2024\/09\/Anexo-I-Formulario-de-Matricula.pdf\">Anexo I do Edital de Matricula<\/a><\/strong><\/p>\n\n\n\n<p><strong><a href=\"https:\/\/www.ifbaiano.edu.br\/unidades\/itapetinga\/files\/2024\/09\/NOTA-INFORMATIVA-VAGAS-REMANESCENTES.pdf\" data-type=\"URL\" data-id=\"https:\/\/www.ifbaiano.edu.br\/unidades\/itapetinga\/files\/2024\/09\/NOTA-INFORMATIVA-VAGAS-REMANESCENTES.pdf\">Nota Informativa<\/a><\/strong><\/p>\n\n\n\n<p><strong><a href=\"https:\/\/www.ifbaiano.edu.br\/unidades\/itapetinga\/files\/2024\/09\/LISTA-DE-ESPERA-VAGAS-REMANESCENTES.pdf\" data-type=\"URL\" data-id=\"https:\/\/www.ifbaiano.edu.br\/unidades\/itapetinga\/files\/2024\/09\/LISTA-DE-ESPERA-VAGAS-REMANESCENTES.pdf\">Lista Espera<\/a><\/strong><\/p>\n\n\n\n<p><strong><a href=\"https:\/\/www.ifbaiano.edu.br\/unidades\/itapetinga\/files\/2024\/09\/RESULTADO-FINAL-PROCESSO-SELETIVO-VAGAS-REMANESCENTES.pdf\" data-type=\"URL\" data-id=\"https:\/\/www.ifbaiano.edu.br\/unidades\/itapetinga\/files\/2024\/09\/RESULTADO-FINAL-PROCESSO-SELETIVO-VAGAS-REMANESCENTES.pdf\">Resultado final do processo seletivo e convoca\u00e7\u00e3o para a matr\u00edcula (1\u00aa chamada)<\/a><\/strong><\/p>\n\n\n\n<p><strong><a href=\"https:\/\/www.ifbaiano.edu.br\/unidades\/itapetinga\/files\/2024\/09\/RESULTADO-DOS-RECURSOS-INTERPOSTOS-CONTRA-O-RESULTADO-PRELIMINAR-VAGAS-REMANESCENTES.pdf\" data-type=\"URL\" data-id=\"https:\/\/www.ifbaiano.edu.br\/unidades\/itapetinga\/files\/2024\/09\/RESULTADO-DOS-RECURSOS-INTERPOSTOS-CONTRA-O-RESULTADO-PRELIMINAR-VAGAS-REMANESCENTES.pdf\">Resultado dos recursos interpostos contra o Resultado Preliminar do Processo Seletivo <\/a><\/strong><\/p>\n\n\n\n<p><strong><a href=\"https:\/\/www.ifbaiano.edu.br\/unidades\/itapetinga\/files\/2024\/09\/RESULTADO_PRELIMINAR_DO_PROCESSO_SELETIVO_VAGAS-REMANESCENTES.pdf\" data-type=\"URL\" data-id=\"https:\/\/www.ifbaiano.edu.br\/unidades\/itapetinga\/files\/2024\/09\/RESULTADO_PRELIMINAR_DO_PROCESSO_SELETIVO_VAGAS-REMANESCENTES.pdf\">Resultado Preliminar<\/a><\/strong><\/p>\n\n\n\n<p><a href=\"https:\/\/www.ifbaiano.edu.br\/unidades\/itapetinga\/files\/2024\/09\/Resolucao-263-CONSUP.pdf\" data-type=\"URL\" data-id=\"https:\/\/www.ifbaiano.edu.br\/unidades\/itapetinga\/files\/2024\/09\/Resolucao-263-CONSUP.pdf\"><strong>Resolu\u00e7\u00e3o 263\/2023 &#8211; OS-CONSUP\/IFBAIANO, DE 28 DE FEVEREIRO DE 2023<\/strong><\/a><\/p>\n\n\n\n<p><strong><a href=\"https:\/\/www.ifbaiano.edu.br\/unidades\/itapetinga\/files\/2024\/09\/Resultado-dos-recursos-interpostos-a-Banca-de-Heteroidentificacao-Vagas-Remanescentes.pdf\" data-type=\"URL\" data-id=\"https:\/\/www.ifbaiano.edu.br\/unidades\/itapetinga\/files\/2024\/09\/Resultado-dos-recursos-interpostos-a-Banca-de-Heteroidentificacao-Vagas-Remanescentes.pdf\">RESULTADO DOS RECURSOS INTERPOSTOS \u00c0 BANCA DE HETEROIDENTIFICA\u00c7\u00c3O EDITAL N\u00b006, 12 DE ABRIL DE 2024<\/a><\/strong><\/p>\n\n\n\n<p><strong><a href=\"https:\/\/www.ifbaiano.edu.br\/unidades\/itapetinga\/files\/2024\/09\/Curriculo_Banca_Recursal_heteroidentificacao_graduacoes_Itapetinga.pdf\" data-type=\"URL\" data-id=\"https:\/\/www.ifbaiano.edu.br\/unidades\/itapetinga\/files\/2024\/09\/Curriculo_Banca_Recursal_heteroidentificacao_graduacoes_Itapetinga.pdf\">Curr\u00edculo dos membros da Banca Recursal de Verifica\u00e7\u00e3o de Autodeclara\u00e7\u00e3o \u00c9tnico-Racial<\/a><\/strong><\/p>\n\n\n\n<p><strong><a href=\"https:\/\/www.ifbaiano.edu.br\/unidades\/itapetinga\/files\/2024\/09\/Resultado-Preliminar-do-Procedimento-de-Heteroidentificacao.pdf\" data-type=\"URL\" data-id=\"https:\/\/www.ifbaiano.edu.br\/unidades\/itapetinga\/files\/2024\/09\/Resultado-Preliminar-do-Procedimento-de-Heteroidentificacao.pdf\">Resultado Preliminar Banca de Heteroidentificac\u00e3o<\/a> <\/strong><\/p>\n\n\n\n<p><a href=\"https:\/\/www.ifbaiano.edu.br\/unidades\/itapetinga\/files\/2024\/09\/CONVOCACAO_PARA_BANCA_DE_HETEROIDENTIFICACAO_GRADUACAO_ITAPETINGA_assinado.pdf\" data-type=\"URL\" data-id=\"https:\/\/www.ifbaiano.edu.br\/unidades\/itapetinga\/files\/2024\/09\/CONVOCACAO_PARA_BANCA_DE_HETEROIDENTIFICACAO_GRADUACAO_ITAPETINGA_assinado.pdf\"><strong>Convoca\u00e7\u00e3o Banca de Heteroidentificac\u00e3o<\/strong><\/a><\/p>\n\n\n\n<p><strong><a href=\"https:\/\/www.ifbaiano.edu.br\/unidades\/itapetinga\/files\/2024\/08\/LISTA_FINAL_DE_INSCRICOES_HOMOLOGADAS_VAGAS-REMANESCENTES.pdf\" data-type=\"URL\" data-id=\"https:\/\/www.ifbaiano.edu.br\/unidades\/itapetinga\/files\/2024\/08\/LISTA_FINAL_DE_INSCRICOES_HOMOLOGADAS_VAGAS-REMANESCENTES.pdf\">Lista Final de Inscri\u00e7\u00f5es Homologadas<\/a><\/strong><\/p>\n\n\n\n<p><strong><a href=\"https:\/\/www.ifbaiano.edu.br\/unidades\/itapetinga\/files\/2024\/08\/LISTA_PRELIMINAR_DE_INSCRICOES_Vagas_Remanescentes.pdf\" data-type=\"URL\" data-id=\"https:\/\/www.ifbaiano.edu.br\/unidades\/itapetinga\/files\/2024\/08\/LISTA_PRELIMINAR_DE_INSCRICOES_Vagas_Remanescentes.pdf\">Lista Preliminar de Inscri\u00e7\u00f5es Homologadas<\/a><\/strong><\/p>\n\n\n\n<p><strong><a href=\"https:\/\/www.ifbaiano.edu.br\/unidades\/itapetinga\/files\/2024\/08\/Anexo-IV-Vagas-Remanescentes.pdf\" data-type=\"URL\" data-id=\"https:\/\/www.ifbaiano.edu.br\/unidades\/itapetinga\/files\/2024\/08\/Anexo-IV-Vagas-Remanescentes.pdf\">Anexo IV<\/a><\/strong><\/p>\n\n\n\n<p><strong><a href=\"https:\/\/www.ifbaiano.edu.br\/unidades\/itapetinga\/files\/2024\/08\/Anexo-III-Vagas-Remanescentes.pdf\" data-type=\"URL\" data-id=\"https:\/\/www.ifbaiano.edu.br\/unidades\/itapetinga\/files\/2024\/08\/Anexo-III-Vagas-Remanescentes.pdf\">Anexo III<\/a><\/strong><\/p>\n\n\n\n<p><strong><a href=\"https:\/\/www.ifbaiano.edu.br\/unidades\/itapetinga\/files\/2024\/08\/Anexo-II-Vagas-Remanescentes.pdf\" data-type=\"URL\" data-id=\"https:\/\/www.ifbaiano.edu.br\/unidades\/itapetinga\/files\/2024\/08\/Anexo-II-Vagas-Remanescentes.pdf\">Anexo II<\/a><\/strong><\/p>\n\n\n\n<p><strong><a href=\"https:\/\/www.ifbaiano.edu.br\/unidades\/itapetinga\/files\/2024\/08\/Anexo-I-Vagas-Remanescentes-2024.pdf\" data-type=\"URL\" data-id=\"https:\/\/www.ifbaiano.edu.br\/unidades\/itapetinga\/files\/2024\/08\/Anexo-I-Vagas-Remanescentes-2024.pdf\">Anexo I<\/a><\/strong><\/p>\n\n\n\n<p><strong><a href=\"https:\/\/www.ifbaiano.edu.br\/unidades\/itapetinga\/files\/2024\/08\/Edital_de_Vagas_Remanescentes-2024-Consolidado.pdf\" data-type=\"URL\" data-id=\"https:\/\/www.ifbaiano.edu.br\/unidades\/itapetinga\/files\/2024\/08\/Edital_de_Vagas_Remanescentes-2024-Consolidado.pdf\">Edital Consolidado<\/a><\/strong><\/p>\n\n\n\n<p><strong><a href=\"https:\/\/www.ifbaiano.edu.br\/unidades\/itapetinga\/files\/2024\/07\/Edital_de_Vagas_Remanescentes-2024.pdf\" data-type=\"URL\" data-id=\"https:\/\/www.ifbaiano.edu.br\/unidades\/itapetinga\/files\/2024\/07\/Edital_de_Vagas_Remanescentes-2024.pdf\">Edital<\/a><\/strong><\/p>\n","protected":false},"excerpt":{"rendered":"<p>A DIRETORA GERAL SUBSTITUTA DO INSTITUTO FEDERAL DE EDUCA\u00c7\u00c3O, CI\u00caNCIA E TECNOLOGIA BAIANO \u2013 CAMPUS ITAPETINGA, nomeada pela Portaria n\u00b0 1656 de 14\/06\/2018, publicado no DOU de 15\/06\/2018, Se\u00e7\u00e3o 2, p\u00e1gina 21, e de acordo com as disposi\u00e7\u00f5es contidas na Lei n\u00ba 11.892, de 29\/12\/2008, e na Lei n\u00ba 8.112, de 11\/12\/1990, torna p\u00fablico o [&hellip;]<\/p>\n","protected":false},"author":158,"featured_media":0,"parent":0,"menu_order":0,"comment_status":"closed","ping_status":"closed","template":"","meta":[],"_links":{"self":[{"href":"https:\/\/www.ifbaiano.edu.br\/unidades\/itapetinga\/wp-json\/wp\/v2\/pages\/42439"}],"collection":[{"href":"https:\/\/www.ifbaiano.edu.br\/unidades\/itapetinga\/wp-json\/wp\/v2\/pages"}],"about":[{"href":"https:\/\/www.ifbaiano.edu.br\/unidades\/itapetinga\/wp-json\/wp\/v2\/types\/page"}],"author":[{"embeddable":true,"href":"https:\/\/www.ifbaiano.edu.br\/unidades\/itapetinga\/wp-json\/wp\/v2\/users\/158"}],"replies":[{"embeddable":true,"href":"https:\/\/www.ifbaiano.edu.br\/unidades\/itapetinga\/wp-json\/wp\/v2\/comments?post=42439"}],"version-history":[{"count":32,"href":"https:\/\/www.ifbaiano.edu.br\/unidades\/itapetinga\/wp-json\/wp\/v2\/pages\/42439\/revisions"}],"predecessor-version":[{"id":43551,"href":"https:\/\/www.ifbaiano.edu.br\/unidades\/itapetinga\/wp-json\/wp\/v2\/pages\/42439\/revisions\/43551"}],"wp:attachment":[{"href":"https:\/\/www.ifbaiano.edu.br\/unidades\/itapetinga\/wp-json\/wp\/v2\/media?parent=42439"}],"curies":[{"name":"wp","href":"https:\/\/api.w.org\/{rel}","templated":true}]}}