{"id":43415,"date":"2024-10-01T07:52:02","date_gmt":"2024-10-01T10:52:02","guid":{"rendered":"https:\/\/www.ifbaiano.edu.br\/unidades\/itapetinga\/?page_id=43415"},"modified":"2026-04-30T13:16:08","modified_gmt":"2026-04-30T16:16:08","slug":"horario-de-aulas-campus-itapetinga","status":"publish","type":"page","link":"https:\/\/www.ifbaiano.edu.br\/unidades\/itapetinga\/horario-de-aulas-campus-itapetinga\/","title":{"rendered":"Hor\u00e1rio de Aulas Campus Itapetinga"},"content":{"rendered":"\n<h2 class=\"wp-block-heading\">&#8211; Cursos de Gradua\u00e7\u00e3o 2025.2<\/h2>\n\n\n\n<h2 class=\"wp-block-heading\">&#8211; Cursos T\u00e9cnicos Integrados ao Ensino M\u00e9dio 2026.1<\/h2>\n\n\n\n<div class=\"wp-block-file\"><object class=\"wp-block-file__embed\" data=\"https:\/\/www.ifbaiano.edu.br\/unidades\/itapetinga\/files\/2026\/04\/HORARIOS-DE-AULA_Cursos-Integrados-2026.1-e-Cursos-de-Graduacao-2025.2.pdf\" type=\"application\/pdf\" style=\"width:100%;height:600px\" aria-label=\"Incorporado de HORARIOS-DE-AULA_Cursos-Integrados-2026.1-e-Cursos-de-Graduacao-2025.2.\"><\/object><a id=\"wp-block-file--media-1d5be072-879f-4c93-823f-0e0ade53a016\" href=\"https:\/\/www.ifbaiano.edu.br\/unidades\/itapetinga\/files\/2026\/04\/HORARIOS-DE-AULA_Cursos-Integrados-2026.1-e-Cursos-de-Graduacao-2025.2.pdf\">HORARIOS-DE-AULA_Cursos-Integrados-2026.1-e-Cursos-de-Graduacao-2025.2<\/a><a href=\"https:\/\/www.ifbaiano.edu.br\/unidades\/itapetinga\/files\/2026\/04\/HORARIOS-DE-AULA_Cursos-Integrados-2026.1-e-Cursos-de-Graduacao-2025.2.pdf\" class=\"wp-block-file__button wp-element-button\" download aria-describedby=\"wp-block-file--media-1d5be072-879f-4c93-823f-0e0ade53a016\">Baixar<\/a><\/div>\n","protected":false},"excerpt":{"rendered":"<p>&#8211; Cursos de Gradua\u00e7\u00e3o 2025.2 &#8211; Cursos T\u00e9cnicos Integrados ao Ensino M\u00e9dio 2026.1<\/p>\n","protected":false},"author":158,"featured_media":0,"parent":0,"menu_order":0,"comment_status":"closed","ping_status":"closed","template":"","meta":[],"_links":{"self":[{"href":"https:\/\/www.ifbaiano.edu.br\/unidades\/itapetinga\/wp-json\/wp\/v2\/pages\/43415"}],"collection":[{"href":"https:\/\/www.ifbaiano.edu.br\/unidades\/itapetinga\/wp-json\/wp\/v2\/pages"}],"about":[{"href":"https:\/\/www.ifbaiano.edu.br\/unidades\/itapetinga\/wp-json\/wp\/v2\/types\/page"}],"author":[{"embeddable":true,"href":"https:\/\/www.ifbaiano.edu.br\/unidades\/itapetinga\/wp-json\/wp\/v2\/users\/158"}],"replies":[{"embeddable":true,"href":"https:\/\/www.ifbaiano.edu.br\/unidades\/itapetinga\/wp-json\/wp\/v2\/comments?post=43415"}],"version-history":[{"count":11,"href":"https:\/\/www.ifbaiano.edu.br\/unidades\/itapetinga\/wp-json\/wp\/v2\/pages\/43415\/revisions"}],"predecessor-version":[{"id":45129,"href":"https:\/\/www.ifbaiano.edu.br\/unidades\/itapetinga\/wp-json\/wp\/v2\/pages\/43415\/revisions\/45129"}],"wp:attachment":[{"href":"https:\/\/www.ifbaiano.edu.br\/unidades\/itapetinga\/wp-json\/wp\/v2\/media?parent=43415"}],"curies":[{"name":"wp","href":"https:\/\/api.w.org\/{rel}","templated":true}]}}