{"id":43427,"date":"2024-10-01T08:09:59","date_gmt":"2024-10-01T11:09:59","guid":{"rendered":"https:\/\/www.ifbaiano.edu.br\/unidades\/itapetinga\/?page_id=43427"},"modified":"2024-10-08T08:17:14","modified_gmt":"2024-10-08T11:17:14","slug":"horario-de-aulas-cursos-subsequentes","status":"publish","type":"page","link":"https:\/\/www.ifbaiano.edu.br\/unidades\/itapetinga\/horario-de-aulas-cursos-subsequentes\/","title":{"rendered":"Hor\u00e1rio de Aulas Cursos Subsequentes"},"content":{"rendered":"\n<p><strong>HOR\u00c1RIOS DO CURSO SUBSEQUENTE DE AGROPECU\u00c1RIA<\/strong><\/p>\n\n\n\n<div class=\"wp-block-file\"><object class=\"wp-block-file__embed\" data=\"https:\/\/www.ifbaiano.edu.br\/unidades\/itapetinga\/files\/2024\/10\/Curso-Subsequente-de-Agropecuarioa-modulo-III-versao-a-partir-de-30.09.24-1.pdf\" type=\"application\/pdf\" style=\"width:100%;height:600px\" aria-label=\"Incorporado de Curso-Subsequente-de-Agropecuarioa-modulo-III-versao-a-partir-de-30.09.24-1.\"><\/object><a id=\"wp-block-file--media-c0a2b4ac-dc4f-4994-b265-270825b25f63\" href=\"https:\/\/www.ifbaiano.edu.br\/unidades\/itapetinga\/files\/2024\/10\/Curso-Subsequente-de-Agropecuarioa-modulo-III-versao-a-partir-de-30.09.24-1.pdf\" target=\"_blank\" rel=\"noreferrer noopener\">Curso-Subsequente-de-Agropecuarioa-modulo-III-versao-a-partir-de-30.09.24-1<\/a><\/div>\n\n\n\n<hr class=\"wp-block-separator has-alpha-channel-opacity\" \/>\n\n\n\n<p><strong>HOR\u00c1RIOS DO CURSO SUBSEQUENTE DE ALIMENTOS<\/strong><\/p>\n\n\n\n<div class=\"wp-block-file\"><object class=\"wp-block-file__embed\" data=\"https:\/\/www.ifbaiano.edu.br\/unidades\/itapetinga\/files\/2024\/10\/Curso-Subsequente-de-Alimentos-modulo-III-versao-a-partir-de-30.09.24-1.pdf\" type=\"application\/pdf\" style=\"width:100%;height:600px\" aria-label=\"Incorporado de Curso-Subsequente-de-Alimentos-modulo-III-versao-a-partir-de-30.09.24-1.\"><\/object><a id=\"wp-block-file--media-1ab6da82-cb51-4668-a5a6-f39ece87917d\" href=\"https:\/\/www.ifbaiano.edu.br\/unidades\/itapetinga\/files\/2024\/10\/Curso-Subsequente-de-Alimentos-modulo-III-versao-a-partir-de-30.09.24-1.pdf\" target=\"_blank\" rel=\"noreferrer noopener\">Curso-Subsequente-de-Alimentos-modulo-III-versao-a-partir-de-30.09.24-1<\/a><\/div>\n\n\n\n<hr class=\"wp-block-separator has-alpha-channel-opacity\" \/>\n\n\n\n<p><strong>HOR\u00c1RIOS DO CURSO SUBSEQUENTE DE MANUTEN\u00c7\u00c3O E SUPORTE EM INFORM\u00c1TICA<\/strong><\/p>\n\n\n\n<div class=\"wp-block-file\"><object class=\"wp-block-file__embed\" data=\"https:\/\/www.ifbaiano.edu.br\/unidades\/itapetinga\/files\/2024\/10\/Curso-Subsequente-de-Manutencao-e-Suporte-em-Informatica-modulo-III-versao-a-partir-de-07.10.24.pdf\" type=\"application\/pdf\" style=\"width:100%;height:600px\" aria-label=\"Incorporado de Curso-Subsequente-de-Manutencao-e-Suporte-em-Informatica-modulo-III-versao-a-partir-de-07.10.24.\"><\/object><a id=\"wp-block-file--media-727bf257-b60a-4901-8db3-f13967a6655e\" href=\"https:\/\/www.ifbaiano.edu.br\/unidades\/itapetinga\/files\/2024\/10\/Curso-Subsequente-de-Manutencao-e-Suporte-em-Informatica-modulo-III-versao-a-partir-de-07.10.24.pdf\">Curso-Subsequente-de-Manutencao-e-Suporte-em-Informatica-modulo-III-versao-a-partir-de-07.10.24<\/a><a href=\"https:\/\/www.ifbaiano.edu.br\/unidades\/itapetinga\/files\/2024\/10\/Curso-Subsequente-de-Manutencao-e-Suporte-em-Informatica-modulo-III-versao-a-partir-de-07.10.24.pdf\" class=\"wp-block-file__button wp-element-button\" download aria-describedby=\"wp-block-file--media-727bf257-b60a-4901-8db3-f13967a6655e\">Baixar<\/a><\/div>\n","protected":false},"excerpt":{"rendered":"<p>HOR\u00c1RIOS DO CURSO SUBSEQUENTE DE AGROPECU\u00c1RIA HOR\u00c1RIOS DO CURSO SUBSEQUENTE DE ALIMENTOS HOR\u00c1RIOS DO CURSO SUBSEQUENTE DE MANUTEN\u00c7\u00c3O E SUPORTE EM INFORM\u00c1TICA<\/p>\n","protected":false},"author":158,"featured_media":0,"parent":0,"menu_order":0,"comment_status":"closed","ping_status":"closed","template":"","meta":[],"_links":{"self":[{"href":"https:\/\/www.ifbaiano.edu.br\/unidades\/itapetinga\/wp-json\/wp\/v2\/pages\/43427"}],"collection":[{"href":"https:\/\/www.ifbaiano.edu.br\/unidades\/itapetinga\/wp-json\/wp\/v2\/pages"}],"about":[{"href":"https:\/\/www.ifbaiano.edu.br\/unidades\/itapetinga\/wp-json\/wp\/v2\/types\/page"}],"author":[{"embeddable":true,"href":"https:\/\/www.ifbaiano.edu.br\/unidades\/itapetinga\/wp-json\/wp\/v2\/users\/158"}],"replies":[{"embeddable":true,"href":"https:\/\/www.ifbaiano.edu.br\/unidades\/itapetinga\/wp-json\/wp\/v2\/comments?post=43427"}],"version-history":[{"count":2,"href":"https:\/\/www.ifbaiano.edu.br\/unidades\/itapetinga\/wp-json\/wp\/v2\/pages\/43427\/revisions"}],"predecessor-version":[{"id":43500,"href":"https:\/\/www.ifbaiano.edu.br\/unidades\/itapetinga\/wp-json\/wp\/v2\/pages\/43427\/revisions\/43500"}],"wp:attachment":[{"href":"https:\/\/www.ifbaiano.edu.br\/unidades\/itapetinga\/wp-json\/wp\/v2\/media?parent=43427"}],"curies":[{"name":"wp","href":"https:\/\/api.w.org\/{rel}","templated":true}]}}