{"id":43436,"date":"2024-10-01T08:12:41","date_gmt":"2024-10-01T11:12:41","guid":{"rendered":"https:\/\/www.ifbaiano.edu.br\/unidades\/itapetinga\/?page_id=43436"},"modified":"2025-09-19T19:15:21","modified_gmt":"2025-09-19T22:15:21","slug":"horario-de-aulas-cursos-graduacao","status":"publish","type":"page","link":"https:\/\/www.ifbaiano.edu.br\/unidades\/itapetinga\/horario-de-aulas-cursos-graduacao\/","title":{"rendered":"Hor\u00e1rio de Aulas Cursos Gradua\u00e7\u00e3o"},"content":{"rendered":"\n<p><strong>HOR\u00c1RIOS DO CURSO SUPERIOR EM SISTEMAS DE INFORMA\u00c7\u00c3O<\/strong><\/p>\n\n\n\n<div class=\"wp-block-file\"><object class=\"wp-block-file__embed\" data=\"https:\/\/www.ifbaiano.edu.br\/unidades\/itapetinga\/files\/2025\/09\/Horario-de-aulas-Curso-de-Bacharelado-em-Sistema-da-Informacao-2025.1-versao-16.09.25.pdf\" type=\"application\/pdf\" style=\"width:100%;height:600px\" aria-label=\"Incorporado de Horario-de-aulas-Curso-de-Bacharelado-em-Sistema-da-Informacao-2025.1-versao-16.09.25.\"><\/object><a id=\"wp-block-file--media-7ab4cb62-7b19-4e49-b56b-a4b9cef1bd7c\" href=\"https:\/\/www.ifbaiano.edu.br\/unidades\/itapetinga\/files\/2025\/09\/Horario-de-aulas-Curso-de-Bacharelado-em-Sistema-da-Informacao-2025.1-versao-16.09.25.pdf\" target=\"_blank\" rel=\"noreferrer noopener\">Horario-de-aulas-Curso-de-Bacharelado-em-Sistema-da-Informacao-2025.1-versao-16.09.25<\/a><a href=\"https:\/\/www.ifbaiano.edu.br\/unidades\/itapetinga\/files\/2025\/09\/Horario-de-aulas-Curso-de-Bacharelado-em-Sistema-da-Informacao-2025.1-versao-16.09.25.pdf\" class=\"wp-block-file__button wp-element-button\" download aria-describedby=\"wp-block-file--media-7ab4cb62-7b19-4e49-b56b-a4b9cef1bd7c\">Baixar<\/a><\/div>\n\n\n\n<hr class=\"wp-block-separator has-alpha-channel-opacity\" \/>\n\n\n\n<p><strong>HOR\u00c1RIOS DO CURSO SUPERIOR EM EDUCA\u00c7\u00c3O F\u00cdSICA<\/strong><\/p>\n\n\n\n<div class=\"wp-block-file\"><object class=\"wp-block-file__embed\" data=\"https:\/\/www.ifbaiano.edu.br\/unidades\/itapetinga\/files\/2025\/09\/Horario-de-aulas-Curso-de-Graduacao-em-Educacao-Fisica-2025.1-versao-19.09.25.pdf\" type=\"application\/pdf\" style=\"width:100%;height:600px\" aria-label=\"Incorporado de Horario-de-aulas-Curso-de-Graduacao-em-Educacao-Fisica-2025.1-versao-19.09.25.\"><\/object><a id=\"wp-block-file--media-87109888-b2a4-4a4c-846f-318c3fe652ce\" href=\"https:\/\/www.ifbaiano.edu.br\/unidades\/itapetinga\/files\/2025\/09\/Horario-de-aulas-Curso-de-Graduacao-em-Educacao-Fisica-2025.1-versao-19.09.25.pdf\">Horario-de-aulas-Curso-de-Graduacao-em-Educacao-Fisica-2025.1-versao-19.09.25<\/a><a href=\"https:\/\/www.ifbaiano.edu.br\/unidades\/itapetinga\/files\/2025\/09\/Horario-de-aulas-Curso-de-Graduacao-em-Educacao-Fisica-2025.1-versao-19.09.25.pdf\" class=\"wp-block-file__button wp-element-button\" download aria-describedby=\"wp-block-file--media-87109888-b2a4-4a4c-846f-318c3fe652ce\">Baixar<\/a><\/div>\n\n\n\n<hr class=\"wp-block-separator has-alpha-channel-opacity\" \/>\n\n\n\n<p><strong>HOR\u00c1RIOS DO CURSO SUPERIOR EM LETRAS LIBRAS<\/strong><\/p>\n\n\n\n<div class=\"wp-block-file\"><object class=\"wp-block-file__embed\" data=\"https:\/\/www.ifbaiano.edu.br\/unidades\/itapetinga\/files\/2025\/09\/Horario-de-aulas-Curso-de-Licenciatura-em-Letras-Libras-2025.1-versao-12.09.25.pdf\" type=\"application\/pdf\" style=\"width:100%;height:600px\" aria-label=\"Incorporado de Horario-de-aulas-Curso-de-Licenciatura-em-Letras-Libras-2025.1-versao-12.09.25.\"><\/object><a id=\"wp-block-file--media-ebb5302c-106f-494e-8708-b5f443a789a6\" href=\"https:\/\/www.ifbaiano.edu.br\/unidades\/itapetinga\/files\/2025\/09\/Horario-de-aulas-Curso-de-Licenciatura-em-Letras-Libras-2025.1-versao-12.09.25.pdf\">Horario-de-aulas-Curso-de-Licenciatura-em-Letras-Libras-2025.1-versao-12.09.25<\/a><a href=\"https:\/\/www.ifbaiano.edu.br\/unidades\/itapetinga\/files\/2025\/09\/Horario-de-aulas-Curso-de-Licenciatura-em-Letras-Libras-2025.1-versao-12.09.25.pdf\" class=\"wp-block-file__button wp-element-button\" download aria-describedby=\"wp-block-file--media-ebb5302c-106f-494e-8708-b5f443a789a6\">Baixar<\/a><\/div>\n","protected":false},"excerpt":{"rendered":"<p>HOR\u00c1RIOS DO CURSO SUPERIOR EM SISTEMAS DE INFORMA\u00c7\u00c3O HOR\u00c1RIOS DO CURSO SUPERIOR EM EDUCA\u00c7\u00c3O F\u00cdSICA HOR\u00c1RIOS DO CURSO SUPERIOR EM LETRAS LIBRAS<\/p>\n","protected":false},"author":158,"featured_media":0,"parent":0,"menu_order":0,"comment_status":"closed","ping_status":"closed","template":"","meta":[],"_links":{"self":[{"href":"https:\/\/www.ifbaiano.edu.br\/unidades\/itapetinga\/wp-json\/wp\/v2\/pages\/43436"}],"collection":[{"href":"https:\/\/www.ifbaiano.edu.br\/unidades\/itapetinga\/wp-json\/wp\/v2\/pages"}],"about":[{"href":"https:\/\/www.ifbaiano.edu.br\/unidades\/itapetinga\/wp-json\/wp\/v2\/types\/page"}],"author":[{"embeddable":true,"href":"https:\/\/www.ifbaiano.edu.br\/unidades\/itapetinga\/wp-json\/wp\/v2\/users\/158"}],"replies":[{"embeddable":true,"href":"https:\/\/www.ifbaiano.edu.br\/unidades\/itapetinga\/wp-json\/wp\/v2\/comments?post=43436"}],"version-history":[{"count":4,"href":"https:\/\/www.ifbaiano.edu.br\/unidades\/itapetinga\/wp-json\/wp\/v2\/pages\/43436\/revisions"}],"predecessor-version":[{"id":44600,"href":"https:\/\/www.ifbaiano.edu.br\/unidades\/itapetinga\/wp-json\/wp\/v2\/pages\/43436\/revisions\/44600"}],"wp:attachment":[{"href":"https:\/\/www.ifbaiano.edu.br\/unidades\/itapetinga\/wp-json\/wp\/v2\/media?parent=43436"}],"curies":[{"name":"wp","href":"https:\/\/api.w.org\/{rel}","templated":true}]}}