{"id":43558,"date":"2024-10-31T09:59:09","date_gmt":"2024-10-31T12:59:09","guid":{"rendered":"https:\/\/www.ifbaiano.edu.br\/unidades\/itapetinga\/?page_id=43558"},"modified":"2024-11-21T14:02:32","modified_gmt":"2024-11-21T17:02:32","slug":"paise-2024-2","status":"publish","type":"page","link":"https:\/\/www.ifbaiano.edu.br\/unidades\/itapetinga\/paise-2024-2\/","title":{"rendered":"PAISE 2024.2"},"content":{"rendered":"\n<p>O Diretor Geral do Instituto Federal de Educa\u00e7\u00e3o, Ci\u00eancia e Tecnologia Baiano \u2013 IF Baiano Campus Itapetinga, torna p\u00fablico o&nbsp;Edital n\u00ba 17\/2024 que estabelece as normas e crit\u00e9rios para sele\u00e7\u00e3o de estudantes em vulnerabilidade socioecon\u00f4mica, de cursos presenciais e \u00e0 dist\u00e2ncia, com a finalidade de participa\u00e7\u00e3o na Pol\u00edtica de Assist\u00eancia Estudantil deste Instituto, por meio do Programa de Assist\u00eancia e Inclus\u00e3o Social do Estudante-PAISE.<\/p>\n\n\n\n<p>As inscri\u00e7\u00f5es ser\u00e3o realizadas via <strong>SUAP<\/strong>. O N\u00facleo de Assist\u00eancia e Inclus\u00e3o Social do Estudante (NAISE), ser\u00e1 respons\u00e1vel pela execu\u00e7\u00e3o, acompanhamento e avalia\u00e7\u00e3o do PAISE.<\/p>\n\n\n\n<p>Para efetivar a inscri\u00e7\u00e3o o estudante dever\u00e1:<\/p>\n\n\n\n<p><strong>Preencher o formul\u00e1rio de requerimento da inscri\u00e7\u00e3o na plataforma SUAP de acordo com as instru\u00e7\u00f5es que ser\u00e3o disponibilizadas posteriormente pela Comiss\u00e3o Local de Assist\u00eancia Estudantil por meio eletr\u00f4nico.<\/strong><\/p>\n\n\n\n<p>Para participar da sele\u00e7\u00e3o, \u00e9 indispens\u00e1vel que seja enviado, entre outros documentos, o&nbsp;<strong>comprovante do Cadastro \u00danico atualizado<\/strong>&nbsp;(o CAD\u00daNICO deve ser atualizado a cada dois anos ou sempre que houver mudan\u00e7as na situa\u00e7\u00e3o familiar).<\/p>\n\n\n\n<p>Para quem j\u00e1 possui inscri\u00e7\u00e3o no CAD\u00daNICO, seguem os meios para acess\u00e1-lo virtualmente:<\/p>\n\n\n\n<p>\u2013 Link do site:&nbsp;<a href=\"https:\/\/cadunico.dataprev.gov.br\/\" target=\"_blank\" rel=\"noreferrer noopener\">https:\/\/cadunico.dataprev.gov.br\/<\/a><\/p>\n\n\n\n<p>\u2013 Aplicativo \u201cCadastro \u00danico\u201d, dispon\u00edvel na loja de aplicativos para download gratuito.<br>Para quem ainda n\u00e3o possui o CAD\u00daNICO ou est\u00e1 com ele desatualizado:<br>\u2013 Procure o Centro de Refer\u00eancia da Assist\u00eancia Social (CRAS) ou a unidade de cadastramento da cidade onde voc\u00ea mora, e se informe sobre como proceder.<\/p>\n\n\n\n<p>A sele\u00e7\u00e3o dos candidatos ser\u00e1 realizada em duas etapas: An\u00e1lise documental e Entrevista social.<br>Confira os requisitos necess\u00e1rios para participa\u00e7\u00e3o do processo seletivo, a documenta\u00e7\u00e3o exigida, o cronograma e mais detalhes da sele\u00e7\u00e3o no Edital.<\/p>\n\n\n\n<hr class=\"wp-block-separator has-alpha-channel-opacity\" \/>\n\n\n\n<p class=\"has-small-font-size\">Editais e Documentos:<\/p>\n\n\n\n<p><a href=\"https:\/\/www.ifbaiano.edu.br\/unidades\/itapetinga\/files\/2024\/11\/Retificacao-Edital-PAISE.pdf\" data-type=\"URL\" data-id=\"https:\/\/www.ifbaiano.edu.br\/unidades\/itapetinga\/files\/2024\/11\/Retificacao-Edital-PAISE.pdf\">Retifica\u00e7\u00e3o Edital<\/a><\/p>\n\n\n\n<p><a href=\"https:\/\/www.ifbaiano.edu.br\/unidades\/itapetinga\/files\/2024\/11\/Inscricoes-Homologadas-PAISE-2024.2.pdf\" data-type=\"URL\" data-id=\"https:\/\/www.ifbaiano.edu.br\/unidades\/itapetinga\/files\/2024\/11\/Inscricoes-Homologadas-PAISE-2024.2.pdf\">Inscri\u00e7\u00f5es Homologadas<\/a><\/p>\n\n\n\n<p><a href=\"https:\/\/www.ifbaiano.edu.br\/unidades\/itapetinga\/files\/2024\/11\/Inscricoes-NAO-Homologadas-PAISE-2024.2.pdf\" data-type=\"URL\" data-id=\"https:\/\/www.ifbaiano.edu.br\/unidades\/itapetinga\/files\/2024\/11\/Inscricoes-NAO-Homologadas-PAISE-2024.2.pdf\">Inscri\u00e7\u00f5es N\u00e3o Homologadas<\/a><\/p>\n\n\n\n<p><strong><a href=\"https:\/\/www.ifbaiano.edu.br\/unidades\/itapetinga\/files\/2024\/10\/Edital-PAISE-2024.2.pdf\" data-type=\"URL\" data-id=\"https:\/\/www.ifbaiano.edu.br\/unidades\/itapetinga\/files\/2024\/10\/Edital-PAISE-2024.2.pdf\">Edital<\/a><\/strong><\/p>\n","protected":false},"excerpt":{"rendered":"<p>O Diretor Geral do Instituto Federal de Educa\u00e7\u00e3o, Ci\u00eancia e Tecnologia Baiano \u2013 IF Baiano Campus Itapetinga, torna p\u00fablico o&nbsp;Edital n\u00ba 17\/2024 que estabelece as normas e crit\u00e9rios para sele\u00e7\u00e3o de estudantes em vulnerabilidade socioecon\u00f4mica, de cursos presenciais e \u00e0 dist\u00e2ncia, com a finalidade de participa\u00e7\u00e3o na Pol\u00edtica de Assist\u00eancia Estudantil deste Instituto, por meio [&hellip;]<\/p>\n","protected":false},"author":158,"featured_media":0,"parent":0,"menu_order":0,"comment_status":"closed","ping_status":"closed","template":"","meta":[],"_links":{"self":[{"href":"https:\/\/www.ifbaiano.edu.br\/unidades\/itapetinga\/wp-json\/wp\/v2\/pages\/43558"}],"collection":[{"href":"https:\/\/www.ifbaiano.edu.br\/unidades\/itapetinga\/wp-json\/wp\/v2\/pages"}],"about":[{"href":"https:\/\/www.ifbaiano.edu.br\/unidades\/itapetinga\/wp-json\/wp\/v2\/types\/page"}],"author":[{"embeddable":true,"href":"https:\/\/www.ifbaiano.edu.br\/unidades\/itapetinga\/wp-json\/wp\/v2\/users\/158"}],"replies":[{"embeddable":true,"href":"https:\/\/www.ifbaiano.edu.br\/unidades\/itapetinga\/wp-json\/wp\/v2\/comments?post=43558"}],"version-history":[{"count":4,"href":"https:\/\/www.ifbaiano.edu.br\/unidades\/itapetinga\/wp-json\/wp\/v2\/pages\/43558\/revisions"}],"predecessor-version":[{"id":43635,"href":"https:\/\/www.ifbaiano.edu.br\/unidades\/itapetinga\/wp-json\/wp\/v2\/pages\/43558\/revisions\/43635"}],"wp:attachment":[{"href":"https:\/\/www.ifbaiano.edu.br\/unidades\/itapetinga\/wp-json\/wp\/v2\/media?parent=43558"}],"curies":[{"name":"wp","href":"https:\/\/api.w.org\/{rel}","templated":true}]}}