{"id":43858,"date":"2025-01-24T13:51:06","date_gmt":"2025-01-24T16:51:06","guid":{"rendered":"https:\/\/www.ifbaiano.edu.br\/unidades\/itapetinga\/?page_id=43858"},"modified":"2025-05-27T10:59:45","modified_gmt":"2025-05-27T13:59:45","slug":"eventos2025","status":"publish","type":"page","link":"https:\/\/www.ifbaiano.edu.br\/unidades\/itapetinga\/calendario-de-eventos\/eventos2025\/","title":{"rendered":"Calend\u00e1rio de Eventos &#8211; 2025"},"content":{"rendered":"\n<p>Estande do IF Baiano na 53\u00aa Exposi\u00e7\u00e3o Agropecu\u00e1ria de Itapetinga &#8211; 201 a 25 de maio<\/p>\n\n\n\n<figure class=\"wp-block-image size-large\"><a href=\"https:\/\/www.ifbaiano.edu.br\/unidades\/itapetinga\/files\/2025\/05\/4260-CARD_VEM-AI_Reformulado.webp\"><img decoding=\"async\" loading=\"lazy\" width=\"1024\" height=\"1024\" src=\"https:\/\/www.ifbaiano.edu.br\/unidades\/itapetinga\/files\/2025\/05\/4260-CARD_VEM-AI_Reformulado-1024x1024.webp\" alt=\"\" class=\"wp-image-44279\" srcset=\"https:\/\/www.ifbaiano.edu.br\/unidades\/itapetinga\/files\/2025\/05\/4260-CARD_VEM-AI_Reformulado-1024x1024.webp 1024w, https:\/\/www.ifbaiano.edu.br\/unidades\/itapetinga\/files\/2025\/05\/4260-CARD_VEM-AI_Reformulado-300x300.webp 300w, https:\/\/www.ifbaiano.edu.br\/unidades\/itapetinga\/files\/2025\/05\/4260-CARD_VEM-AI_Reformulado-150x150.webp 150w, https:\/\/www.ifbaiano.edu.br\/unidades\/itapetinga\/files\/2025\/05\/4260-CARD_VEM-AI_Reformulado-768x768.webp 768w, https:\/\/www.ifbaiano.edu.br\/unidades\/itapetinga\/files\/2025\/05\/4260-CARD_VEM-AI_Reformulado-100x100.webp 100w, https:\/\/www.ifbaiano.edu.br\/unidades\/itapetinga\/files\/2025\/05\/4260-CARD_VEM-AI_Reformulado.webp 1080w\" sizes=\"(max-width: 1024px) 100vw, 1024px\" \/><\/a><\/figure>\n\n\n\n<p>V RENEABI, de 27 a 29 de maio<\/p>\n\n\n\n<figure class=\"wp-block-image size-full\"><a href=\"https:\/\/www.ifbaiano.edu.br\/unidades\/itapetinga\/files\/2025\/05\/4317-RENEABI.webp\"><img decoding=\"async\" loading=\"lazy\" width=\"714\" height=\"254\" src=\"https:\/\/www.ifbaiano.edu.br\/unidades\/itapetinga\/files\/2025\/05\/4317-RENEABI.webp\" alt=\"\" class=\"wp-image-44280\" srcset=\"https:\/\/www.ifbaiano.edu.br\/unidades\/itapetinga\/files\/2025\/05\/4317-RENEABI.webp 714w, https:\/\/www.ifbaiano.edu.br\/unidades\/itapetinga\/files\/2025\/05\/4317-RENEABI-300x107.webp 300w, https:\/\/www.ifbaiano.edu.br\/unidades\/itapetinga\/files\/2025\/05\/4317-RENEABI-100x36.webp 100w\" sizes=\"(max-width: 714px) 100vw, 714px\" \/><\/a><\/figure>\n","protected":false},"excerpt":{"rendered":"<p>Estande do IF Baiano na 53\u00aa Exposi\u00e7\u00e3o Agropecu\u00e1ria de Itapetinga &#8211; 201 a 25 de maio V RENEABI, de 27 a 29 de maio<\/p>\n","protected":false},"author":162,"featured_media":0,"parent":42745,"menu_order":0,"comment_status":"closed","ping_status":"closed","template":"","meta":[],"_links":{"self":[{"href":"https:\/\/www.ifbaiano.edu.br\/unidades\/itapetinga\/wp-json\/wp\/v2\/pages\/43858"}],"collection":[{"href":"https:\/\/www.ifbaiano.edu.br\/unidades\/itapetinga\/wp-json\/wp\/v2\/pages"}],"about":[{"href":"https:\/\/www.ifbaiano.edu.br\/unidades\/itapetinga\/wp-json\/wp\/v2\/types\/page"}],"author":[{"embeddable":true,"href":"https:\/\/www.ifbaiano.edu.br\/unidades\/itapetinga\/wp-json\/wp\/v2\/users\/162"}],"replies":[{"embeddable":true,"href":"https:\/\/www.ifbaiano.edu.br\/unidades\/itapetinga\/wp-json\/wp\/v2\/comments?post=43858"}],"version-history":[{"count":7,"href":"https:\/\/www.ifbaiano.edu.br\/unidades\/itapetinga\/wp-json\/wp\/v2\/pages\/43858\/revisions"}],"predecessor-version":[{"id":44283,"href":"https:\/\/www.ifbaiano.edu.br\/unidades\/itapetinga\/wp-json\/wp\/v2\/pages\/43858\/revisions\/44283"}],"up":[{"embeddable":true,"href":"https:\/\/www.ifbaiano.edu.br\/unidades\/itapetinga\/wp-json\/wp\/v2\/pages\/42745"}],"wp:attachment":[{"href":"https:\/\/www.ifbaiano.edu.br\/unidades\/itapetinga\/wp-json\/wp\/v2\/media?parent=43858"}],"curies":[{"name":"wp","href":"https:\/\/api.w.org\/{rel}","templated":true}]}}