{"id":44463,"date":"2025-08-28T10:11:08","date_gmt":"2025-08-28T13:11:08","guid":{"rendered":"https:\/\/www.ifbaiano.edu.br\/unidades\/itapetinga\/?page_id=44463"},"modified":"2025-08-28T10:32:32","modified_gmt":"2025-08-28T13:32:32","slug":"pregao-eletronico-no-90005","status":"publish","type":"page","link":"https:\/\/www.ifbaiano.edu.br\/unidades\/itapetinga\/pregao-eletronico-no-90005\/","title":{"rendered":"Preg\u00e3o Eletr\u00f4nico n\u00ba 90005"},"content":{"rendered":"\n<h3 class=\"wp-block-heading\">Objeto: Aquisi\u00e7\u00e3o de ra\u00e7\u00e3o animal, medicamentos veterin\u00e1rios, vacinas e demais itens agropecu\u00e1rios<\/h3>\n\n\n\n<p>Documentos<\/p>\n\n\n\n<div class=\"wp-block-group is-layout-constrained\"><div class=\"wp-block-group__inner-container\">\n<div class=\"wp-block-file\"><a id=\"wp-block-file--media-744855fb-ebde-4c5c-bb5f-ca48a2bfc1fb\" href=\"https:\/\/www.ifbaiano.edu.br\/unidades\/itapetinga\/files\/2025\/08\/Pregao-Eletronico-90007-de-2025-9.pdf\">Edital<\/a><\/div>\n<\/div><\/div>\n\n\n\n<div class=\"wp-block-file\"><a id=\"wp-block-file--media-0423190b-c789-4d3b-88b3-0d286a546328\" href=\"https:\/\/www.ifbaiano.edu.br\/unidades\/itapetinga\/files\/2025\/08\/Termo-de-Referencia_Pregao-90007-de-2025-4.pdf\">Termo-de-Referencia_Pregao-90007-de-2025-4<\/a><\/div>\n\n\n\n<div id=\"Edital\" class=\"wp-block-file\"><a id=\"wp-block-file--media-6a8e5c27-b239-4648-bd49-3e9cd99d205b\" href=\"https:\/\/www.ifbaiano.edu.br\/unidades\/itapetinga\/files\/2025\/08\/Pregao-Eletronico-90007-de-2025-8.pdf\"><br><br><br><\/a><\/div>\n","protected":false},"excerpt":{"rendered":"<p>Objeto: Aquisi\u00e7\u00e3o de ra\u00e7\u00e3o animal, medicamentos veterin\u00e1rios, vacinas e demais itens agropecu\u00e1rios Documentos<\/p>\n","protected":false},"author":194,"featured_media":0,"parent":0,"menu_order":0,"comment_status":"closed","ping_status":"closed","template":"","meta":[],"_links":{"self":[{"href":"https:\/\/www.ifbaiano.edu.br\/unidades\/itapetinga\/wp-json\/wp\/v2\/pages\/44463"}],"collection":[{"href":"https:\/\/www.ifbaiano.edu.br\/unidades\/itapetinga\/wp-json\/wp\/v2\/pages"}],"about":[{"href":"https:\/\/www.ifbaiano.edu.br\/unidades\/itapetinga\/wp-json\/wp\/v2\/types\/page"}],"author":[{"embeddable":true,"href":"https:\/\/www.ifbaiano.edu.br\/unidades\/itapetinga\/wp-json\/wp\/v2\/users\/194"}],"replies":[{"embeddable":true,"href":"https:\/\/www.ifbaiano.edu.br\/unidades\/itapetinga\/wp-json\/wp\/v2\/comments?post=44463"}],"version-history":[{"count":10,"href":"https:\/\/www.ifbaiano.edu.br\/unidades\/itapetinga\/wp-json\/wp\/v2\/pages\/44463\/revisions"}],"predecessor-version":[{"id":44489,"href":"https:\/\/www.ifbaiano.edu.br\/unidades\/itapetinga\/wp-json\/wp\/v2\/pages\/44463\/revisions\/44489"}],"wp:attachment":[{"href":"https:\/\/www.ifbaiano.edu.br\/unidades\/itapetinga\/wp-json\/wp\/v2\/media?parent=44463"}],"curies":[{"name":"wp","href":"https:\/\/api.w.org\/{rel}","templated":true}]}}