{"id":61,"date":"2011-05-18T19:25:19","date_gmt":"2011-05-18T22:25:19","guid":{"rendered":"http:\/\/localhost\/unidades\/bonfim\/?page_id=61"},"modified":"2025-01-31T15:42:50","modified_gmt":"2025-01-31T18:42:50","slug":"cursos-subsequentes","status":"publish","type":"page","link":"https:\/\/www.ifbaiano.edu.br\/unidades\/itapetinga\/subsequente\/cursos-subsequentes\/","title":{"rendered":"T\u00e9cnico Subsequente"},"content":{"rendered":"\n<p class=\"has-text-align-center\"><strong>CURSO T\u00c9CNICO EM AGROPECU\u00c1RIA SUBSEQUENTE AO ENSINO M\u00c9DIO<\/strong><\/p>\n\n\n\n<p>Destinado aos alunos que conclu\u00edram o ensino m\u00e9dio.<\/p>\n\n\n\n<p>O curso T\u00e9cnico em Agropecu\u00e1ria forma profissionais, que atendem \u00e0s necessidades peculiares da regi\u00e3o, bem como promove a forma\u00e7\u00e3o de agentes transformadores da realidade do meio rural, propiciando melhorias na qualidade de vida da popula\u00e7\u00e3o. Prepara os alunos para dialogar sobre os arranjos socioprodutivos e culturais, na troca de experi\u00eancias e levando-os ao conhecimento tecnol\u00f3gico a fim de melhorar a produ\u00e7\u00e3o regional.<\/p>\n\n\n\n<p>O t\u00e9cnico em agropecu\u00e1ria \u00e9 um profissional habilitado para atuar em qualquer etapa da cadeia produtiva, seja no fornecimento de recursos produtivos \u2013 venda de insumos, venda de m\u00e1quinas e equipamentos, presta\u00e7\u00e3o de servi\u00e7os, cr\u00e9dito rural \u2013 na produ\u00e7\u00e3o agr\u00edcola\/zoot\u00e9cnica propriamente dita e na comercializa\u00e7\u00e3o dos respectivos produtos. \u00c9 um agente importante no setor agropecu\u00e1rio e apresenta uma postura pessoal e profissional que harmonize produ\u00e7\u00e3o e bem estar.<\/p>\n\n\n\n<hr class=\"wp-block-separator has-alpha-channel-opacity\" \/>\n\n\n\n<p class=\"has-text-align-center\"><strong>T\u00c9CNICO EM ALIMENTOS SUBSEQUENTE AO ENSINO M\u00c9DIO<\/strong><\/p>\n\n\n\n<p>Destinado aos alunos que conclu\u00edram o ensino m\u00e9dio.<\/p>\n\n\n\n<p>A proposta de cria\u00e7\u00e3o do Curso Subsequente em Alimentos no Campus de Itapetinga, al\u00e9m de fortalecer a regi\u00e3o na qual o IF Baiano est\u00e1 inserido, compartilha compet\u00eancias t\u00e9cnicas para a execu\u00e7\u00e3o de projetos educacionais, apoiados na cultura do empreendedorismo e cooperativismo, em sintonia com os arranjos produtivos, culturais, sociais e ambientais de \u00e2mbito local e regional.<\/p>\n\n\n\n<p>O Curso T\u00e9cnico Subsequente em Alimentos contribui com as demandas da regi\u00e3o, junto \u00e0s ind\u00fastrias de latic\u00ednio, entre outras, por preparar profissionais capacitados, uma vez que o IF BAIANO permite aos seus estudantes a aquisi\u00e7\u00e3o de vis\u00e3o empreendedora, desenvolvendo capacidade de tomada de decis\u00e3o, lideran\u00e7a, relacionamento humano, senso anal\u00edtico e cr\u00edtico. As oportunidades de atua\u00e7\u00e3o do t\u00e9cnico em alimentos podem surgir em empresas p\u00fablicas e privadas do setor agroindustrial, associa\u00e7\u00f5es, cooperativas, comunidades rurais, institui\u00e7\u00f5es de pesquisa e ensino. Pode atuar ainda como profissional liberal aut\u00f4nomo, empreendedor, desenvolvendo seu pr\u00f3prio neg\u00f3cio.<\/p>\n\n\n\n<hr class=\"wp-block-separator has-alpha-channel-opacity\" \/>\n\n\n\n<p class=\"has-text-align-center\"><strong>T\u00c9CNICO EM MANUTEN\u00c7\u00c3O E SUPORTE EM INFORM\u00c1TICA SUBSEQUENTE AO ENSINO M\u00c9DIO<\/strong><\/p>\n\n\n\n<p>Destinado aos alunos que conclu\u00edram o ensino m\u00e9dio.<\/p>\n\n\n\n<p>O curso T\u00e9cnico em Manuten\u00e7\u00e3o e Suporte em Inform\u00e1tica proporciona ao estudante uma forma\u00e7\u00e3o te\u00f3rica e pr\u00e1tica de forma a prepar\u00e1-lo para uma atua\u00e7\u00e3o eficiente na \u00e1rea de suporte e manuten\u00e7\u00e3o de microcomputadores, bem como na \u00e1rea de redes.<\/p>\n\n\n\n<p>A proposta do curso \u00e9 formar t\u00e9cnicos para atuar com projetos que envolvam montagem e manuten\u00e7\u00e3o de computadores, cabeamento e instala\u00e7\u00e3o de redes locais e instala\u00e7\u00e3o de software em computadores clientes e servidores.&nbsp;Al\u00e9m da forma\u00e7\u00e3o t\u00e9cnica espec\u00edfica da \u00e1rea de Tecnologia de Informa\u00e7\u00e3o, o profissional tamb\u00e9m desenvolve uma vis\u00e3o geral sist\u00eamica das empresas em n\u00edvel organizacional, administrativo, \u00e9tico e legal com vistas a formar um profissional plenamente integrado tendo suas a\u00e7\u00f5es pautadas na \u00e9tica, no respeito \u00e0 sociedade, buscando a valoriza\u00e7\u00e3o humana e profissional.<\/p>\n\n\n\n<hr class=\"wp-block-separator has-alpha-channel-opacity\" \/>\n\n\n\n<p class=\"has-text-align-center\"><strong>QUERO ESTUDAR O CURSO T\u00c9CNICO SUBSEQUENTE. O QUE DEVO FAZER?<\/strong><\/p>\n\n\n\n<p>Os Processos Seletivos s\u00e3o amplamente divulgados no site e nas m\u00eddias do campus Itapetinga.<\/p>\n\n\n\n<p>Leia atentamente os documentos publicados para verificar sua eligibilidade e realizar sua inscri\u00e7\u00e3o no Processo Seletivo de Ingresso. <\/p>\n\n\n\n<p><strong><mark style=\"background-color:#00d084\" class=\"has-inline-color has-black-color\"><a href=\"https:\/\/www.ifbaiano.edu.br\/unidades\/itapetinga\/processo-de-ingresso-de-estudantes-cursos-tecnicos-subsequentes\/\" data-type=\"page\" data-id=\"40853\">Processos Seletivos de Ingresso &#8211; Cursos T\u00e9cnicos Subsequentes<\/a><\/mark><\/strong><\/p>\n","protected":false},"excerpt":{"rendered":"<p>CURSO T\u00c9CNICO EM AGROPECU\u00c1RIA SUBSEQUENTE AO ENSINO M\u00c9DIO Destinado aos alunos que conclu\u00edram o ensino m\u00e9dio. O curso T\u00e9cnico em Agropecu\u00e1ria forma profissionais, que atendem \u00e0s necessidades peculiares da regi\u00e3o, bem como promove a forma\u00e7\u00e3o de agentes transformadores da realidade do meio rural, propiciando melhorias na qualidade de vida da popula\u00e7\u00e3o. Prepara os alunos para [&hellip;]<\/p>\n","protected":false},"author":1,"featured_media":364,"parent":41717,"menu_order":0,"comment_status":"closed","ping_status":"closed","template":"","meta":[],"_links":{"self":[{"href":"https:\/\/www.ifbaiano.edu.br\/unidades\/itapetinga\/wp-json\/wp\/v2\/pages\/61"}],"collection":[{"href":"https:\/\/www.ifbaiano.edu.br\/unidades\/itapetinga\/wp-json\/wp\/v2\/pages"}],"about":[{"href":"https:\/\/www.ifbaiano.edu.br\/unidades\/itapetinga\/wp-json\/wp\/v2\/types\/page"}],"author":[{"embeddable":true,"href":"https:\/\/www.ifbaiano.edu.br\/unidades\/itapetinga\/wp-json\/wp\/v2\/users\/1"}],"replies":[{"embeddable":true,"href":"https:\/\/www.ifbaiano.edu.br\/unidades\/itapetinga\/wp-json\/wp\/v2\/comments?post=61"}],"version-history":[{"count":52,"href":"https:\/\/www.ifbaiano.edu.br\/unidades\/itapetinga\/wp-json\/wp\/v2\/pages\/61\/revisions"}],"predecessor-version":[{"id":43960,"href":"https:\/\/www.ifbaiano.edu.br\/unidades\/itapetinga\/wp-json\/wp\/v2\/pages\/61\/revisions\/43960"}],"up":[{"embeddable":true,"href":"https:\/\/www.ifbaiano.edu.br\/unidades\/itapetinga\/wp-json\/wp\/v2\/pages\/41717"}],"wp:featuredmedia":[{"embeddable":true,"href":"https:\/\/www.ifbaiano.edu.br\/unidades\/itapetinga\/wp-json\/wp\/v2\/media\/364"}],"wp:attachment":[{"href":"https:\/\/www.ifbaiano.edu.br\/unidades\/itapetinga\/wp-json\/wp\/v2\/media?parent=61"}],"curies":[{"name":"wp","href":"https:\/\/api.w.org\/{rel}","templated":true}]}}