{"id":3623,"date":"2015-07-13T09:17:01","date_gmt":"2015-07-13T11:17:01","guid":{"rendered":"http:\/\/www.ifbaiano.edu.br\/unidades\/lapa\/files\/2014\/01\/1424333_799515313399045_1158494339_n1.jpg"},"modified":"2015-07-13T09:17:01","modified_gmt":"2015-07-13T11:17:01","slug":"1424333_799515313399045_1158494339_n-2","status":"inherit","type":"attachment","link":"https:\/\/www.ifbaiano.edu.br\/unidades\/lapa\/fotos\/1424333_799515313399045_1158494339_n-2\/","title":{"rendered":"Inaugura\u00e7\u00e3o"},"author":36,"comment_status":"open","ping_status":"open","template":"","meta":[],"description":{"rendered":"<p class=\"attachment\"><a href='https:\/\/www.ifbaiano.edu.br\/unidades\/lapa\/files\/2014\/01\/1424333_799515313399045_1158494339_n1.jpg'><img width=\"300\" height=\"225\" src=\"https:\/\/www.ifbaiano.edu.br\/unidades\/lapa\/files\/2014\/01\/1424333_799515313399045_1158494339_n1-300x225.jpg\" class=\"attachment-medium size-medium\" alt=\"\" decoding=\"async\" loading=\"lazy\" srcset=\"https:\/\/www.ifbaiano.edu.br\/unidades\/lapa\/files\/2014\/01\/1424333_799515313399045_1158494339_n1-300x225.jpg 300w, https:\/\/www.ifbaiano.edu.br\/unidades\/lapa\/files\/2014\/01\/1424333_799515313399045_1158494339_n1-400x300.jpg 400w, https:\/\/www.ifbaiano.edu.br\/unidades\/lapa\/files\/2014\/01\/1424333_799515313399045_1158494339_n1.jpg 720w\" sizes=\"(max-width: 300px) 100vw, 300px\" \/><\/a><\/p>\n<p>Inaugura\u00e7\u00e3o da nova sede com a presen\u00e7a do Governador Jaques Wagner,Prefeito Eures Ribeiro entre outras figuras importantes do nosso munic\u00edpio. <\/p>\n<p>Clique na imagem,caso queira v\u00ea-la maior.<\/p>\n"},"caption":{"rendered":"<p>Inaugura\u00e7\u00e3o <\/p>\n"},"alt_text":"","media_type":"image","mime_type":"image\/jpeg","media_details":{"width":"720","height":"540","hwstring_small":"height='96' width='128'","file":"2014\/01\/1424333_799515313399045_1158494339_n1.jpg","sizes":{"thumbnail":{"file":"1424333_799515313399045_1158494339_n1-150x150.jpg","width":"150","height":"150","source_url":"https:\/\/www.ifbaiano.edu.br\/unidades\/lapa\/files\/2014\/01\/1424333_799515313399045_1158494339_n1-150x150.jpg"},"medium":{"file":"1424333_799515313399045_1158494339_n1-300x225.jpg","width":"300","height":"225","source_url":"https:\/\/www.ifbaiano.edu.br\/unidades\/lapa\/files\/2014\/01\/1424333_799515313399045_1158494339_n1-300x225.jpg"},"post-thumbnail":{"file":"1424333_799515313399045_1158494339_n1-300x225.jpg","width":"300","height":"225","source_url":"https:\/\/www.ifbaiano.edu.br\/unidades\/lapa\/files\/2014\/01\/1424333_799515313399045_1158494339_n1-300x225.jpg"},"single-post-thumbnail":{"file":"1424333_799515313399045_1158494339_n1-400x300.jpg","width":"400","height":"300","source_url":"https:\/\/www.ifbaiano.edu.br\/unidades\/lapa\/files\/2014\/01\/1424333_799515313399045_1158494339_n1-400x300.jpg"},"full":{"file":"1424333_799515313399045_1158494339_n1.jpg","width":720,"height":540,"mime_type":"image\/jpeg","source_url":"https:\/\/www.ifbaiano.edu.br\/unidades\/lapa\/files\/2014\/01\/1424333_799515313399045_1158494339_n1.jpg"}},"image_meta":{"aperture":"0","credit":"","camera":"","caption":"","created_timestamp":"0","copyright":"","focal_length":"0","iso":"0","shutter_speed":"0","title":""}},"post":1647,"source_url":"https:\/\/www.ifbaiano.edu.br\/unidades\/lapa\/files\/2014\/01\/1424333_799515313399045_1158494339_n1.jpg","_links":{"self":[{"href":"https:\/\/www.ifbaiano.edu.br\/unidades\/lapa\/wp-json\/wp\/v2\/media\/3623"}],"collection":[{"href":"https:\/\/www.ifbaiano.edu.br\/unidades\/lapa\/wp-json\/wp\/v2\/media"}],"about":[{"href":"https:\/\/www.ifbaiano.edu.br\/unidades\/lapa\/wp-json\/wp\/v2\/types\/attachment"}],"author":[{"embeddable":true,"href":"https:\/\/www.ifbaiano.edu.br\/unidades\/lapa\/wp-json\/wp\/v2\/users\/36"}],"replies":[{"embeddable":true,"href":"https:\/\/www.ifbaiano.edu.br\/unidades\/lapa\/wp-json\/wp\/v2\/comments?post=3623"}]}}

Inauguração

<p class="attachment"><a href='https://www.ifbaiano.edu.br/unidades/lapa/files/2014/01/1424333_799515313399045_1158494339_n1.jpg'><img width="300" height="225" src="https://www.ifbaiano.edu.br/unidades/lapa/files/2014/01/1424333_799515313399045_1158494339_n1-300x225.jpg" class="attachment-medium size-medium" alt="" decoding="async" loading="lazy" srcset="https://www.ifbaiano.edu.br/unidades/lapa/files/2014/01/1424333_799515313399045_1158494339_n1-300x225.jpg 300w, https://www.ifbaiano.edu.br/unidades/lapa/files/2014/01/1424333_799515313399045_1158494339_n1-400x300.jpg 400w, https://www.ifbaiano.edu.br/unidades/lapa/files/2014/01/1424333_799515313399045_1158494339_n1.jpg 720w" sizes="(max-width: 300px) 100vw, 300px" /></a></p>
<p>Inauguração da nova sede com a presença do Governador Jaques Wagner,Prefeito Eures Ribeiro entre outras figuras importantes do nosso município. </p>
<p>Clique na imagem,caso queira vê-la maior.</p>

<p>Inauguração </p>
