{"id":11250,"date":"2018-09-05T15:36:47","date_gmt":"2018-09-05T18:36:47","guid":{"rendered":"http:\/\/www.ifbaiano.edu.br\/unidades\/lapa\/?page_id=11250"},"modified":"2018-09-05T15:50:23","modified_gmt":"2018-09-05T18:50:23","slug":"programa-de-alimentacao-estudantil","status":"publish","type":"page","link":"https:\/\/www.ifbaiano.edu.br\/unidades\/lapa\/programa-de-alimentacao-estudantil\/","title":{"rendered":"Programa de Alimenta\u00e7\u00e3o Estudantil"},"content":{"rendered":"<div id=\"ProreitoriaTopoTitulo\">O Programa<\/div>\n<p style=\"text-align: justify\">A alimenta\u00e7\u00e3o estudantil consiste na garantia das refei\u00e7\u00f5es di\u00e1rias (caf\u00e9 da manh\u00e3, almo\u00e7o, jantar e ceia) durante o ano letivo, prioritariamente para os(as) estudantes residentes.<\/p>\n<p style=\"text-align: justify\">No caso dos estudantes da Educa\u00e7\u00e3o Superior e subsequente, cujo curso tenha funcionamento espor\u00e1dico em hor\u00e1rio integral, ser\u00e3o asseguradas refei\u00e7\u00f5es.<\/p>\n<p style=\"text-align: justify\">O discente que necessitar da concess\u00e3o das refei\u00e7\u00f5es de acordo com o estabelecido no caput deste artigo, dever\u00e1 apresentar a CAE, com anteced\u00eancia m\u00ednima de cinco dias \u00fateis, uma solicita\u00e7\u00e3o de utiliza\u00e7\u00e3o do refeit\u00f3rio, de forma que o Campus possa se programar para atender as demandas extras de refei\u00e7\u00f5es.<\/p>\n<p style=\"text-align: justify\">Atualmente o Campus oferece almo\u00e7o e lanche no turno noturno. Estando em fase de planejamento e organiza\u00e7\u00e3o para implanta\u00e7\u00e3o de lanches nos turnos matutinos e vespertinos.<\/p>\n<div id=\"ProreitoriaTopoTitulo\">Equipe<\/div>\n<p>Luciana Viana &#8211; Assistente de Alunos<br \/>\nE-MAIL:luciana.viana@ifbaiano.edu.br<\/p>\n<p>Hania Gracielle Brito Soares da Silva &#8211; Assistente de Alunos<br \/>\nE -MAIL: hania.silva@lapa.ifbaiano.edu.br<\/p>\n<div id=\"ProreitoriaTopoTitulo\">Regras de Funcionamento do Refeit\u00f3rio<\/div>\n<ol style=\"list-style-type: disc\">\n<li style=\"text-align: justify\">O espa\u00e7o do refeit\u00f3rio estar\u00e1 dispon\u00edvel, durante o per\u00edodo letivo, com a finalidade de atender a demanda de alunos e servidores que necessitem utiliz\u00e1-lo para realizar refei\u00e7\u00f5es pr\u00f3prias;<\/li>\n<li style=\"text-align: justify\">O hor\u00e1rio de funcionamento dispon\u00edvel: Almo\u00e7o 11:00h as 12:30h | Noturno 20:50h as 21:10h;<\/li>\n<li style=\"text-align: justify\">N\u00e3o ser\u00e1 permitida a utiliza\u00e7\u00e3o do refeit\u00f3rio, para quaisquer outros fins, sem a devida autoriza\u00e7\u00e3o da CAE;<\/li>\n<li style=\"text-align: justify\">A utiliza\u00e7\u00e3o do refeit\u00f3rio por visitantes somente ser\u00e1 permitida com a pr\u00e9via autoriza\u00e7\u00e3o da CAE;<\/li>\n<li style=\"text-align: justify\">O docente ou t\u00e9cnico administrativo que apresentar demanda para ser fornecido pelo refeit\u00f3rio, dever\u00e1 apresentar a solicita\u00e7\u00e3o a CAE, com anteced\u00eancia m\u00ednima de cinco dias \u00fateis, de forma que o Campus possa se programar para atender as demandas extras de refei\u00e7\u00f5es.<\/li>\n<\/ol>\n<div id=\"ProreitoriaTopoTitulo\">S\u00e3o deveres do Usu\u00e1rio do Refeit\u00f3rio<\/div>\n<ol type=\"I\">\n<li>Zelar pela higiene pessoal e pelas depend\u00eancias do Refeit\u00f3rio, quando dele se utilizar;<\/li>\n<li>Responder, perante a Institui\u00e7\u00e3o, por danos ou preju\u00edzos que causar ao refeit\u00f3rio;<\/li>\n<li>Portar-se, mas depend\u00eancias do Refeit\u00f3rio, segundo as normas de boa conduta e do companheirismo;<\/li>\n<li>Apresentar-se sempre adequadamente trajado, n\u00e3o sendo permitido ao usu\u00e1rio estar sem camisa ou estar com trajes de banho;<\/li>\n<li>Manter o sil\u00eancio;<\/li>\n<li>Respeitar e manter a ordem no refeit\u00f3rio, convivendo em harmonia com os demais usu\u00e1rios;<\/li>\n<li>N\u00e3o entrar com animais nas depend\u00eancias do refeit\u00f3rio;<\/li>\n<\/ol>\n","protected":false},"excerpt":{"rendered":"<p>O Programa A alimenta\u00e7\u00e3o estudantil consiste na garantia das refei\u00e7\u00f5es di\u00e1rias (caf\u00e9 da manh\u00e3, almo\u00e7o, jantar e ceia) durante o ano letivo, prioritariamente para os(as) estudantes residentes. No caso dos estudantes da Educa\u00e7\u00e3o Superior e subsequente, cujo curso tenha funcionamento espor\u00e1dico em hor\u00e1rio integral, ser\u00e3o asseguradas refei\u00e7\u00f5es. O discente que necessitar da concess\u00e3o das refei\u00e7\u00f5es [&hellip;]<\/p>\n","protected":false},"author":95,"featured_media":0,"parent":0,"menu_order":0,"comment_status":"closed","ping_status":"closed","template":"","meta":[],"_links":{"self":[{"href":"https:\/\/www.ifbaiano.edu.br\/unidades\/lapa\/wp-json\/wp\/v2\/pages\/11250"}],"collection":[{"href":"https:\/\/www.ifbaiano.edu.br\/unidades\/lapa\/wp-json\/wp\/v2\/pages"}],"about":[{"href":"https:\/\/www.ifbaiano.edu.br\/unidades\/lapa\/wp-json\/wp\/v2\/types\/page"}],"author":[{"embeddable":true,"href":"https:\/\/www.ifbaiano.edu.br\/unidades\/lapa\/wp-json\/wp\/v2\/users\/95"}],"replies":[{"embeddable":true,"href":"https:\/\/www.ifbaiano.edu.br\/unidades\/lapa\/wp-json\/wp\/v2\/comments?post=11250"}],"version-history":[{"count":7,"href":"https:\/\/www.ifbaiano.edu.br\/unidades\/lapa\/wp-json\/wp\/v2\/pages\/11250\/revisions"}],"predecessor-version":[{"id":11261,"href":"https:\/\/www.ifbaiano.edu.br\/unidades\/lapa\/wp-json\/wp\/v2\/pages\/11250\/revisions\/11261"}],"wp:attachment":[{"href":"https:\/\/www.ifbaiano.edu.br\/unidades\/lapa\/wp-json\/wp\/v2\/media?parent=11250"}],"curies":[{"name":"wp","href":"https:\/\/api.w.org\/{rel}","templated":true}]}}

Programa de Alimentação Estudantil

<div id="ProreitoriaTopoTitulo">O Programa</div>
<p style="text-align: justify">A alimentação estudantil consiste na garantia das refeições diárias (café da manhã, almoço, jantar e ceia) durante o ano letivo, prioritariamente para os(as) estudantes residentes.</p>
<p style="text-align: justify">No caso dos estudantes da Educação Superior e subsequente, cujo curso tenha funcionamento esporádico em horário integral, serão asseguradas refeições.</p>
<p style="text-align: justify">O discente que necessitar da concessão das refeições de acordo com o estabelecido no caput deste artigo, deverá apresentar a CAE, com antecedência mínima de cinco dias úteis, uma solicitação de utilização do refeitório, de forma que o Campus possa se programar para atender as demandas extras de refeições.</p>
<p style="text-align: justify">Atualmente o Campus oferece almoço e lanche no turno noturno. Estando em fase de planejamento e organização para implantação de lanches nos turnos matutinos e vespertinos.</p>
<div id="ProreitoriaTopoTitulo">Equipe</div>
<p>Luciana Viana &#8211; Assistente de Alunos<br />
E-MAIL:luciana.viana@ifbaiano.edu.br</p>
<p>Hania Gracielle Brito Soares da Silva &#8211; Assistente de Alunos<br />
E -MAIL: hania.silva@lapa.ifbaiano.edu.br</p>
<div id="ProreitoriaTopoTitulo">Regras de Funcionamento do Refeitório</div>
<ol style="list-style-type: disc">
<li style="text-align: justify">O espaço do refeitório estará disponível, durante o período letivo, com a finalidade de atender a demanda de alunos e servidores que necessitem utilizá-lo para realizar refeições próprias;</li>
<li style="text-align: justify">O horário de funcionamento disponível: Almoço 11:00h as 12:30h | Noturno 20:50h as 21:10h;</li>
<li style="text-align: justify">Não será permitida a utilização do refeitório, para quaisquer outros fins, sem a devida autorização da CAE;</li>
<li style="text-align: justify">A utilização do refeitório por visitantes somente será permitida com a prévia autorização da CAE;</li>
<li style="text-align: justify">O docente ou técnico administrativo que apresentar demanda para ser fornecido pelo refeitório, deverá apresentar a solicitação a CAE, com antecedência mínima de cinco dias úteis, de forma que o Campus possa se programar para atender as demandas extras de refeições.</li>
</ol>
<div id="ProreitoriaTopoTitulo">São deveres do Usuário do Refeitório</div>
<ol type="I">
<li>Zelar pela higiene pessoal e pelas dependências do Refeitório, quando dele se utilizar;</li>
<li>Responder, perante a Instituição, por danos ou prejuízos que causar ao refeitório;</li>
<li>Portar-se, mas dependências do Refeitório, segundo as normas de boa conduta e do companheirismo;</li>
<li>Apresentar-se sempre adequadamente trajado, não sendo permitido ao usuário estar sem camisa ou estar com trajes de banho;</li>
<li>Manter o silêncio;</li>
<li>Respeitar e manter a ordem no refeitório, convivendo em harmonia com os demais usuários;</li>
<li>Não entrar com animais nas dependências do refeitório;</li>
</ol>

<p>O Programa A alimentação estudantil consiste na garantia das refeições diárias (café da manhã, almoço, jantar e ceia) durante o ano letivo, prioritariamente para os(as) estudantes residentes. No caso dos estudantes da Educação Superior e subsequente, cujo curso tenha funcionamento esporádico em horário integral, serão asseguradas refeições. O discente que necessitar da concessão das refeições [&hellip;]</p>
