{"id":11273,"date":"2018-09-05T16:46:27","date_gmt":"2018-09-05T19:46:27","guid":{"rendered":"http:\/\/www.ifbaiano.edu.br\/unidades\/lapa\/?page_id=11273"},"modified":"2018-09-05T16:50:45","modified_gmt":"2018-09-05T19:50:45","slug":"propac","status":"publish","type":"page","link":"https:\/\/www.ifbaiano.edu.br\/unidades\/lapa\/propac\/","title":{"rendered":"Programa de Incentivo \u00e0 Participa\u00e7\u00e3o Pol\u00edtico Acad\u00eamica &#8211; PROPAC"},"content":{"rendered":"<div id=\"ProreitoriaTopoTitulo\">O Programa<\/div>\n<p>O Programa de Incentivo \u00e0 Participa\u00e7\u00e3o Pol\u00edtico Acad\u00eamica visa apoiar \u00e0 realiza\u00e7\u00e3o de a\u00e7\u00f5es que contribuam para o exerc\u00edcio da cidadania e do direito de organiza\u00e7\u00e3o pol\u00edtica do estudante.<\/p>\n<div id=\"ProreitoriaTopoTitulo\">Objetivos<\/div>\n<ol>\n<li style=\"text-align: justify\">Estimular \u00e0 representa\u00e7\u00e3o discente, por meio da forma\u00e7\u00e3o de gr\u00eamios, centros e diret\u00f3rios acad\u00eamicos;<\/li>\n<li style=\"text-align: justify\">Propiciar \u00e0 participa\u00e7\u00e3o dos(as) discentes em eventos internos, locais, regionais, nacionais e internacionais de car\u00e1ter cient\u00edfico, acad\u00eamico, tecnol\u00f3gico e de organiza\u00e7\u00e3o estudantil;<\/li>\n<li style=\"text-align: justify\">Apoiar a divulga\u00e7\u00e3o, em \u00e2mbito regional, nacional e internacional, da produ\u00e7\u00e3o cient\u00edfica, t\u00e9cnica e art\u00edstica resultante dos projetos de ensino, pesquisa e extens\u00e3o desenvolvidos no IF Baiano;<\/li>\n<li style=\"text-align: justify\">Facilitar a integra\u00e7\u00e3o dos(as) discentes do IF Baiano com docentes e discentes de outras Institui\u00e7\u00f5es de Ensino Superior brasileiras e estrangeiras;<\/li>\n<li style=\"text-align: justify\">Incentivar a produ\u00e7\u00e3o cient\u00edfica dos(as) discentes do IF Baiano;<\/li>\n<li style=\"text-align: justify\">Contribuir para a forma\u00e7\u00e3o integral cidad\u00e3 dos discentes e estimular sua participa\u00e7\u00e3o e protagonismo nas organiza\u00e7\u00f5es estudantis.<\/li>\n<\/ol>\n<div id=\"ProreitoriaTopoTitulo\">Benef\u00edcios<\/div>\n<ol>\n<li>Aux\u00edlio participa\u00e7\u00e3o em eventos de car\u00e1ter cient\u00edfico, acad\u00eamico, tecnol\u00f3gico e de organiza\u00e7\u00e3o estudantil;<\/li>\n<li>Aux\u00edlio formaliza\u00e7\u00e3o de entidades estudantis; aux\u00edlio realiza\u00e7\u00e3o de eventos.<\/li>\n<\/ol>\n<div id=\"ProreitoriaTopoTitulo\">Equipe<\/div>\n<p>Hania Gracielle Brito Soares da Silva \u2013 Assistente de Alunos<br \/>\nPresidente da Comiss\u00e3o<br \/>\nE-MAIL: hania.silva@lapa.ifbaiano.edu.br<br \/>\nCyntia Layane Gusm\u00e3o Souza Sampaio \u2013 Assistente Social<br \/>\nE-MAIL: cyntia.souza@lapa.ifbaiano.edu.br<br \/>\nAline Soares de Lima &#8211; Psic\u00f3loga<br \/>\nE-MAIL: aline.soares@ifbaiano.edu.br<br \/>\nJanine Couto Cruz Macedo &#8211; Pedagoga<br \/>\nE-MAIL:janine.macedo@ifbaiano.edu.br<br \/>\nDiscentes:<br \/>\nAna Luisa de Oliveira Bonfim<br \/>\nCamila Alves de Oliveira<br \/>\nJos\u00e9 Aparecido Soares da Silva<br \/>\nLarissa Oliveira Rocha<\/p>\n<div id=\"ProreitoriaTopoTitulo\">A\u00e7\u00f5es<\/div>\n<p>Este ano, no primeiro semestre 2018.1, 132 discentes receberam aux\u00edlio para participa\u00e7\u00e3o em eventos acad\u00eamicos e viagem t\u00e9cnicas, disponibilizados pela Dire\u00e7\u00e3o Geral do Campus.<br \/>\nFoi realizado minicurso : Movimento Estudantil e Assist\u00eancia Estudantil;<br \/>\nAcompanhamento e Apoio das representa\u00e7\u00f5es estudantis: Gr\u00eamio Estudantil; Centro Acad\u00eamico e L\u00edderes de turmas;<\/p>\n","protected":false},"excerpt":{"rendered":"<p>O Programa O Programa de Incentivo \u00e0 Participa\u00e7\u00e3o Pol\u00edtico Acad\u00eamica visa apoiar \u00e0 realiza\u00e7\u00e3o de a\u00e7\u00f5es que contribuam para o exerc\u00edcio da cidadania e do direito de organiza\u00e7\u00e3o pol\u00edtica do estudante. Objetivos Estimular \u00e0 representa\u00e7\u00e3o discente, por meio da forma\u00e7\u00e3o de gr\u00eamios, centros e diret\u00f3rios acad\u00eamicos; Propiciar \u00e0 participa\u00e7\u00e3o dos(as) discentes em eventos internos, locais, [&hellip;]<\/p>\n","protected":false},"author":95,"featured_media":0,"parent":0,"menu_order":0,"comment_status":"closed","ping_status":"closed","template":"","meta":[],"_links":{"self":[{"href":"https:\/\/www.ifbaiano.edu.br\/unidades\/lapa\/wp-json\/wp\/v2\/pages\/11273"}],"collection":[{"href":"https:\/\/www.ifbaiano.edu.br\/unidades\/lapa\/wp-json\/wp\/v2\/pages"}],"about":[{"href":"https:\/\/www.ifbaiano.edu.br\/unidades\/lapa\/wp-json\/wp\/v2\/types\/page"}],"author":[{"embeddable":true,"href":"https:\/\/www.ifbaiano.edu.br\/unidades\/lapa\/wp-json\/wp\/v2\/users\/95"}],"replies":[{"embeddable":true,"href":"https:\/\/www.ifbaiano.edu.br\/unidades\/lapa\/wp-json\/wp\/v2\/comments?post=11273"}],"version-history":[{"count":3,"href":"https:\/\/www.ifbaiano.edu.br\/unidades\/lapa\/wp-json\/wp\/v2\/pages\/11273\/revisions"}],"predecessor-version":[{"id":11280,"href":"https:\/\/www.ifbaiano.edu.br\/unidades\/lapa\/wp-json\/wp\/v2\/pages\/11273\/revisions\/11280"}],"wp:attachment":[{"href":"https:\/\/www.ifbaiano.edu.br\/unidades\/lapa\/wp-json\/wp\/v2\/media?parent=11273"}],"curies":[{"name":"wp","href":"https:\/\/api.w.org\/{rel}","templated":true}]}}

Programa de Incentivo à Participação Político Acadêmica &#8211; PROPAC

<div id="ProreitoriaTopoTitulo">O Programa</div>
<p>O Programa de Incentivo à Participação Político Acadêmica visa apoiar à realização de ações que contribuam para o exercício da cidadania e do direito de organização política do estudante.</p>
<div id="ProreitoriaTopoTitulo">Objetivos</div>
<ol>
<li style="text-align: justify">Estimular à representação discente, por meio da formação de grêmios, centros e diretórios acadêmicos;</li>
<li style="text-align: justify">Propiciar à participação dos(as) discentes em eventos internos, locais, regionais, nacionais e internacionais de caráter científico, acadêmico, tecnológico e de organização estudantil;</li>
<li style="text-align: justify">Apoiar a divulgação, em âmbito regional, nacional e internacional, da produção científica, técnica e artística resultante dos projetos de ensino, pesquisa e extensão desenvolvidos no IF Baiano;</li>
<li style="text-align: justify">Facilitar a integração dos(as) discentes do IF Baiano com docentes e discentes de outras Instituições de Ensino Superior brasileiras e estrangeiras;</li>
<li style="text-align: justify">Incentivar a produção científica dos(as) discentes do IF Baiano;</li>
<li style="text-align: justify">Contribuir para a formação integral cidadã dos discentes e estimular sua participação e protagonismo nas organizações estudantis.</li>
</ol>
<div id="ProreitoriaTopoTitulo">Benefícios</div>
<ol>
<li>Auxílio participação em eventos de caráter científico, acadêmico, tecnológico e de organização estudantil;</li>
<li>Auxílio formalização de entidades estudantis; auxílio realização de eventos.</li>
</ol>
<div id="ProreitoriaTopoTitulo">Equipe</div>
<p>Hania Gracielle Brito Soares da Silva – Assistente de Alunos<br />
Presidente da Comissão<br />
E-MAIL: hania.silva@lapa.ifbaiano.edu.br<br />
Cyntia Layane Gusmão Souza Sampaio – Assistente Social<br />
E-MAIL: cyntia.souza@lapa.ifbaiano.edu.br<br />
Aline Soares de Lima &#8211; Psicóloga<br />
E-MAIL: aline.soares@ifbaiano.edu.br<br />
Janine Couto Cruz Macedo &#8211; Pedagoga<br />
E-MAIL:janine.macedo@ifbaiano.edu.br<br />
Discentes:<br />
Ana Luisa de Oliveira Bonfim<br />
Camila Alves de Oliveira<br />
José Aparecido Soares da Silva<br />
Larissa Oliveira Rocha</p>
<div id="ProreitoriaTopoTitulo">Ações</div>
<p>Este ano, no primeiro semestre 2018.1, 132 discentes receberam auxílio para participação em eventos acadêmicos e viagem técnicas, disponibilizados pela Direção Geral do Campus.<br />
Foi realizado minicurso : Movimento Estudantil e Assistência Estudantil;<br />
Acompanhamento e Apoio das representações estudantis: Grêmio Estudantil; Centro Acadêmico e Líderes de turmas;</p>

<p>O Programa O Programa de Incentivo à Participação Político Acadêmica visa apoiar à realização de ações que contribuam para o exercício da cidadania e do direito de organização política do estudante. Objetivos Estimular à representação discente, por meio da formação de grêmios, centros e diretórios acadêmicos; Propiciar à participação dos(as) discentes em eventos internos, locais, [&hellip;]</p>
