{"id":11281,"date":"2018-09-05T17:00:29","date_gmt":"2018-09-05T20:00:29","guid":{"rendered":"http:\/\/www.ifbaiano.edu.br\/unidades\/lapa\/?page_id=11281"},"modified":"2018-09-05T17:00:56","modified_gmt":"2018-09-05T20:00:56","slug":"programa-de-residencia-estudantil","status":"publish","type":"page","link":"https:\/\/www.ifbaiano.edu.br\/unidades\/lapa\/programa-de-residencia-estudantil\/","title":{"rendered":"Programa de Resid\u00eancia Estudantil"},"content":{"rendered":"<div id=\"ProreitoriaTopoTitulo\">O Programa<\/div>\n<p style=\"text-align: justify\">A resid\u00eancia estudantil destina-se aos estudantes oriundos de munic\u00edpios distantes e\/ou que tenham dificuldades para o translado di\u00e1rio.<\/p>\n<p style=\"text-align: justify\">A Resid\u00eancia Estudantil poder\u00e1 atender a estudantes de ambos os sexos, de acordo com as possibilidades de cada Campus, que estejam preferencialmente em situa\u00e7\u00e3o de vulnerabilidade social e\/ou baixa condi\u00e7\u00e3o econ\u00f4mica, sendo que ser\u00e3o priorizados aqueles com idades entre 12 e 17 anos, sem fam\u00edlia residente no munic\u00edpio onde est\u00e1 situado o Campus.<\/p>\n<p style=\"text-align: justify\">Os casos de estudantes com necessidades educacionais espec\u00edficas, ou em situa\u00e7\u00e3o de risco sociofamiliar, tamb\u00e9m devem ser considerados como priorit\u00e1rios nos crit\u00e9rios de sele\u00e7\u00e3o para o programa de resid\u00eancia estudantil.<\/p>\n<p style=\"text-align: justify\">A estrutura e o funcionamento das Resid\u00eancias Estudantis do IF Baiano deve cumprir as diretrizes determinadas no Regulamento Geral das Resid\u00eancias Estudantis do IF Baiano.<\/p>\n<p style=\"text-align: justify\">Atualmente o Campus Bom Jesus da Lapa n\u00e3o possui Resid\u00eancia Estudantil. Estando em fase de constru\u00e7\u00e3o do projeto arquitet\u00f4nico da infraestrutura das resid\u00eancias.<\/p>\n<div id=\"ProreitoriaTopoTitulo\">Equipe<\/div>\n<p>Ge\u00e2ngelo de Matos Rosa &#8211; Docente<br \/>\nDiretor Geral do Campus<br \/>\nE-MAIL: geangelo.rosa@ifbaiano.edu.br<br \/>\nAntonio H\u00e9lder Rodigues Sampaio &#8211; Docente<br \/>\nDiretor Acad\u00eamico<br \/>\nE -MAIL:helder.sampaio@ifbaiano.edu.br<br \/>\nCyntia Layane Gusm\u00e3o Souza Sampaio<br \/>\nPresidente da Comiss\u00e3o Local de Assist\u00eancia Estudantil<br \/>\nE-MAIL: cyntia.souza@ifbaiano.edu.br<br \/>\nHania Gracielle Brito Soares da Silva<br \/>\nCoordenadora da Cae<br \/>\nEMAIL: hania.silva@ifbaiano.edu.br<\/p>\n","protected":false},"excerpt":{"rendered":"<p>O Programa A resid\u00eancia estudantil destina-se aos estudantes oriundos de munic\u00edpios distantes e\/ou que tenham dificuldades para o translado di\u00e1rio. A Resid\u00eancia Estudantil poder\u00e1 atender a estudantes de ambos os sexos, de acordo com as possibilidades de cada Campus, que estejam preferencialmente em situa\u00e7\u00e3o de vulnerabilidade social e\/ou baixa condi\u00e7\u00e3o econ\u00f4mica, sendo que ser\u00e3o priorizados [&hellip;]<\/p>\n","protected":false},"author":95,"featured_media":0,"parent":0,"menu_order":0,"comment_status":"closed","ping_status":"closed","template":"","meta":[],"_links":{"self":[{"href":"https:\/\/www.ifbaiano.edu.br\/unidades\/lapa\/wp-json\/wp\/v2\/pages\/11281"}],"collection":[{"href":"https:\/\/www.ifbaiano.edu.br\/unidades\/lapa\/wp-json\/wp\/v2\/pages"}],"about":[{"href":"https:\/\/www.ifbaiano.edu.br\/unidades\/lapa\/wp-json\/wp\/v2\/types\/page"}],"author":[{"embeddable":true,"href":"https:\/\/www.ifbaiano.edu.br\/unidades\/lapa\/wp-json\/wp\/v2\/users\/95"}],"replies":[{"embeddable":true,"href":"https:\/\/www.ifbaiano.edu.br\/unidades\/lapa\/wp-json\/wp\/v2\/comments?post=11281"}],"version-history":[{"count":1,"href":"https:\/\/www.ifbaiano.edu.br\/unidades\/lapa\/wp-json\/wp\/v2\/pages\/11281\/revisions"}],"predecessor-version":[{"id":11285,"href":"https:\/\/www.ifbaiano.edu.br\/unidades\/lapa\/wp-json\/wp\/v2\/pages\/11281\/revisions\/11285"}],"wp:attachment":[{"href":"https:\/\/www.ifbaiano.edu.br\/unidades\/lapa\/wp-json\/wp\/v2\/media?parent=11281"}],"curies":[{"name":"wp","href":"https:\/\/api.w.org\/{rel}","templated":true}]}}

Programa de Residência Estudantil

<div id="ProreitoriaTopoTitulo">O Programa</div>
<p style="text-align: justify">A residência estudantil destina-se aos estudantes oriundos de municípios distantes e/ou que tenham dificuldades para o translado diário.</p>
<p style="text-align: justify">A Residência Estudantil poderá atender a estudantes de ambos os sexos, de acordo com as possibilidades de cada Campus, que estejam preferencialmente em situação de vulnerabilidade social e/ou baixa condição econômica, sendo que serão priorizados aqueles com idades entre 12 e 17 anos, sem família residente no município onde está situado o Campus.</p>
<p style="text-align: justify">Os casos de estudantes com necessidades educacionais específicas, ou em situação de risco sociofamiliar, também devem ser considerados como prioritários nos critérios de seleção para o programa de residência estudantil.</p>
<p style="text-align: justify">A estrutura e o funcionamento das Residências Estudantis do IF Baiano deve cumprir as diretrizes determinadas no Regulamento Geral das Residências Estudantis do IF Baiano.</p>
<p style="text-align: justify">Atualmente o Campus Bom Jesus da Lapa não possui Residência Estudantil. Estando em fase de construção do projeto arquitetônico da infraestrutura das residências.</p>
<div id="ProreitoriaTopoTitulo">Equipe</div>
<p>Geângelo de Matos Rosa &#8211; Docente<br />
Diretor Geral do Campus<br />
E-MAIL: geangelo.rosa@ifbaiano.edu.br<br />
Antonio Hélder Rodigues Sampaio &#8211; Docente<br />
Diretor Acadêmico<br />
E -MAIL:helder.sampaio@ifbaiano.edu.br<br />
Cyntia Layane Gusmão Souza Sampaio<br />
Presidente da Comissão Local de Assistência Estudantil<br />
E-MAIL: cyntia.souza@ifbaiano.edu.br<br />
Hania Gracielle Brito Soares da Silva<br />
Coordenadora da Cae<br />
EMAIL: hania.silva@ifbaiano.edu.br</p>

<p>O Programa A residência estudantil destina-se aos estudantes oriundos de municípios distantes e/ou que tenham dificuldades para o translado diário. A Residência Estudantil poderá atender a estudantes de ambos os sexos, de acordo com as possibilidades de cada Campus, que estejam preferencialmente em situação de vulnerabilidade social e/ou baixa condição econômica, sendo que serão priorizados [&hellip;]</p>
