{"id":11957,"date":"2019-03-07T08:51:47","date_gmt":"2019-03-07T11:51:47","guid":{"rendered":"http:\/\/www.ifbaiano.edu.br\/unidades\/lapa\/?page_id=11957"},"modified":"2019-03-07T08:53:49","modified_gmt":"2019-03-07T11:53:49","slug":"coordenacao-de-suprimento-e-logistica-csl","status":"publish","type":"page","link":"https:\/\/www.ifbaiano.edu.br\/unidades\/lapa\/coordenacao-de-suprimento-e-logistica-csl\/","title":{"rendered":"Coordena\u00e7\u00e3o de Suprimento e Log\u00edstica &#8211; CSL"},"content":{"rendered":"<p style=\"text-align: justify\"><strong>Respons\u00e1vel pela Coordena\u00e7\u00e3o<\/strong>: Tame Daniele Ribeiro Andrade<\/p>\n<p style=\"text-align: justify\"><strong>Contato<\/strong>: tame.andrade@ifbaiano.edu.br<\/p>\n","protected":false},"excerpt":{"rendered":"<p>Respons\u00e1vel pela Coordena\u00e7\u00e3o: Tame Daniele Ribeiro Andrade Contato: tame.andrade@ifbaiano.edu.br<\/p>\n","protected":false},"author":100,"featured_media":0,"parent":0,"menu_order":0,"comment_status":"closed","ping_status":"closed","template":"","meta":[],"_links":{"self":[{"href":"https:\/\/www.ifbaiano.edu.br\/unidades\/lapa\/wp-json\/wp\/v2\/pages\/11957"}],"collection":[{"href":"https:\/\/www.ifbaiano.edu.br\/unidades\/lapa\/wp-json\/wp\/v2\/pages"}],"about":[{"href":"https:\/\/www.ifbaiano.edu.br\/unidades\/lapa\/wp-json\/wp\/v2\/types\/page"}],"author":[{"embeddable":true,"href":"https:\/\/www.ifbaiano.edu.br\/unidades\/lapa\/wp-json\/wp\/v2\/users\/100"}],"replies":[{"embeddable":true,"href":"https:\/\/www.ifbaiano.edu.br\/unidades\/lapa\/wp-json\/wp\/v2\/comments?post=11957"}],"version-history":[{"count":3,"href":"https:\/\/www.ifbaiano.edu.br\/unidades\/lapa\/wp-json\/wp\/v2\/pages\/11957\/revisions"}],"predecessor-version":[{"id":11964,"href":"https:\/\/www.ifbaiano.edu.br\/unidades\/lapa\/wp-json\/wp\/v2\/pages\/11957\/revisions\/11964"}],"wp:attachment":[{"href":"https:\/\/www.ifbaiano.edu.br\/unidades\/lapa\/wp-json\/wp\/v2\/media?parent=11957"}],"curies":[{"name":"wp","href":"https:\/\/api.w.org\/{rel}","templated":true}]}}