{"id":11970,"date":"2019-03-07T09:04:56","date_gmt":"2019-03-07T12:04:56","guid":{"rendered":"http:\/\/www.ifbaiano.edu.br\/unidades\/lapa\/?page_id=11970"},"modified":"2023-07-13T13:07:26","modified_gmt":"2023-07-13T16:07:26","slug":"nucleo-de-execucao-orcamentaria-e-financeira-neof","status":"publish","type":"page","link":"https:\/\/www.ifbaiano.edu.br\/unidades\/lapa\/nucleo-de-execucao-orcamentaria-e-financeira-neof\/","title":{"rendered":"N\u00facleo de Execu\u00e7\u00e3o Or\u00e7ament\u00e1ria e Financeira &#8211; NEOF"},"content":{"rendered":"<p style=\"text-align: justify\"><strong>Respons\u00e1vel pelo N\u00facleo de Execu\u00e7\u00e3o Or\u00e7amentaria e Financeira<\/strong>:<\/p>\n<p style=\"text-align: justify\">&nbsp;<\/p>\n<p style=\"text-align: justify\"><strong>e-mail<\/strong>: <\/p>\n<p><strong>Atribui\u00e7\u00f5es Gerais<\/strong><\/p>\n<ol>\n<li>Planejar, organizar e coordenar as atividades da equipe;<\/li>\n<li>Submeter ao Chefe do Setor de Or\u00e7amento e Finan\u00e7as, periodicamente, informa\u00e7\u00f5es administrativas e t\u00e9cnicas, relat\u00f3rios e pareceres concernentes \u00e0 gest\u00e3o Financeira e liquida\u00e7\u00e3o de despesas.<\/li>\n<li>Gerir o processo de liquida\u00e7\u00e3o da despesa;<\/li>\n<li>Subsidiar o ordenador de despesa com informa\u00e7\u00f5es circunstanciadas referente \u00e0 liquida\u00e7\u00e3o da despesa;<\/li>\n<li>Instruir os processos de presta\u00e7\u00e3o de contas;<\/li>\n<li>Acompanhar e indicar recolhimentos de impostos e taxas obrigat\u00f3rias;<\/li>\n<li>Realizar outras atividades correlatas e afins.<\/li>\n<\/ol>\n\n\n<a href=\"https:\/\/www.ifbaiano.edu.br\/unidades\/lapa\/boletim-dadm\/\" target=\"_blank\" rel=\"noopener noreferrer\">Boletim da Diretoria Administrativa (link para p\u00e1gina interna, abre em outra aba)<\/a>\n","protected":false},"excerpt":{"rendered":"<p>Respons\u00e1vel pelo N\u00facleo de Execu\u00e7\u00e3o Or\u00e7amentaria e Financeira: &nbsp; e-mail: Atribui\u00e7\u00f5es Gerais Planejar, organizar e coordenar as atividades da equipe; Submeter ao Chefe do Setor de Or\u00e7amento e Finan\u00e7as, periodicamente, informa\u00e7\u00f5es administrativas e t\u00e9cnicas, relat\u00f3rios e pareceres concernentes \u00e0 gest\u00e3o Financeira e liquida\u00e7\u00e3o de despesas. Gerir o processo de liquida\u00e7\u00e3o da despesa; Subsidiar o ordenador [&hellip;]<\/p>\n","protected":false},"author":100,"featured_media":0,"parent":0,"menu_order":0,"comment_status":"closed","ping_status":"closed","template":"","meta":[],"_links":{"self":[{"href":"https:\/\/www.ifbaiano.edu.br\/unidades\/lapa\/wp-json\/wp\/v2\/pages\/11970"}],"collection":[{"href":"https:\/\/www.ifbaiano.edu.br\/unidades\/lapa\/wp-json\/wp\/v2\/pages"}],"about":[{"href":"https:\/\/www.ifbaiano.edu.br\/unidades\/lapa\/wp-json\/wp\/v2\/types\/page"}],"author":[{"embeddable":true,"href":"https:\/\/www.ifbaiano.edu.br\/unidades\/lapa\/wp-json\/wp\/v2\/users\/100"}],"replies":[{"embeddable":true,"href":"https:\/\/www.ifbaiano.edu.br\/unidades\/lapa\/wp-json\/wp\/v2\/comments?post=11970"}],"version-history":[{"count":12,"href":"https:\/\/www.ifbaiano.edu.br\/unidades\/lapa\/wp-json\/wp\/v2\/pages\/11970\/revisions"}],"predecessor-version":[{"id":25930,"href":"https:\/\/www.ifbaiano.edu.br\/unidades\/lapa\/wp-json\/wp\/v2\/pages\/11970\/revisions\/25930"}],"wp:attachment":[{"href":"https:\/\/www.ifbaiano.edu.br\/unidades\/lapa\/wp-json\/wp\/v2\/media?parent=11970"}],"curies":[{"name":"wp","href":"https:\/\/api.w.org\/{rel}","templated":true}]}}