{"id":11976,"date":"2019-03-07T09:07:10","date_gmt":"2019-03-07T12:07:10","guid":{"rendered":"http:\/\/www.ifbaiano.edu.br\/unidades\/lapa\/?page_id=11976"},"modified":"2026-02-06T09:28:09","modified_gmt":"2026-02-06T12:28:09","slug":"contratos","status":"publish","type":"page","link":"https:\/\/www.ifbaiano.edu.br\/unidades\/lapa\/contratos\/","title":{"rendered":"Contratos"},"content":{"rendered":"\n<p style=\"text-align: justify\"><strong>Gestora Contratos<\/strong>:<\/p>\n<p>Larissa Lopes Silva <\/p>\n<p>email: larissa.lopes@ifbaiano.edu.br<\/p>\n<p><strong>Atribui\u00e7\u00f5es Gerais:<\/strong><\/p>\n<p style=\"font-weight: 400\">Este setor faz a gest\u00e3o dos contratos de servi\u00e7os, no que se refere \u00e0 sua contrata\u00e7\u00e3o, publica\u00e7\u00e3o, renova\u00e7\u00e3o e repactua\u00e7\u00e3o, bem como os registros em sistema que essas atividades exigem. A fiscaliza\u00e7\u00e3o e acompanhamento dos servi\u00e7os contratados \u00e9 responsabilidade dos fiscais de contrato, designados especificamente atrav\u00e9s de Portaria da Dire\u00e7\u00e3o Geral.<\/p>\n<ol style=\"font-weight: 400\">\n<li>Elaborar, formalizar, acompanhar e supervisionar os contratos, conv\u00eanios e seus termos aditivos;<\/li>\n<li>Publicar os atos relacionados aos contratos;<\/li>\n<li>Prestar suporte aos fiscais de contratos;<\/li>\n<li>Acompanhar e orientar o cumprimento do objeto proposto e aplica\u00e7\u00e3o de san\u00e7\u00f5es, conforme legisla\u00e7\u00e3o pertinente, quando cab\u00edveis;<\/li>\n<li>Elaborar e formalizar apostilamentos (repactua\u00e7\u00f5es, reajuste)<\/li>\n<li>Acompanhar manuten\u00e7\u00e3o de regularidade da Contratada<\/li>\n<li>Realizar outras atividades correlatas e afins.\n<\/li>\n<\/ol>\n<p><a href=\"http:\/\/www.portaldatransparencia.gov.br\/contratos\/consulta?paginacaoSimples=true&amp;tamanhoPagina=&amp;offset=&amp;direcaoOrdenacao=asc&amp;orgaos=UG151889&amp;colunasSelecionadas=linkDetalhamento%2CdataAssinatura%2CdataPublicacaoDOU%2CdataInicioVigencia%2CdataFimVigencia%2CorgaoSuperior%2CorgaoEntidadeVinculada%2CunidadeGestora%2CformaContratacao%2CgrupoObjetoContratacao%2CnumeroContrato%2CnomeFornecedor%2CcpfCnpjFornecedor%2Csituacao%2CvalorContratado\" target=\"_blank\" rel=\"noopener noreferrer\">Consultar detalhes dos contratos da UG (Abre p\u00e1gina externa em outra aba)<\/a><\/p>\n\n\n\n\n\n<p><a href=\"https:\/\/www.ifbaiano.edu.br\/unidades\/lapa\/boletim-dadm\/\" target=\"_blank\" rel=\"noopener noreferrer\">Boletim da Diretoria Administrativa (link para p\u00e1gina interna, abre em outra aba)<\/a><\/p>\n","protected":false},"excerpt":{"rendered":"<p>Gestora Contratos: Larissa Lopes Silva email: larissa.lopes@ifbaiano.edu.br Atribui\u00e7\u00f5es Gerais: Este setor faz a gest\u00e3o dos contratos de servi\u00e7os, no que se refere \u00e0 sua contrata\u00e7\u00e3o, publica\u00e7\u00e3o, renova\u00e7\u00e3o e repactua\u00e7\u00e3o, bem como os registros em sistema que essas atividades exigem. A fiscaliza\u00e7\u00e3o e acompanhamento dos servi\u00e7os contratados \u00e9 responsabilidade dos fiscais de contrato, designados especificamente atrav\u00e9s [&hellip;]<\/p>\n","protected":false},"author":100,"featured_media":0,"parent":0,"menu_order":0,"comment_status":"closed","ping_status":"closed","template":"","meta":[],"_links":{"self":[{"href":"https:\/\/www.ifbaiano.edu.br\/unidades\/lapa\/wp-json\/wp\/v2\/pages\/11976"}],"collection":[{"href":"https:\/\/www.ifbaiano.edu.br\/unidades\/lapa\/wp-json\/wp\/v2\/pages"}],"about":[{"href":"https:\/\/www.ifbaiano.edu.br\/unidades\/lapa\/wp-json\/wp\/v2\/types\/page"}],"author":[{"embeddable":true,"href":"https:\/\/www.ifbaiano.edu.br\/unidades\/lapa\/wp-json\/wp\/v2\/users\/100"}],"replies":[{"embeddable":true,"href":"https:\/\/www.ifbaiano.edu.br\/unidades\/lapa\/wp-json\/wp\/v2\/comments?post=11976"}],"version-history":[{"count":15,"href":"https:\/\/www.ifbaiano.edu.br\/unidades\/lapa\/wp-json\/wp\/v2\/pages\/11976\/revisions"}],"predecessor-version":[{"id":30297,"href":"https:\/\/www.ifbaiano.edu.br\/unidades\/lapa\/wp-json\/wp\/v2\/pages\/11976\/revisions\/30297"}],"wp:attachment":[{"href":"https:\/\/www.ifbaiano.edu.br\/unidades\/lapa\/wp-json\/wp\/v2\/media?parent=11976"}],"curies":[{"name":"wp","href":"https:\/\/api.w.org\/{rel}","templated":true}]}}