{"id":14003,"date":"2019-08-22T16:00:21","date_gmt":"2019-08-22T19:00:21","guid":{"rendered":"http:\/\/www.ifbaiano.edu.br\/unidades\/lapa\/?page_id=14003"},"modified":"2019-08-22T15:48:09","modified_gmt":"2019-08-22T18:48:09","slug":"planos-de-ensino-turma-2016-2","status":"publish","type":"page","link":"https:\/\/www.ifbaiano.edu.br\/unidades\/lapa\/planos-de-ensino-turma-2016-2\/","title":{"rendered":"Planos de Ensino &#8211; Turma 2016.2"},"content":{"rendered":"\n<p><\/p>\n\n\n\n\n<p style=\"padding-left: 30px\"><strong>Planos de Ensino Semestre 2017.2<\/strong><\/p>\n<ol>\n<li><a href=\"http:\/\/www.ifbaiano.edu.br\/unidades\/lapa\/files\/2016\/11\/PE-Fundamentos-de-Matematica-II.pdf\" target=\"_blank\" rel=\"noopener noreferrer\">Componente: Fundamentos de Matem\u00e1tica II<\/a><\/li>\n<li><a href=\"http:\/\/www.ifbaiano.edu.br\/unidades\/lapa\/files\/2016\/11\/PE-Topicos-Especiais-em-Tecnologia-e-Tratamento-da-Informacao.pdf\" target=\"_blank\" rel=\"noopener noreferrer\">Componente: T\u00f3picos especiais em Tecnologia e Tratamento da Informa\u00e7\u00e3o<\/a><\/li>\n<\/ol>\n<p style=\"padding-left: 30px\"><strong>Planos de Ensino Semestre 2017.1<\/strong><\/p>\n<ol>\n<li><a href=\"http:\/\/www.ifbaiano.edu.br\/unidades\/lapa\/files\/2016\/11\/PE_Teoria_e_Pratica_na_Educacao_Matematica.pdf\" target=\"_blank\" rel=\"noopener noreferrer\">Componente &#8211; Teoria e Pr\u00e1tica na Educa\u00e7\u00e3o Matem\u00e1tica<\/a><\/li>\n<li><a href=\"http:\/\/www.ifbaiano.edu.br\/unidades\/lapa\/files\/2016\/11\/PE_Formacao_de_professores_no_ensino_de_Matematica.pdf\" target=\"_blank\" rel=\"noopener noreferrer\">Componente &#8211; Forma\u00e7\u00e3o de professores no Ensino de Matem\u00e1tica<\/a><\/li>\n<li><a href=\"http:\/\/www.ifbaiano.edu.br\/unidades\/lapa\/files\/2016\/11\/PE_Educacao_de_Jovens_e_Adultos.pdf\" target=\"_blank\" rel=\"noopener noreferrer\">Componente &#8211; Educa\u00e7\u00e3o de Jovens e Adultos<\/a><\/li>\n<li><a href=\"http:\/\/www.ifbaiano.edu.br\/unidades\/lapa\/files\/2016\/11\/PE-Fundamentos-de-Geometria-e-Trigometria.pdf\" target=\"_blank\" rel=\"noopener noreferrer\">Componente &#8211; Fundamentos de Geometria e Trigometria<\/a><\/li>\n<\/ol>\n<p style=\"padding-left: 30px\"><strong>Planos de Ensino Semestre 2016.2<\/strong><\/p>\n<ol><li><a href=\"http:\/\/www.ifbaiano.edu.br\/unidades\/lapa\/files\/2016\/11\/Componente-Did\u00e1tica-Aplicada-ao-Ensino-de-Matem\u00e1tica.pdf\" target=\"_blank\" rel=\"noreferrer noopener\">Componente &#8211; Did\u00e1tica Aplicada ao Ensino de Matem\u00e1tica<\/a><\/li><li><a href=\"http:\/\/www.ifbaiano.edu.br\/unidades\/lapa\/files\/2016\/11\/Componente-Fundamentos-de-Matem\u00e1tica-I.pdf\" target=\"_blank\" rel=\"noreferrer noopener\">Componente &#8211; Fundamentos de Matem\u00e1tica I<\/a><\/li><li><a href=\"http:\/\/www.ifbaiano.edu.br\/unidades\/lapa\/files\/2016\/11\/Componente-Organiza\u00e7\u00e3o-do-Trabalho-Pedag\u00f3gico.pdf\" target=\"_blank\" rel=\"noreferrer noopener\">Componente &#8211; Organiza\u00e7\u00e3o do Trabalho Pedag\u00f3gico<\/a><\/li><li><a href=\"http:\/\/www.ifbaiano.edu.br\/unidades\/lapa\/files\/2016\/11\/Componente-Semin\u00e1rio-Integrado-de-Pesquisa.pdf\" target=\"_blank\" rel=\"noreferrer noopener\">Componente &#8211; Semin\u00e1rio Integrado de Pesquisa<\/a><\/li><li><a href=\"http:\/\/www.ifbaiano.edu.br\/unidades\/lapa\/files\/2016\/11\/Componente-Tendencias-em-Educa\u00e7\u00e3o-Matem\u00e1tica.pdf\" target=\"_blank\" rel=\"noreferrer noopener\">Componente &#8211; Tendencias em Educa\u00e7\u00e3o Matem\u00e1tica<\/a><\/li><\/ol>\n","protected":false},"excerpt":{"rendered":"<p>Planos de Ensino Semestre 2017.2 Componente: Fundamentos de Matem\u00e1tica II Componente: T\u00f3picos especiais em Tecnologia e Tratamento da Informa\u00e7\u00e3o Planos de Ensino Semestre 2017.1 Componente &#8211; Teoria e Pr\u00e1tica na Educa\u00e7\u00e3o Matem\u00e1tica Componente &#8211; Forma\u00e7\u00e3o de professores no Ensino de Matem\u00e1tica Componente &#8211; Educa\u00e7\u00e3o de Jovens e Adultos Componente &#8211; Fundamentos de Geometria e Trigometria [&hellip;]<\/p>\n","protected":false},"author":100,"featured_media":0,"parent":0,"menu_order":0,"comment_status":"closed","ping_status":"closed","template":"","meta":[],"_links":{"self":[{"href":"https:\/\/www.ifbaiano.edu.br\/unidades\/lapa\/wp-json\/wp\/v2\/pages\/14003"}],"collection":[{"href":"https:\/\/www.ifbaiano.edu.br\/unidades\/lapa\/wp-json\/wp\/v2\/pages"}],"about":[{"href":"https:\/\/www.ifbaiano.edu.br\/unidades\/lapa\/wp-json\/wp\/v2\/types\/page"}],"author":[{"embeddable":true,"href":"https:\/\/www.ifbaiano.edu.br\/unidades\/lapa\/wp-json\/wp\/v2\/users\/100"}],"replies":[{"embeddable":true,"href":"https:\/\/www.ifbaiano.edu.br\/unidades\/lapa\/wp-json\/wp\/v2\/comments?post=14003"}],"version-history":[{"count":8,"href":"https:\/\/www.ifbaiano.edu.br\/unidades\/lapa\/wp-json\/wp\/v2\/pages\/14003\/revisions"}],"predecessor-version":[{"id":14012,"href":"https:\/\/www.ifbaiano.edu.br\/unidades\/lapa\/wp-json\/wp\/v2\/pages\/14003\/revisions\/14012"}],"wp:attachment":[{"href":"https:\/\/www.ifbaiano.edu.br\/unidades\/lapa\/wp-json\/wp\/v2\/media?parent=14003"}],"curies":[{"name":"wp","href":"https:\/\/api.w.org\/{rel}","templated":true}]}}

<p></p>




<p style="padding-left: 30px"><strong>Planos de Ensino Semestre 2017.2</strong></p>
<ol>
<li><a href="http://www.ifbaiano.edu.br/unidades/lapa/files/2016/11/PE-Fundamentos-de-Matematica-II.pdf" target="_blank" rel="noopener noreferrer">Componente: Fundamentos de Matemática II</a></li>
<li><a href="http://www.ifbaiano.edu.br/unidades/lapa/files/2016/11/PE-Topicos-Especiais-em-Tecnologia-e-Tratamento-da-Informacao.pdf" target="_blank" rel="noopener noreferrer">Componente: Tópicos especiais em Tecnologia e Tratamento da Informação</a></li>
</ol>
<p style="padding-left: 30px"><strong>Planos de Ensino Semestre 2017.1</strong></p>
<ol>
<li><a href="http://www.ifbaiano.edu.br/unidades/lapa/files/2016/11/PE_Teoria_e_Pratica_na_Educacao_Matematica.pdf" target="_blank" rel="noopener noreferrer">Componente &#8211; Teoria e Prática na Educação Matemática</a></li>
<li><a href="http://www.ifbaiano.edu.br/unidades/lapa/files/2016/11/PE_Formacao_de_professores_no_ensino_de_Matematica.pdf" target="_blank" rel="noopener noreferrer">Componente &#8211; Formação de professores no Ensino de Matemática</a></li>
<li><a href="http://www.ifbaiano.edu.br/unidades/lapa/files/2016/11/PE_Educacao_de_Jovens_e_Adultos.pdf" target="_blank" rel="noopener noreferrer">Componente &#8211; Educação de Jovens e Adultos</a></li>
<li><a href="http://www.ifbaiano.edu.br/unidades/lapa/files/2016/11/PE-Fundamentos-de-Geometria-e-Trigometria.pdf" target="_blank" rel="noopener noreferrer">Componente &#8211; Fundamentos de Geometria e Trigometria</a></li>
</ol>
<p style="padding-left: 30px"><strong>Planos de Ensino Semestre 2016.2</strong></p>
<ol><li><a href="http://www.ifbaiano.edu.br/unidades/lapa/files/2016/11/Componente-Didática-Aplicada-ao-Ensino-de-Matemática.pdf" target="_blank" rel="noreferrer noopener">Componente &#8211; Didática Aplicada ao Ensino de Matemática</a></li><li><a href="http://www.ifbaiano.edu.br/unidades/lapa/files/2016/11/Componente-Fundamentos-de-Matemática-I.pdf" target="_blank" rel="noreferrer noopener">Componente &#8211; Fundamentos de Matemática I</a></li><li><a href="http://www.ifbaiano.edu.br/unidades/lapa/files/2016/11/Componente-Organização-do-Trabalho-Pedagógico.pdf" target="_blank" rel="noreferrer noopener">Componente &#8211; Organização do Trabalho Pedagógico</a></li><li><a href="http://www.ifbaiano.edu.br/unidades/lapa/files/2016/11/Componente-Seminário-Integrado-de-Pesquisa.pdf" target="_blank" rel="noreferrer noopener">Componente &#8211; Seminário Integrado de Pesquisa</a></li><li><a href="http://www.ifbaiano.edu.br/unidades/lapa/files/2016/11/Componente-Tendencias-em-Educação-Matemática.pdf" target="_blank" rel="noreferrer noopener">Componente &#8211; Tendencias em Educação Matemática</a></li></ol>

<p>Planos de Ensino Semestre 2017.2 Componente: Fundamentos de Matemática II Componente: Tópicos especiais em Tecnologia e Tratamento da Informação Planos de Ensino Semestre 2017.1 Componente &#8211; Teoria e Prática na Educação Matemática Componente &#8211; Formação de professores no Ensino de Matemática Componente &#8211; Educação de Jovens e Adultos Componente &#8211; Fundamentos de Geometria e Trigometria [&hellip;]</p>
